CRAN Package Check Results for Package hierarchicalDS

Last updated on 2015-05-25 08:48:27.

Flavor Version Tinstall Tcheck Ttotal Status Flags
r-devel-linux-x86_64-debian-clang 2.9 3.86 50.04 53.90 OK
r-devel-linux-x86_64-debian-gcc 2.9 3.76 52.47 56.22 OK
r-devel-linux-x86_64-fedora-clang 2.9 112.65 OK
r-devel-linux-x86_64-fedora-gcc 2.9 108.05 OK
r-devel-osx-x86_64-clang 2.9 93.69 OK
r-devel-windows-ix86+x86_64 2.9 12.00 78.00 90.00 OK
r-patched-linux-x86_64 2.9 3.88 48.97 52.85 OK
r-patched-solaris-sparc 2.9 666.10 OK
r-patched-solaris-x86 2.9 156.90 OK
r-release-linux-x86_64 2.9 3.69 51.61 55.30 OK
r-release-osx-x86_64-mavericks 2.9 OK
r-release-osx-x86_64-snowleopard 2.9 ERROR
r-release-windows-ix86+x86_64 2.9 14.00 73.00 87.00 OK
r-oldrel-windows-ix86+x86_64 2.9 18.00 102.00 120.00 OK

Check Details

Version: 2.9
Check: package dependencies
Result: ERROR
    Packages required but not available: ‘ggplot2’ ‘rgeos’
    
    See section ‘The DESCRIPTION file’ in the ‘Writing R Extensions’
    manual.
Flavor: r-release-osx-x86_64-snowleopard