CRAN Package Check Results for Package hierarchicalDS

Last updated on 2016-12-05 14:47:15.

Flavor Version Tinstall Tcheck Ttotal Status Flags
r-devel-linux-x86_64-debian-clang 2.9 3.62 48.53 52.14 NOTE
r-devel-linux-x86_64-debian-gcc 2.9 3.91 48.17 52.07 NOTE
r-devel-linux-x86_64-fedora-clang 2.9 116.49 NOTE --no-stop-on-test-error
r-devel-linux-x86_64-fedora-gcc 2.9 119.32 NOTE --no-stop-on-test-error
r-devel-macos-x86_64-clang 2.9 85.50 NOTE
r-devel-windows-ix86+x86_64 2.9 12.00 82.00 94.00 NOTE
r-patched-linux-x86_64 2.9 3.58 45.27 48.85 NOTE
r-patched-solaris-sparc 2.9 625.00 NOTE
r-patched-solaris-x86 2.9 130.00 NOTE
r-release-linux-x86_64 2.9 3.30 44.17 47.47 NOTE
r-release-osx-x86_64-mavericks 2.9 NOTE
r-release-windows-ix86+x86_64 2.9 12.00 82.00 94.00 NOTE
r-oldrel-windows-ix86+x86_64 2.9 15.00 110.00 125.00 OK

Check Details

Version: 2.9
Check: R code for possible problems
Result: NOTE
    calc_linex_a: no visible global function definition for ‘optimize’
    generate_inits: no visible global function definition for ‘rnorm’
    generate_inits: no visible global function definition for ‘runif’
    generate_inits: no visible global function definition for ‘rpois’
    generate_inits_misID: no visible global function definition for ‘runif’
    generate_inits_misID: no visible global function definition for ‘rnorm’
    generate_inits_misID: no visible global function definition for ‘rpois’
    get_confusion_array: no visible global function definition for
     ‘model.matrix’
    get_mod_matrix: no visible global function definition for
     ‘model.matrix’
    hierarchical_DS: no visible global function definition for ‘runif’
    hierarchical_DS: no visible global function definition for
     ‘model.matrix’
    log_lambda_log_likelihood: no visible global function definition for
     ‘dnorm’
    mcmc_ds: no visible global function definition for ‘rnorm’
    mcmc_ds: no visible global function definition for ‘pnorm’
    mcmc_ds: no visible global function definition for ‘runif’
    mcmc_ds: no visible global function definition for ‘dnorm’
    mcmc_ds: no visible global function definition for ‘dpois’
    mcmc_ds: no visible global function definition for ‘rgamma’
    mcmc_ds: no visible global function definition for ‘rpois’
    plot_obs_pred: no visible global function definition for ‘par’
    plot_obs_pred: no visible global function definition for ‘plot’
    plot_obs_pred: no visible global function definition for ‘points’
    plot_obs_pred: no visible global function definition for ‘abline’
    plot_obs_pred: no visible global function definition for ‘legend’
    post_loss: no visible global function definition for ‘median’
    post_loss: no visible global function definition for ‘var’
    probit.fct: no visible global function definition for ‘model.matrix’
    probit.fct: no visible global function definition for ‘pnorm’
    rrw: no visible global function definition for ‘rnorm’
    simulate_data: no visible global function definition for ‘pnorm’
    simulate_data: no visible global function definition for ‘rpois’
    switch_pdf: no visible global function definition for ‘dpois’
    switch_pdf: no visible global function definition for ‘dnorm’
    switch_sample: no visible global function definition for ‘rpois’
    switch_sample: no visible global function definition for ‘rnorm’
    switch_sample: no visible global function definition for ‘runif’
    switch_sample_prior: no visible global function definition for ‘rgamma’
    switch_sample_prior: no visible global function definition for ‘rnorm’
    table.mcmc: no visible global function definition for ‘write.csv’
    Undefined global functions or variables:
     abline dnorm dpois legend median model.matrix optimize par plot pnorm
     points rgamma rnorm rpois runif var write.csv
    Consider adding
     importFrom("graphics", "abline", "legend", "par", "plot", "points")
     importFrom("stats", "dnorm", "dpois", "median", "model.matrix",
     "optimize", "pnorm", "rgamma", "rnorm", "rpois", "runif",
     "var")
     importFrom("utils", "write.csv")
    to your NAMESPACE file.
Flavors: r-devel-linux-x86_64-debian-clang, r-devel-linux-x86_64-debian-gcc, r-devel-macos-x86_64-clang, r-devel-windows-ix86+x86_64, r-patched-linux-x86_64, r-patched-solaris-sparc, r-patched-solaris-x86, r-release-linux-x86_64, r-release-osx-x86_64-mavericks, r-release-windows-ix86+x86_64

Version: 2.9
Flags: --no-stop-on-test-error
Check: R code for possible problems
Result: NOTE
    calc_linex_a: no visible global function definition for ‘optimize’
    generate_inits: no visible global function definition for ‘rnorm’
    generate_inits: no visible global function definition for ‘runif’
    generate_inits: no visible global function definition for ‘rpois’
    generate_inits_misID: no visible global function definition for ‘runif’
    generate_inits_misID: no visible global function definition for ‘rnorm’
    generate_inits_misID: no visible global function definition for ‘rpois’
    get_confusion_array: no visible global function definition for
     ‘model.matrix’
    get_mod_matrix: no visible global function definition for
     ‘model.matrix’
    hierarchical_DS: no visible global function definition for ‘runif’
    hierarchical_DS: no visible global function definition for
     ‘model.matrix’
    log_lambda_log_likelihood: no visible global function definition for
     ‘dnorm’
    mcmc_ds: no visible global function definition for ‘rnorm’
    mcmc_ds: no visible global function definition for ‘pnorm’
    mcmc_ds: no visible global function definition for ‘runif’
    mcmc_ds: no visible global function definition for ‘dnorm’
    mcmc_ds: no visible global function definition for ‘dpois’
    mcmc_ds: no visible global function definition for ‘rgamma’
    mcmc_ds: no visible global function definition for ‘rpois’
    plot_obs_pred: no visible global function definition for ‘par’
    plot_obs_pred: no visible global function definition for ‘plot’
    plot_obs_pred: no visible global function definition for ‘points’
    plot_obs_pred: no visible global function definition for ‘abline’
    plot_obs_pred: no visible global function definition for ‘legend’
    post_loss: no visible global function definition for ‘median’
    post_loss: no visible global function definition for ‘var’
    probit.fct: no visible global function definition for ‘model.matrix’
    probit.fct: no visible global function definition for ‘pnorm’
    rrw: no visible global function definition for ‘rnorm’
    simulate_data: no visible global function definition for ‘pnorm’
    simulate_data: no visible global function definition for ‘rpois’
    switch_pdf: no visible global function definition for ‘dpois’
    switch_pdf: no visible global function definition for ‘dnorm’
    switch_sample: no visible global function definition for ‘rpois’
    switch_sample: no visible global function definition for ‘rnorm’
    switch_sample: no visible global function definition for ‘runif’
    switch_sample_prior: no visible global function definition for ‘rgamma’
    switch_sample_prior: no visible global function definition for ‘rnorm’
    table.mcmc: no visible global function definition for ‘write.csv’
    Undefined global functions or variables:
     abline dnorm dpois legend median model.matrix optimize par plot pnorm
     points rgamma rnorm rpois runif var write.csv
    Consider adding
     importFrom("graphics", "abline", "legend", "par", "plot", "points")
     importFrom("stats", "dnorm", "dpois", "median", "model.matrix",
     "optimize", "pnorm", "rgamma", "rnorm", "rpois", "runif",
     "var")
     importFrom("utils", "write.csv")
    to your NAMESPACE file.
Flavors: r-devel-linux-x86_64-fedora-clang, r-devel-linux-x86_64-fedora-gcc