CRAN Package Check Results for Package hierarchicalDS

Last updated on 2014-12-19 05:47:45.

Flavor Version Tinstall Tcheck Ttotal Status Flags
r-devel-linux-x86_64-debian-clang 2.9 5.57 66.09 71.66 OK
r-devel-linux-x86_64-debian-gcc 2.9 5.72 61.56 67.28 OK
r-devel-linux-x86_64-fedora-clang 2.9 160.56 OK
r-devel-linux-x86_64-fedora-gcc 2.9 143.18 OK
r-devel-osx-x86_64-clang 2.9 129.35 OK
r-devel-windows-ix86+x86_64 2.9 18.00 90.00 108.00 OK
r-patched-linux-x86_64 2.9 5.44 64.50 69.94 OK
r-patched-solaris-sparc 2.9 809.00 OK
r-patched-solaris-x86 2.9 205.20 OK
r-release-linux-ix86 2.9 6.49 74.94 81.43 OK
r-release-linux-x86_64 2.9 5.88 63.81 69.68 OK
r-release-osx-x86_64-mavericks 2.9 ERROR
r-release-osx-x86_64-snowleopard 2.9 OK
r-release-windows-ix86+x86_64 2.9 15.00 94.00 109.00 OK
r-oldrel-windows-ix86+x86_64 2.9 15.00 90.00 105.00 OK

Check Details

Version: 2.9
Check: package dependencies
Result: ERROR
    Package required but not available: ‘rgeos’
    
    See the information on DESCRIPTION files in the chapter ‘Creating R
    packages’ of the ‘Writing R Extensions’ manual.
Flavor: r-release-osx-x86_64-mavericks