CRAN Package Check Results for Package hierarchicalDS

Last updated on 2015-03-03 09:49:37.

Flavor Version Tinstall Tcheck Ttotal Status Flags
r-devel-linux-x86_64-debian-clang 2.9 4.47 48.92 53.38 OK
r-devel-linux-x86_64-debian-gcc 2.9 5.01 47.78 52.79 OK
r-devel-linux-x86_64-fedora-clang 2.9 110.62 OK
r-devel-linux-x86_64-fedora-gcc 2.9 103.56 OK
r-devel-osx-x86_64-clang 2.9 95.67 OK
r-devel-windows-ix86+x86_64 2.9 18.00 94.00 112.00 OK
r-patched-linux-x86_64 2.9 5.62 67.22 72.84 OK
r-patched-solaris-sparc 2.9 852.60 OK
r-patched-solaris-x86 2.9 206.90 OK
r-release-linux-ix86 2.9 6.59 80.14 86.73 OK
r-release-linux-x86_64 2.9 5.54 66.90 72.44 OK
r-release-osx-x86_64-mavericks 2.9 ERROR
r-release-osx-x86_64-snowleopard 2.9 OK
r-release-windows-ix86+x86_64 2.9 25.00 140.00 165.00 OK
r-oldrel-windows-ix86+x86_64 2.9 16.00 95.00 111.00 OK

Check Details

Version: 2.9
Check: package dependencies
Result: ERROR
    Package required but not available: ‘rgeos’
    
    See section ‘The DESCRIPTION file’ in the ‘Writing R Extensions’
    manual.
Flavor: r-release-osx-x86_64-mavericks