CRAN Package Check Results for Package hierarchicalDS

Last updated on 2015-01-30 18:51:28.

Flavor Version Tinstall Tcheck Ttotal Status Flags
r-devel-linux-x86_64-debian-clang 2.9 3.97 48.87 52.84 OK
r-devel-linux-x86_64-debian-gcc 2.9 4.50 52.22 56.72 OK
r-devel-linux-x86_64-fedora-clang 2.9 142.50 OK
r-devel-linux-x86_64-fedora-gcc 2.9 139.12 OK
r-devel-osx-x86_64-clang 2.9 128.06 OK
r-devel-windows-ix86+x86_64 2.9 19.00 73.00 92.00 OK
r-patched-linux-x86_64 2.9 5.53 65.27 70.80 OK
r-patched-solaris-sparc 2.9 852.60 OK
r-patched-solaris-x86 2.9 205.10 OK
r-release-linux-ix86 2.9 6.56 75.76 82.32 OK
r-release-linux-x86_64 2.9 5.54 64.47 70.01 OK
r-release-osx-x86_64-mavericks 2.9 ERROR
r-release-osx-x86_64-snowleopard 2.9 OK
r-release-windows-ix86+x86_64 2.9 17.00 105.00 122.00 OK
r-oldrel-windows-ix86+x86_64 2.9 15.00 92.00 107.00 OK

Check Details

Version: 2.9
Check: package dependencies
Result: ERROR
    Package required but not available: ‘rgeos’
    
    See the information on DESCRIPTION files in the chapter ‘Creating R
    packages’ of the ‘Writing R Extensions’ manual.
Flavor: r-release-osx-x86_64-mavericks