CRAN Package Check Results for Package hiertest

Last updated on 2022-01-28 12:57:44 CET.

Flavor Version Tinstall Tcheck Ttotal Status Flags
r-devel-linux-x86_64-debian-clang 1.1 2.30 29.66 31.96 NOTE
r-devel-linux-x86_64-debian-gcc 1.1 1.71 23.15 24.86 NOTE
r-devel-linux-x86_64-fedora-clang 1.1 39.52 NOTE
r-devel-linux-x86_64-fedora-gcc 1.1 28.33 NOTE
r-devel-windows-x86_64-new-UL 1.1 30.00 49.00 79.00 NOTE
r-devel-windows-x86_64-new-TK 1.1 NOTE
r-patched-linux-x86_64 1.1 1.54 27.95 29.49 NOTE
r-release-linux-x86_64 1.1 1.41 28.75 30.16 NOTE
r-release-macos-arm64 1.1 NOTE
r-release-macos-x86_64 1.1 NOTE
r-release-windows-ix86+x86_64 1.1 4.00 25.00 29.00 NOTE
r-oldrel-macos-x86_64 1.1 NOTE
r-oldrel-windows-ix86+x86_64 1.1 4.00 25.00 29.00 NOTE

Check Details

Version: 1.1
Check: R code for possible problems
Result: NOTE
    compute.contrasts: no visible binding for global variable 'sd'
    compute.contrasts: no visible global function definition for 'cor'
    compute.contrasts: no visible global function definition for 'sd'
    plot.hiertest: no visible global function definition for 'legend'
    Undefined global functions or variables:
     cor legend sd
    Consider adding
     importFrom("graphics", "legend")
     importFrom("stats", "cor", "sd")
    to your NAMESPACE file.
Flavors: r-devel-linux-x86_64-debian-clang, r-devel-linux-x86_64-debian-gcc, r-devel-linux-x86_64-fedora-clang, r-devel-linux-x86_64-fedora-gcc, r-devel-windows-x86_64-new-UL, r-devel-windows-x86_64-new-TK, r-patched-linux-x86_64, r-release-linux-x86_64, r-release-macos-arm64, r-release-macos-x86_64, r-release-windows-ix86+x86_64, r-oldrel-macos-x86_64, r-oldrel-windows-ix86+x86_64

Version: 1.1
Check: LazyData
Result: NOTE
     'LazyData' is specified without a 'data' directory
Flavors: r-devel-linux-x86_64-debian-clang, r-devel-linux-x86_64-debian-gcc, r-devel-linux-x86_64-fedora-clang, r-devel-linux-x86_64-fedora-gcc, r-devel-windows-x86_64-new-UL, r-devel-windows-x86_64-new-TK, r-patched-linux-x86_64, r-release-linux-x86_64, r-release-macos-arm64, r-release-macos-x86_64, r-release-windows-ix86+x86_64