CRAN Package Check Results for Package highfrequency

Last updated on 2015-05-22 17:46:39.

Flavor Version Tinstall Tcheck Ttotal Status Flags
r-devel-linux-x86_64-debian-clang 0.4 2.15 39.72 41.86 NOTE
r-devel-linux-x86_64-debian-gcc 0.4 2.08 39.31 41.39 NOTE
r-devel-linux-x86_64-fedora-clang 0.4 83.33 NOTE
r-devel-linux-x86_64-fedora-gcc 0.4 76.35 NOTE
r-devel-osx-x86_64-clang 0.4 77.15 NOTE
r-devel-windows-ix86+x86_64 0.4 13.00 83.00 96.00 NOTE
r-patched-linux-x86_64 0.4 2.40 39.32 41.72 NOTE
r-patched-solaris-sparc 0.4 513.60 NOTE
r-patched-solaris-x86 0.4 107.20 NOTE
r-release-linux-x86_64 0.4 2.26 40.12 42.39 NOTE
r-release-osx-x86_64-mavericks 0.4 NOTE
r-release-osx-x86_64-snowleopard 0.4 ERROR
r-release-windows-ix86+x86_64 0.4 11.00 81.00 92.00 NOTE
r-oldrel-windows-ix86+x86_64 0.4 10.00 85.00 95.00 NOTE

Check Details

Version: 0.4
Check: dependencies in R code
Result: NOTE
    'library' or 'require' calls in package code:
     ‘MASS’ ‘cubature’ ‘mvtnorm’ ‘numDeriv’ ‘quantmod’ ‘robustbase’
     ‘sandwich’ ‘timeDate’
     Please use :: or requireNamespace() instead.
     See section 'Suggested packages' in the 'Writing R Extensions' manual.
Flavors: r-devel-linux-x86_64-debian-clang, r-devel-linux-x86_64-debian-gcc, r-devel-linux-x86_64-fedora-clang, r-devel-linux-x86_64-fedora-gcc, r-devel-osx-x86_64-clang, r-devel-windows-ix86+x86_64, r-patched-linux-x86_64, r-patched-solaris-sparc, r-patched-solaris-x86, r-release-linux-x86_64, r-release-osx-x86_64-mavericks, r-release-windows-ix86+x86_64, r-oldrel-windows-ix86+x86_64

Version: 0.4
Check: package dependencies
Result: ERROR
    Packages required but not available: ‘xts’ ‘zoo’
    
    Packages suggested but not available for checking:
     ‘quantmod’ ‘sandwich’ ‘rugarch’
    
    See section ‘The DESCRIPTION file’ in the ‘Writing R Extensions’
    manual.
Flavor: r-release-osx-x86_64-snowleopard