CRAN Package Check Results for Package highfrequency

Last updated on 2018-06-21 20:46:56 CEST.

Flavor Version Tinstall Tcheck Ttotal Status Flags
r-devel-linux-x86_64-debian-clang 0.5.3 9.06 64.64 73.70 NOTE
r-devel-linux-x86_64-debian-gcc 0.5.3 9.83 56.29 66.12 NOTE
r-devel-linux-x86_64-fedora-clang 0.5.3 97.21 NOTE
r-devel-linux-x86_64-fedora-gcc 0.5.3 94.52 NOTE
r-devel-windows-ix86+x86_64 0.5.3 24.00 98.00 122.00 OK
r-patched-linux-x86_64 0.5.3 8.66 71.27 79.93 NOTE
r-patched-solaris-x86 0.5.3 131.60 NOTE
r-release-linux-x86_64 0.5.3 11.28 71.05 82.33 NOTE
r-release-windows-ix86+x86_64 0.5.3 16.00 99.00 115.00 OK
r-release-osx-x86_64 0.5.3 NOTE
r-oldrel-windows-ix86+x86_64 0.5.3 14.00 107.00 121.00 OK
r-oldrel-osx-x86_64 0.5.3 OK

Check Details

Version: 0.5.3
Check: package dependencies
Result: NOTE
    Package suggested but not available for checking: ‘FKF’
Flavors: r-devel-linux-x86_64-debian-clang, r-devel-linux-x86_64-debian-gcc, r-devel-linux-x86_64-fedora-clang, r-devel-linux-x86_64-fedora-gcc, r-patched-linux-x86_64, r-patched-solaris-x86, r-release-linux-x86_64, r-release-osx-x86_64