CRAN Package Check Results for Package highfrequency

Last updated on 2017-11-23 00:47:16 CET.

Flavor Version Tinstall Tcheck Ttotal Status Flags
r-devel-linux-x86_64-debian-clang 0.5.2 2.69 64.16 66.85 ERROR
r-devel-linux-x86_64-debian-gcc 0.5.2 3.27 100.45 103.73 OK
r-devel-linux-x86_64-fedora-clang 0.5.2 92.04 OK
r-devel-linux-x86_64-fedora-gcc 0.5.2 89.77 OK
r-devel-windows-ix86+x86_64 0.5.2 11.00 111.00 122.00 OK
r-patched-linux-x86_64 0.5.2 3.07 50.46 53.53 OK
r-patched-solaris-x86 0.5.2 131.70 OK
r-release-linux-x86_64 0.5.2 2.72 48.78 51.50 OK
r-release-windows-ix86+x86_64 0.5.2 11.00 108.00 119.00 OK
r-release-osx-x86_64 0.5.2 OK
r-oldrel-windows-ix86+x86_64 0.5.2 10.00 97.00 107.00 OK
r-oldrel-osx-x86_64 0.5.2 OK

Check Details

Version: 0.5.2
Check: examples
Result: ERROR
    Running examples in ‘highfrequency-Ex.R’ failed
    The error most likely occurred in:
    
    > base::assign(".ptime", proc.time(), pos = "CheckExEnv")
    > ### Name: aggregateQuotes
    > ### Title: Aggregate an xts object containing quote data
    > ### Aliases: aggregateQuotes
    > ### Keywords: data manipulation
    >
    > ### ** Examples
    >
    > #load data
    > data("sample_qdata");
    > #aggregate quote data to the 30 second frequency
    > xx = aggregateQuotes(sample_qdata,on="seconds",k=30);
    Error in merge.xts(ts3, xx) :
     Value of SET_STRING_ELT() must be a 'CHARSXP' not a 'NULL'
    Calls: aggregateQuotes -> agg_volume -> aggregatets -> merge -> merge.xts
    Execution halted
Flavor: r-devel-linux-x86_64-debian-clang