CRAN Package Check Results for Package highfrequency

Last updated on 2015-04-01 23:49:15.

Flavor Version Tinstall Tcheck Ttotal Status Flags
r-devel-linux-x86_64-debian-clang 0.4 2.19 40.73 42.92 NOTE
r-devel-linux-x86_64-debian-gcc 0.4 2.28 39.41 41.70 NOTE
r-devel-linux-x86_64-fedora-clang 0.4 82.62 NOTE
r-devel-linux-x86_64-fedora-gcc 0.4 81.54 NOTE
r-devel-osx-x86_64-clang 0.4 83.30 NOTE
r-prerel-windows-ix86+x86_64 0.4 11.00 78.00 89.00 NOTE
r-prerel-linux-x86_64 0.4 2.29 40.38 42.67 NOTE
r-prerel-solaris-sparc 0.4 513.60 NOTE
r-prerel-solaris-x86 0.4 106.60 NOTE
r-release-linux-x86_64 0.4 2.41 45.32 47.73 NOTE
r-release-osx-x86_64-mavericks 0.4 OK
r-release-osx-x86_64-snowleopard 0.4 OK
r-release-windows-ix86+x86_64 0.4 10.00 93.00 103.00 NOTE
r-oldrel-windows-ix86+x86_64 0.4 10.00 106.00 116.00 OK

Check Details

Version: 0.4
Check: dependencies in R code
Result: NOTE
    'library' or 'require' calls in package code:
     ‘MASS’ ‘cubature’ ‘mvtnorm’ ‘numDeriv’ ‘quantmod’ ‘robustbase’
     ‘sandwich’ ‘timeDate’
     Please use :: or requireNamespace() instead.
     See section 'Suggested packages' in the 'Writing R Extensions' manual.
Flavors: r-devel-linux-x86_64-debian-clang, r-devel-linux-x86_64-debian-gcc, r-devel-linux-x86_64-fedora-clang, r-devel-linux-x86_64-fedora-gcc, r-devel-osx-x86_64-clang, r-prerel-windows-ix86+x86_64, r-prerel-linux-x86_64, r-prerel-solaris-sparc, r-prerel-solaris-x86, r-release-linux-x86_64, r-release-windows-ix86+x86_64