CRAN Package Check Results for Package highfrequency

Last updated on 2018-04-21 05:48:54 CEST.

Flavor Version Tinstall Tcheck Ttotal Status Flags
r-devel-linux-x86_64-debian-clang 0.5.3 8.63 72.53 81.16 NOTE
r-devel-linux-x86_64-debian-gcc 0.5.3 10.50 54.97 65.47 NOTE
r-devel-linux-x86_64-fedora-clang 0.5.3 97.01 NOTE
r-devel-linux-x86_64-fedora-gcc 0.5.3 94.26 NOTE
r-devel-windows-ix86+x86_64 0.5.3 26.00 93.00 119.00 OK
r-devel-osx-x86_64 0.5.3 NOTE
r-patched-linux-x86_64 0.5.3 9.27 72.05 81.32 NOTE
r-patched-solaris-x86 0.5.3 140.30 NOTE
r-release-linux-x86_64 0.5.3 4.51 80.22 84.73 NOTE
r-release-windows-ix86+x86_64 0.5.3 12.00 117.00 129.00 OK
r-release-osx-x86_64 0.5.3 OK
r-oldrel-windows-ix86+x86_64 0.5.3 13.00 88.00 101.00 OK

Check Details

Version: 0.5.3
Check: package dependencies
Result: NOTE
    Package suggested but not available for checking: ‘FKF’
Flavors: r-devel-linux-x86_64-debian-clang, r-devel-linux-x86_64-debian-gcc, r-devel-linux-x86_64-fedora-clang, r-devel-linux-x86_64-fedora-gcc, r-devel-osx-x86_64, r-patched-linux-x86_64, r-patched-solaris-x86, r-release-linux-x86_64