CRAN Package Check Results for Package highfrequency

Last updated on 2014-07-28 23:46:57.

Flavor Version Tinstall Tcheck Ttotal Status Flags
r-devel-linux-x86_64-debian-clang 0.2 1.76 33.76 35.52 NOTE
r-devel-linux-x86_64-debian-gcc 0.2 1.97 33.97 35.94 NOTE
r-devel-linux-x86_64-fedora-clang 0.2 80.08 NOTE
r-devel-linux-x86_64-fedora-gcc 0.2 78.43 NOTE
r-devel-osx-x86_64-clang 0.2 65.38 NOTE
r-devel-windows-ix86+x86_64 0.2 8.00 64.00 72.00 NOTE
r-patched-linux-x86_64 0.2 1.83 33.16 34.99 NOTE
r-patched-solaris-sparc 0.2 409.50 NOTE
r-patched-solaris-x86 0.2 98.90 NOTE
r-release-linux-ix86 0.2 2.54 43.33 45.87 NOTE
r-release-linux-x86_64 0.2 1.85 34.18 36.03 NOTE
r-release-osx-x86_64-mavericks 0.2 NOTE
r-release-osx-x86_64-snowleopard 0.2 NOTE
r-release-windows-ix86+x86_64 0.2 7.00 69.00 76.00 NOTE
r-oldrel-windows-ix86+x86_64 0.2 9.00 92.00 101.00 NOTE

Check Details

Version: 0.2
Check: dependencies in R code
Result: NOTE
    ':::' call which should be '::': base:::seq
     See the note in ?`:::` about the use of this operator.
    There are ::: calls to the package's namespace in its code. A package
     almost never needs to use ::: for its own objects:
     diurnalfit readdata
    See the information on DESCRIPTION files in the chapter Creating R
    packages of the Writing R Extensions manual.
Flavors: r-devel-linux-x86_64-debian-clang, r-devel-linux-x86_64-debian-gcc, r-devel-linux-x86_64-fedora-clang, r-devel-linux-x86_64-fedora-gcc, r-devel-osx-x86_64-clang, r-devel-windows-ix86+x86_64, r-patched-linux-x86_64, r-patched-solaris-sparc, r-patched-solaris-x86, r-release-linux-ix86, r-release-linux-x86_64, r-release-osx-x86_64-mavericks, r-release-osx-x86_64-snowleopard, r-release-windows-ix86+x86_64, r-oldrel-windows-ix86+x86_64

Version: 0.2
Check: for old-style vignette sources
Result: NOTE
    Vignette sources only in inst/doc :
     highfrequency.Rnw
    A vignettes directory is required as from R 3.1.0
    and these will not be indexed nor checked
Flavors: r-devel-linux-x86_64-debian-clang, r-devel-linux-x86_64-debian-gcc, r-devel-linux-x86_64-fedora-clang, r-devel-linux-x86_64-fedora-gcc, r-devel-osx-x86_64-clang, r-patched-linux-x86_64, r-patched-solaris-sparc, r-patched-solaris-x86, r-release-linux-ix86, r-release-linux-x86_64, r-release-osx-x86_64-mavericks, r-release-osx-x86_64-snowleopard

Version: 0.2
Check: top-level files
Result: NOTE
    Non-standard file/directory found at top level:
     highfrequency.pdf
Flavors: r-devel-linux-x86_64-fedora-clang, r-devel-linux-x86_64-fedora-gcc

Version: 0.2
Check: Rd line widths
Result: NOTE
    Rd file 'TAQload.Rd':
     \examples lines wider than 100 characters:
     ## Not run: head(xx);
     ## Not run: tail(xx);
    
    Rd file 'convert.Rd':
     \examples lines wider than 100 characters:
     tradecolnames = NULL, quotecolnames = NULL, format = format, onefile = TRUE )
    
    Rd file 'harModel.Rd':
     \usage lines wider than 90 characters:
     harModel(data, periods = c(1, 5, 22), periodsJ = c(1,5,22), leverage=NULL, RVest = c("rCov", "rBPCov"), type = "HARRV", jumptest = "AB ... [TRUNCATED]
     \examples lines wider than 100 characters:
     x = harModel(data=DJI_RV , periods = c(1,5,22), RVest = c("rCov"), type="HARRV",h=1,transform=NULL);
    
    Rd file 'rAccumulation.Rd':
     \usage lines wider than 90 characters:
     rAccumulation(x, period = 1, y = NULL, align.by="seconds", align.period = 1, plotit = FALSE, cts = TRUE, makeReturns = FALSE)
     \examples lines wider than 100 characters:
     plot(cumm[[1]], xlab="", ylab="Cumulative Ruturns", main="Starbucks (SBUX)", sub='20110701', type="p", col=16, lwd=2)
     plot(accum[[1]], xlab="", ylab="Realized Accumulation", type="l",main="Starbucks (SBUX)", sub='20110701', col=2, lwd=2)
    
    Rd file 'rCumSum.Rd':
     \usage lines wider than 90 characters:
     rCumSum(x, period = 1, align.by="seconds",align.period = 1, plotit = FALSE, type = "l", cts = TRUE, makeReturns = FALSE)
     \examples lines wider than 100 characters:
     plot(cumm[[1]], xlab="", ylab="Cumulative Ruturns", main="Starbucks (SBUX)", sub='20110701', type="p", col=16, lwd=2)
    
    Rd file 'rMarginal.Rd':
     \usage lines wider than 90 characters:
     rMarginal(x, y = NULL, period,align.by="seconds", align.period = 1, plotit = FALSE, cts = TRUE,makeReturns = FALSE)
     \examples lines wider than 100 characters:
     plot(rCumSum(sbux.xts, period=10, align.by="seconds", align.period=60), xlab="", ylab="Cumulative Ruturns", main="Starbucks (SBUX)", su ... [TRUNCATED]
     barplot(rMarginal(sbux.xts, period=10, align.by="seconds", align.period=60)$y, main="Marginal Contribution Plot")
    
    Rd file 'rScatterReturns.Rd':
     \usage lines wider than 90 characters:
     rScatterReturns(x,y, period, align.by="seconds", align.period=1,numbers=FALSE,xlim= NULL, ylim=NULL, plotit=TRUE, pch=NULL, cts=TRUE, m ... [TRUNCATED]
     \examples lines wider than 100 characters:
     rScatterReturns(sbux.xts,y=lltc.xts, period=1, align.period=20,ylab="LLTC",xlab="SBUX",numbers=FALSE)
     rScatterReturns(sbux.xts,y=lltc.xts, period=1, align.period=20,ylab="LLTC",xlab="SBUX",numbers=TRUE)
    
    Rd file 'rZero.Rd':
     \usage lines wider than 90 characters:
     rZero(rdata, period=1, align.by="seconds", align.period = 1, cts = TRUE, makeReturns = FALSE, ...)
    
    These lines will be truncated in the PDF manual.
Flavors: r-devel-linux-x86_64-fedora-clang, r-devel-linux-x86_64-fedora-gcc

Version: 0.2
Check: for old-style vignette sources
Result: NOTE
    Vignette sources only in 'inst/doc':
     'highfrequency.Rnw'
    A 'vignettes' directory is required as from R 3.1.0
    and these will not be indexed nor checked
    * checking examples ...
Flavors: r-devel-windows-ix86+x86_64, r-release-windows-ix86+x86_64

Version: 0.2
Check: for old-style vignette sources
Result: NOTE
    Vignette sources only in 'inst/doc':
     'highfrequency.Rnw'
    A 'vignettes' directory will be required as from R 3.1.0
    * checking examples ...
Flavor: r-oldrel-windows-ix86+x86_64