CRAN Package Check Results for Package highfrequency

Last updated on 2015-03-07 03:50:09.

Flavor Version Tinstall Tcheck Ttotal Status Flags
r-devel-linux-x86_64-debian-clang 0.4 2.07 39.76 41.82 NOTE
r-devel-linux-x86_64-debian-gcc 0.4 2.22 39.84 42.06 NOTE
r-devel-linux-x86_64-fedora-clang 0.4 83.65 NOTE
r-devel-linux-x86_64-fedora-gcc 0.4 77.15 NOTE
r-devel-osx-x86_64-clang 0.4 78.35 NOTE
r-devel-windows-ix86+x86_64 0.4 17.00 79.00 96.00 NOTE
r-patched-linux-x86_64 0.4 2.40 44.87 47.27 NOTE
r-patched-solaris-sparc 0.4 566.10 NOTE
r-patched-solaris-x86 0.4 122.20 NOTE
r-release-linux-ix86 0.4 3.36 57.16 60.52 OK
r-release-linux-x86_64 0.4 2.38 44.91 47.30 OK
r-release-osx-x86_64-mavericks 0.4 OK
r-release-osx-x86_64-snowleopard 0.4 OK
r-release-windows-ix86+x86_64 0.4 10.00 89.00 99.00 OK
r-oldrel-windows-ix86+x86_64 0.4 9.00 102.00 111.00 OK

Check Details

Version: 0.4
Check: dependencies in R code
Result: NOTE
    'library' or 'require' calls in package code:
     ‘MASS’ ‘cubature’ ‘mvtnorm’ ‘numDeriv’ ‘quantmod’ ‘robustbase’
     ‘sandwich’ ‘timeDate’
     Please use :: or requireNamespace() instead.
     See section 'Suggested packages' in the 'Writing R Extensions' manual.
Flavors: r-devel-linux-x86_64-debian-clang, r-devel-linux-x86_64-debian-gcc, r-devel-linux-x86_64-fedora-clang, r-devel-linux-x86_64-fedora-gcc, r-devel-osx-x86_64-clang, r-devel-windows-ix86+x86_64, r-patched-linux-x86_64, r-patched-solaris-sparc, r-patched-solaris-x86