CRAN Package Check Results for Package highfrequency

Last updated on 2017-02-23 05:49:04.

Flavor Version Tinstall Tcheck Ttotal Status Flags
r-devel-linux-x86_64-debian-clang 0.5 2.93 48.97 51.90 OK
r-devel-linux-x86_64-debian-gcc 0.5 2.72 48.74 51.45 OK
r-devel-linux-x86_64-fedora-clang 0.5 116.24 NOTE --no-stop-on-test-error
r-devel-linux-x86_64-fedora-gcc 0.5 96.80 NOTE --no-stop-on-test-error
r-devel-macos-x86_64-clang 0.5 76.43 NOTE --no-stop-on-test-error
r-devel-windows-ix86+x86_64 0.5 21.00 145.00 166.00 OK
r-patched-linux-x86_64 0.5 2.53 45.24 47.77 OK
r-patched-solaris-sparc 0.5 525.40 NOTE
r-patched-solaris-x86 0.5 96.50 NOTE
r-release-linux-x86_64 0.5 2.61 44.23 46.84 OK
r-release-osx-x86_64-mavericks 0.5 NOTE
r-release-windows-ix86+x86_64 0.5 16.00 130.00 146.00 OK
r-oldrel-windows-ix86+x86_64 0.5 14.00 102.00 116.00 NOTE

Check Details

Version: 0.5
Flags: --no-stop-on-test-error
Check: dependencies in R code
Result: NOTE
    Namespace in Imports field not imported from: ‘quantmod’
     All declared Imports should be used.
Flavors: r-devel-linux-x86_64-fedora-clang, r-devel-linux-x86_64-fedora-gcc, r-devel-macos-x86_64-clang

Version: 0.5
Check: dependencies in R code
Result: NOTE
    Namespace in Imports field not imported from: ‘quantmod’
     All declared Imports should be used.
Flavors: r-patched-solaris-sparc, r-patched-solaris-x86, r-release-osx-x86_64-mavericks, r-oldrel-windows-ix86+x86_64