CRAN Package Check Results for Package highfrequency

Last updated on 2017-03-31 01:49:05.

Flavor Version Tinstall Tcheck Ttotal Status Flags
r-devel-linux-x86_64-debian-clang 0.5 2.96 50.26 53.23 OK
r-devel-linux-x86_64-debian-gcc 0.5 2.90 48.45 51.34 OK
r-devel-linux-x86_64-fedora-clang 0.5 97.14 NOTE --no-stop-on-test-error
r-devel-linux-x86_64-fedora-gcc 0.5 95.27 NOTE --no-stop-on-test-error
r-devel-macos-x86_64-clang 0.5 75.66 NOTE --no-stop-on-test-error
r-devel-windows-ix86+x86_64 0.5 9.00 110.00 119.00 OK
r-patched-linux-x86_64 0.5 2.98 48.92 51.90 OK
r-patched-solaris-sparc 0.5 600.90 NOTE
r-patched-solaris-x86 0.5 117.20 NOTE
r-release-linux-x86_64 0.5 2.54 43.66 46.21 OK
r-release-osx-x86_64-mavericks 0.5 NOTE
r-release-windows-ix86+x86_64 0.5 18.00 127.00 145.00 OK
r-oldrel-windows-ix86+x86_64 0.5 11.00 109.00 120.00 NOTE

Check Details

Version: 0.5
Flags: --no-stop-on-test-error
Check: dependencies in R code
Result: NOTE
    Namespace in Imports field not imported from: ‘quantmod’
     All declared Imports should be used.
Flavors: r-devel-linux-x86_64-fedora-clang, r-devel-linux-x86_64-fedora-gcc, r-devel-macos-x86_64-clang

Version: 0.5
Check: dependencies in R code
Result: NOTE
    Namespace in Imports field not imported from: ‘quantmod’
     All declared Imports should be used.
Flavors: r-patched-solaris-sparc, r-patched-solaris-x86, r-release-osx-x86_64-mavericks, r-oldrel-windows-ix86+x86_64