CRAN Package Check Results for Package highlight

Last updated on 2017-04-28 17:47:38.

Flavor Version Tinstall Tcheck Ttotal Status Flags
r-devel-linux-x86_64-debian-clang 0.4.7.1 29.08 15.36 44.44 OK
r-devel-linux-x86_64-debian-gcc 0.4.7.1 31.00 15.71 46.70 OK
r-devel-linux-x86_64-fedora-clang 0.4.7.1 106.55 NOTE --no-stop-on-test-error
r-devel-linux-x86_64-fedora-gcc 0.4.7.1 95.44 NOTE --no-stop-on-test-error
r-devel-windows-ix86+x86_64 0.4.7.1 161.00 48.00 209.00 OK
r-patched-linux-x86_64 0.4.7.1 27.22 14.89 42.11 OK
r-patched-solaris-sparc 0.4.7.1 365.70 OK
r-patched-solaris-x86 0.4.7.1 120.40 OK
r-release-linux-x86_64 0.4.7.1 27.56 15.68 43.24 OK
r-release-windows-ix86+x86_64 0.4.7.1 110.00 43.00 153.00 OK
r-release-osx-x86_64 0.4.7.1 NOTE
r-oldrel-windows-ix86+x86_64 0.4.7.1 139.00 57.00 196.00 OK
r-oldrel-osx-x86_64 0.4.7.1 NOTE

Check Details

Version: 0.4.7.1
Flags: --no-stop-on-test-error
Check: installed package size
Result: NOTE
     installed size is 7.9Mb
     sub-directories of 1Mb or more:
     highlight 1.1Mb
     libs 6.6Mb
Flavors: r-devel-linux-x86_64-fedora-clang, r-devel-linux-x86_64-fedora-gcc

Version: 0.4.7.1
Check: installed package size
Result: NOTE
     installed size is 6.6Mb
     sub-directories of 1Mb or more:
     highlight 1.0Mb
     libs 5.4Mb
Flavors: r-release-osx-x86_64, r-oldrel-osx-x86_64