CRAN Package Check Results for Package highlight

Last updated on 2017-08-23 01:46:22.

Flavor Version Tinstall Tcheck Ttotal Status Flags
r-devel-linux-x86_64-debian-clang 0.4.7.1 28.41 16.23 44.65 OK
r-devel-linux-x86_64-debian-gcc 0.4.7.1 31.12 15.15 46.27 OK
r-devel-linux-x86_64-fedora-clang 0.4.7.1 103.58 NOTE
r-devel-linux-x86_64-fedora-gcc 0.4.7.1 82.90 NOTE
r-devel-windows-ix86+x86_64 0.4.7.1 107.00 46.00 153.00 OK
r-patched-linux-x86_64 0.4.7.1 31.06 15.22 46.28 OK
r-patched-solaris-x86 0.4.7.1 120.60 OK
r-release-linux-x86_64 0.4.7.1 31.10 15.22 46.32 OK
r-release-windows-ix86+x86_64 0.4.7.1 109.00 44.00 153.00 OK
r-release-osx-x86_64 0.4.7.1 NOTE
r-oldrel-windows-ix86+x86_64 0.4.7.1 139.00 57.00 196.00 OK
r-oldrel-osx-x86_64 0.4.7.1 NOTE

Check Details

Version: 0.4.7.1
Check: installed package size
Result: NOTE
     installed size is 8.2Mb
     sub-directories of 1Mb or more:
     highlight 1.1Mb
     libs 6.9Mb
Flavors: r-devel-linux-x86_64-fedora-clang, r-devel-linux-x86_64-fedora-gcc, r-release-osx-x86_64, r-oldrel-osx-x86_64