CRAN Package Check Results for Package highlight

Last updated on 2015-07-31 04:48:02.

Flavor Version Tinstall Tcheck Ttotal Status Flags
r-devel-linux-x86_64-debian-clang 0.4.7 22.13 13.31 35.44 NOTE
r-devel-linux-x86_64-debian-gcc 0.4.7 43.59 13.09 56.68 NOTE
r-devel-linux-x86_64-fedora-clang 0.4.7 93.28 NOTE
r-devel-linux-x86_64-fedora-gcc 0.4.7 80.69 NOTE
r-devel-osx-x86_64-clang 0.4.7 65.03 OK
r-devel-windows-ix86+x86_64 0.4.7 105.00 57.00 162.00 NOTE
r-patched-linux-x86_64 0.4.7 31.02 13.14 44.16 NOTE
r-patched-solaris-sparc 0.4.7 409.20 OK
r-patched-solaris-x86 0.4.7 102.30 OK
r-release-linux-x86_64 0.4.7 30.53 12.42 42.95 NOTE
r-release-osx-x86_64-mavericks 0.4.7 NOTE
r-release-windows-ix86+x86_64 0.4.7 108.00 34.00 142.00 OK
r-oldrel-windows-ix86+x86_64 0.4.7 71.00 42.00 113.00 OK

Check Details

Version: 0.4.7
Check: installed package size
Result: NOTE
     installed size is 6.4Mb
     sub-directories of 1Mb or more:
     highlight 1.1Mb
     libs 5.2Mb
Flavors: r-devel-linux-x86_64-debian-clang, r-devel-linux-x86_64-debian-gcc, r-devel-linux-x86_64-fedora-clang, r-devel-linux-x86_64-fedora-gcc, r-patched-linux-x86_64, r-release-linux-x86_64, r-release-osx-x86_64-mavericks

Version: 0.4.7
Check: R code for possible problems
Result: NOTE
    HighlightTangle: no visible global function definition for ‘Rtangle’
    HighlightWeaveLatex: no visible binding for global variable
     ‘RweaveLatexSetup’
    HighlightWeaveLatex: no visible binding for global variable
     ‘RweaveEvalWithOpt’
    HighlightWeaveLatex: no visible binding for global variable
     ‘RweaveLatexFinish’
    HighlightWeaveLatexCheckOps: no visible global function definition for
     ‘RweaveLatexOptions’
    Htangle: no visible global function definition for ‘Sweave’
    Hweave: no visible global function definition for ‘Sweave’
    col2latexrgb: no visible global function definition for ‘col2rgb’
    css.parse.color: no visible global function definition for ‘colors’
    css.parse.color: no visible global function definition for ‘col2rgb’
    external_highlight: no visible global function definition for ‘tail’
    latex_color: no visible global function definition for ‘col2rgb’
    makeHighlightWeaveLatexCodeRunner: no visible binding for global
     variable ‘RweaveEvalWithOpt’
    makeHighlightWeaveLatexCodeRunner : HighlightWeaveLatexRuncode: no
     visible global function definition for ‘RweaveChunkPrefix’
    makeHighlightWeaveLatexCodeRunner : HighlightWeaveLatexRuncode: no
     visible global function definition for ‘SweaveHooks’
    makeHighlightWeaveLatexCodeRunner : HighlightWeaveLatexRuncode: no
     visible global function definition for ‘RweaveTryStop’
    makeHighlightWeaveLatex_WriteDoc : HighlightWeaveLatexWritedoc: no
     visible global function definition for ‘RweaveChunkPrefix’
    simple_detective: no visible global function definition for
     ‘getParseData’
    subsetParseData: no visible global function definition for
     ‘getParseData’
    Undefined global functions or variables:
     Rtangle RweaveChunkPrefix RweaveEvalWithOpt RweaveLatexFinish
     RweaveLatexOptions RweaveLatexSetup RweaveTryStop Sweave SweaveHooks
     col2rgb colors getParseData tail
    Consider adding
     importFrom("grDevices", "col2rgb", "colors")
     importFrom("utils", "Rtangle", "RweaveChunkPrefix",
     "RweaveEvalWithOpt", "RweaveLatexFinish",
     "RweaveLatexOptions", "RweaveLatexSetup", "RweaveTryStop",
     "Sweave", "SweaveHooks", "getParseData", "tail")
    to your NAMESPACE.
Flavors: r-devel-linux-x86_64-debian-clang, r-devel-linux-x86_64-debian-gcc, r-devel-linux-x86_64-fedora-clang, r-devel-linux-x86_64-fedora-gcc, r-devel-windows-ix86+x86_64