CRAN Package Check Results for Package highlight

Last updated on 2016-12-07 17:52:30.

Flavor Version Tinstall Tcheck Ttotal Status Flags
r-devel-linux-x86_64-debian-clang 0.4.7 27.47 15.65 43.12 NOTE
r-devel-linux-x86_64-debian-gcc 0.4.7 30.44 16.11 46.55 NOTE
r-devel-linux-x86_64-fedora-clang 0.4.7 99.93 NOTE --no-stop-on-test-error
r-devel-linux-x86_64-fedora-gcc 0.4.7 85.16 NOTE --no-stop-on-test-error
r-devel-macos-x86_64-clang 0.4.7 67.44 NOTE
r-devel-windows-ix86+x86_64 0.4.7 100.00 46.00 146.00 NOTE
r-patched-linux-x86_64 0.4.7 27.07 14.20 41.27 NOTE
r-patched-solaris-sparc 0.4.7 381.10 NOTE
r-patched-solaris-x86 0.4.7 95.90 NOTE
r-release-linux-x86_64 0.4.7 27.25 13.96 41.21 NOTE
r-release-osx-x86_64-mavericks 0.4.7 NOTE
r-release-windows-ix86+x86_64 0.4.7 96.00 32.00 128.00 NOTE
r-oldrel-windows-ix86+x86_64 0.4.7 96.00 43.00 139.00 OK

Check Details

Version: 0.4.7
Check: R code for possible problems
Result: NOTE
    HighlightTangle: no visible global function definition for ‘Rtangle’
    HighlightWeaveLatex: no visible binding for global variable
     ‘RweaveLatexSetup’
    HighlightWeaveLatex: no visible binding for global variable
     ‘RweaveEvalWithOpt’
    HighlightWeaveLatex: no visible binding for global variable
     ‘RweaveLatexFinish’
    HighlightWeaveLatexCheckOps: no visible global function definition for
     ‘RweaveLatexOptions’
    Htangle: no visible global function definition for ‘Sweave’
    Hweave: no visible global function definition for ‘Sweave’
    col2latexrgb: no visible global function definition for ‘col2rgb’
    css.parse.color: no visible global function definition for ‘colors’
    css.parse.color: no visible global function definition for ‘col2rgb’
    external_highlight: no visible global function definition for ‘tail’
    latex_color: no visible global function definition for ‘col2rgb’
    makeHighlightWeaveLatexCodeRunner: no visible binding for global
     variable ‘RweaveEvalWithOpt’
    makeHighlightWeaveLatexCodeRunner : HighlightWeaveLatexRuncode: no
     visible global function definition for ‘RweaveChunkPrefix’
    makeHighlightWeaveLatexCodeRunner : HighlightWeaveLatexRuncode: no
     visible global function definition for ‘SweaveHooks’
    makeHighlightWeaveLatexCodeRunner : HighlightWeaveLatexRuncode: no
     visible global function definition for ‘RweaveTryStop’
    makeHighlightWeaveLatex_WriteDoc : HighlightWeaveLatexWritedoc: no
     visible global function definition for ‘RweaveChunkPrefix’
    simple_detective: no visible global function definition for
     ‘getParseData’
    subsetParseData: no visible global function definition for
     ‘getParseData’
    Undefined global functions or variables:
     Rtangle RweaveChunkPrefix RweaveEvalWithOpt RweaveLatexFinish
     RweaveLatexOptions RweaveLatexSetup RweaveTryStop Sweave SweaveHooks
     col2rgb colors getParseData tail
    Consider adding
     importFrom("grDevices", "col2rgb", "colors")
     importFrom("utils", "Rtangle", "RweaveChunkPrefix",
     "RweaveEvalWithOpt", "RweaveLatexFinish",
     "RweaveLatexOptions", "RweaveLatexSetup", "RweaveTryStop",
     "Sweave", "SweaveHooks", "getParseData", "tail")
    to your NAMESPACE file.
Flavors: r-devel-linux-x86_64-debian-clang, r-devel-linux-x86_64-debian-gcc, r-devel-macos-x86_64-clang, r-devel-windows-ix86+x86_64, r-patched-linux-x86_64, r-patched-solaris-sparc, r-patched-solaris-x86, r-release-linux-x86_64, r-release-osx-x86_64-mavericks, r-release-windows-ix86+x86_64

Version: 0.4.7
Flags: --no-stop-on-test-error
Check: installed package size
Result: NOTE
     installed size is 7.5Mb
     sub-directories of 1Mb or more:
     highlight 1.1Mb
     libs 6.2Mb
Flavors: r-devel-linux-x86_64-fedora-clang, r-devel-linux-x86_64-fedora-gcc

Version: 0.4.7
Flags: --no-stop-on-test-error
Check: R code for possible problems
Result: NOTE
    HighlightTangle: no visible global function definition for ‘Rtangle’
    HighlightWeaveLatex: no visible binding for global variable
     ‘RweaveLatexSetup’
    HighlightWeaveLatex: no visible binding for global variable
     ‘RweaveEvalWithOpt’
    HighlightWeaveLatex: no visible binding for global variable
     ‘RweaveLatexFinish’
    HighlightWeaveLatexCheckOps: no visible global function definition for
     ‘RweaveLatexOptions’
    Htangle: no visible global function definition for ‘Sweave’
    Hweave: no visible global function definition for ‘Sweave’
    col2latexrgb: no visible global function definition for ‘col2rgb’
    css.parse.color: no visible global function definition for ‘colors’
    css.parse.color: no visible global function definition for ‘col2rgb’
    external_highlight: no visible global function definition for ‘tail’
    latex_color: no visible global function definition for ‘col2rgb’
    makeHighlightWeaveLatexCodeRunner: no visible binding for global
     variable ‘RweaveEvalWithOpt’
    makeHighlightWeaveLatexCodeRunner : HighlightWeaveLatexRuncode: no
     visible global function definition for ‘RweaveChunkPrefix’
    makeHighlightWeaveLatexCodeRunner : HighlightWeaveLatexRuncode: no
     visible global function definition for ‘SweaveHooks’
    makeHighlightWeaveLatexCodeRunner : HighlightWeaveLatexRuncode: no
     visible global function definition for ‘RweaveTryStop’
    makeHighlightWeaveLatex_WriteDoc : HighlightWeaveLatexWritedoc: no
     visible global function definition for ‘RweaveChunkPrefix’
    simple_detective: no visible global function definition for
     ‘getParseData’
    subsetParseData: no visible global function definition for
     ‘getParseData’
    Undefined global functions or variables:
     Rtangle RweaveChunkPrefix RweaveEvalWithOpt RweaveLatexFinish
     RweaveLatexOptions RweaveLatexSetup RweaveTryStop Sweave SweaveHooks
     col2rgb colors getParseData tail
    Consider adding
     importFrom("grDevices", "col2rgb", "colors")
     importFrom("utils", "Rtangle", "RweaveChunkPrefix",
     "RweaveEvalWithOpt", "RweaveLatexFinish",
     "RweaveLatexOptions", "RweaveLatexSetup", "RweaveTryStop",
     "Sweave", "SweaveHooks", "getParseData", "tail")
    to your NAMESPACE file.
Flavors: r-devel-linux-x86_64-fedora-clang, r-devel-linux-x86_64-fedora-gcc

Version: 0.4.7
Check: installed package size
Result: NOTE
     installed size is 9.0Mb
     sub-directories of 1Mb or more:
     highlight 1.0Mb
     libs 7.8Mb
Flavor: r-release-osx-x86_64-mavericks