CRAN Package Check Results for Package highlight

Last updated on 2014-10-23 00:47:59.

Flavor Version Tinstall Tcheck Ttotal Status Flags
r-devel-linux-x86_64-debian-clang 0.4.4 21.41 13.70 35.11 NOTE
r-devel-linux-x86_64-debian-gcc 0.4.4 30.41 13.68 44.09 NOTE
r-devel-linux-x86_64-fedora-clang 0.4.4 107.78 NOTE
r-devel-linux-x86_64-fedora-gcc 0.4.4 86.06 NOTE
r-devel-osx-x86_64-clang 0.4.4 65.72 OK
r-devel-windows-ix86+x86_64 0.4.4 102.00 34.00 136.00 OK
r-patched-linux-x86_64 0.4.4 30.72 14.10 44.82 NOTE
r-patched-solaris-sparc 0.4.4 407.00 OK
r-patched-solaris-x86 0.4.4 112.60 OK
r-release-linux-ix86 0.4.4 41.14 21.49 62.63 NOTE
r-release-linux-x86_64 0.4.4 31.22 14.50 45.72 NOTE
r-release-osx-x86_64-mavericks 0.4.4 NOTE
r-release-osx-x86_64-snowleopard 0.4.4 NOTE
r-release-windows-ix86+x86_64 0.4.4 126.00 49.00 175.00 OK
r-oldrel-windows-ix86+x86_64 0.4.4 93.00 34.00 127.00 OK

Check Details

Version: 0.4.4
Check: installed package size
Result: NOTE
     installed size is 7.4Mb
     sub-directories of 1Mb or more:
     highlight 1.1Mb
     libs 6.1Mb
Flavors: r-devel-linux-x86_64-debian-clang, r-devel-linux-x86_64-debian-gcc, r-devel-linux-x86_64-fedora-clang, r-devel-linux-x86_64-fedora-gcc, r-patched-linux-x86_64, r-release-linux-ix86, r-release-linux-x86_64, r-release-osx-x86_64-mavericks, r-release-osx-x86_64-snowleopard