CRAN Package Check Results for Package highlight

Last updated on 2014-11-21 19:48:02.

Flavor Version Tinstall Tcheck Ttotal Status Flags
r-devel-linux-x86_64-debian-clang 0.4.4 20.76 14.75 35.51 NOTE
r-devel-linux-x86_64-debian-gcc 0.4.4 30.17 13.96 44.14 NOTE
r-devel-linux-x86_64-fedora-clang 0.4.4 108.08 NOTE
r-devel-linux-x86_64-fedora-gcc 0.4.4 81.11 NOTE
r-devel-osx-x86_64-clang 0.4.4 63.17 OK
r-devel-windows-ix86+x86_64 0.4.4 100.00 36.00 136.00 OK
r-patched-linux-x86_64 0.4.4 30.23 13.96 44.19 NOTE
r-patched-solaris-sparc 0.4.4 407.00 OK
r-patched-solaris-x86 0.4.4 111.90 OK
r-release-linux-ix86 0.4.4 38.89 20.26 59.15 NOTE
r-release-linux-x86_64 0.4.4 30.08 13.75 43.82 NOTE
r-release-osx-x86_64-mavericks 0.4.4 NOTE
r-release-osx-x86_64-snowleopard 0.4.4 NOTE
r-release-windows-ix86+x86_64 0.4.4 100.00 47.00 147.00 OK
r-oldrel-windows-ix86+x86_64 0.4.4 93.00 34.00 127.00 OK

Check Details

Version: 0.4.4
Check: installed package size
Result: NOTE
     installed size is 7.4Mb
     sub-directories of 1Mb or more:
     highlight 1.1Mb
     libs 6.1Mb
Flavors: r-devel-linux-x86_64-debian-clang, r-devel-linux-x86_64-debian-gcc, r-devel-linux-x86_64-fedora-clang, r-devel-linux-x86_64-fedora-gcc, r-patched-linux-x86_64, r-release-linux-ix86, r-release-linux-x86_64, r-release-osx-x86_64-mavericks, r-release-osx-x86_64-snowleopard