CRAN Package Check Results for Package highlight

Last updated on 2018-01-19 05:49:55 CET.

Flavor Version Tinstall Tcheck Ttotal Status Flags
r-devel-linux-x86_64-debian-clang 0.4.7.2 41.77 20.56 62.33 WARN
r-devel-linux-x86_64-debian-gcc 0.4.7.2 36.21 18.95 55.16 OK
r-devel-linux-x86_64-fedora-clang 0.4.7.2 111.56 NOTE
r-devel-linux-x86_64-fedora-gcc 0.4.7.2 83.29 NOTE
r-devel-windows-ix86+x86_64 0.4.7.2 108.00 62.00 170.00 OK
r-patched-linux-x86_64 0.4.7.2 43.88 23.05 66.93 OK
r-patched-solaris-x86 0.4.7.2 140.10 OK
r-release-linux-x86_64 0.4.7.2 42.32 22.25 64.57 OK
r-release-windows-ix86+x86_64 0.4.7.2 137.00 54.00 191.00 OK
r-release-osx-x86_64 0.4.7.2 NOTE
r-oldrel-windows-ix86+x86_64 0.4.7.2 109.00 45.00 154.00 OK
r-oldrel-osx-x86_64 0.4.7.2 NOTE

Check Details

Version: 0.4.7.2
Check: whether package can be installed
Result: WARN
    Found the following significant warnings:
     Pattern.cpp:1205:19: warning: result of comparison 'const int' > 2147483647 is always false [-Wtautological-constant-compare]
Flavor: r-devel-linux-x86_64-debian-clang

Version: 0.4.7.2
Check: installed package size
Result: NOTE
     installed size is 8.3Mb
     sub-directories of 1Mb or more:
     highlight 1.1Mb
     libs 7.1Mb
Flavors: r-devel-linux-x86_64-fedora-clang, r-devel-linux-x86_64-fedora-gcc, r-release-osx-x86_64, r-oldrel-osx-x86_64