CRAN Package Check Results for Package highlight

Last updated on 2014-12-17 23:47:17.

Flavor Version Tinstall Tcheck Ttotal Status Flags
r-devel-linux-x86_64-debian-clang 0.4.4 20.66 13.75 34.41 NOTE
r-devel-linux-x86_64-debian-gcc 0.4.4 30.72 13.60 44.32 NOTE
r-devel-linux-x86_64-fedora-clang 0.4.4 108.95 NOTE
r-devel-linux-x86_64-fedora-gcc 0.4.4 77.47 NOTE
r-devel-osx-x86_64-clang 0.4.4 66.83 OK
r-devel-windows-ix86+x86_64 0.4.4 108.00 66.00 174.00 OK
r-patched-linux-x86_64 0.4.4 30.44 13.84 44.28 NOTE
r-patched-solaris-sparc 0.4.4 407.00 OK
r-patched-solaris-x86 0.4.4 111.90 OK
r-release-linux-ix86 0.4.4 38.96 20.17 59.12 NOTE
r-release-linux-x86_64 0.4.4 30.54 13.81 44.34 NOTE
r-release-osx-x86_64-mavericks 0.4.4 NOTE
r-release-osx-x86_64-snowleopard 0.4.4 NOTE
r-release-windows-ix86+x86_64 0.4.4 100.00 47.00 147.00 OK
r-oldrel-windows-ix86+x86_64 0.4.4 93.00 34.00 127.00 OK

Check Details

Version: 0.4.4
Check: installed package size
Result: NOTE
     installed size is 7.4Mb
     sub-directories of 1Mb or more:
     highlight 1.1Mb
     libs 6.1Mb
Flavors: r-devel-linux-x86_64-debian-clang, r-devel-linux-x86_64-debian-gcc, r-devel-linux-x86_64-fedora-clang, r-devel-linux-x86_64-fedora-gcc, r-patched-linux-x86_64, r-release-linux-ix86, r-release-linux-x86_64, r-release-osx-x86_64-mavericks, r-release-osx-x86_64-snowleopard