CRAN Package Check Results for Package highlight

Last updated on 2014-04-24 23:48:04.

Flavor Version Tinstall Tcheck Ttotal Status Flags
r-devel-linux-x86_64-debian-clang 0.4.4 19.28 15.26 34.54 NOTE
r-devel-linux-x86_64-debian-gcc 0.4.4 28.49 15.63 44.12 NOTE
r-devel-linux-x86_64-fedora-clang 0.4.4 99.41 NOTE
r-devel-linux-x86_64-fedora-gcc 0.4.4 85.62 NOTE
r-devel-osx-x86_64-clang 0.4.4 63.41 OK
r-devel-osx-x86_64-gcc 0.4.4 NOTE
r-devel-windows-ix86+x86_64 0.4.4 96.00 33.00 129.00 OK
r-patched-linux-x86_64 0.4.4 28.10 15.89 43.99 NOTE
r-patched-solaris-sparc 0.4.4 412.40 OK
r-patched-solaris-x86 0.4.4 111.90 OK
r-release-linux-ix86 0.4.4 46.00 36.00 82.00 NOTE
r-release-linux-x86_64 0.4.4 28.44 15.46 43.90 NOTE
r-release-osx-x86_64-mavericks 0.4.4 NOTE
r-release-osx-x86_64-snowleopard 0.4.4 NOTE
r-release-windows-ix86+x86_64 0.4.4 140.00 47.00 187.00 OK
r-oldrel-windows-ix86+x86_64 0.4.4 93.00 34.00 127.00 OK

Check Details

Version: 0.4.4
Check: installed package size
Result: NOTE
     installed size is 6.5Mb
     sub-directories of 1Mb or more:
     highlight 1.1Mb
     libs 5.1Mb
Flavors: r-devel-linux-x86_64-debian-clang, r-devel-linux-x86_64-debian-gcc, r-devel-linux-x86_64-fedora-clang, r-devel-linux-x86_64-fedora-gcc, r-devel-osx-x86_64-gcc, r-patched-linux-x86_64, r-release-linux-ix86, r-release-linux-x86_64, r-release-osx-x86_64-mavericks, r-release-osx-x86_64-snowleopard