CRAN Package Check Results for Package highlight

Last updated on 2017-10-23 14:48:42.

Flavor Version Tinstall Tcheck Ttotal Status Flags
r-devel-linux-x86_64-debian-clang 0.4.7.2 28.76 14.89 43.65 OK
r-devel-linux-x86_64-debian-gcc 0.4.7.2 34.49 15.72 50.21 OK
r-devel-linux-x86_64-fedora-clang 0.4.7.2 106.08 NOTE
r-devel-linux-x86_64-fedora-gcc 0.4.7.2 82.80 NOTE
r-devel-windows-ix86+x86_64 0.4.7.2 137.00 47.00 184.00 OK
r-patched-linux-x86_64 0.4.7.2 31.47 14.84 46.31 OK
r-patched-solaris-x86 0.4.7.2 120.50 OK
r-release-linux-x86_64 0.4.7.2 30.80 15.07 45.87 OK
r-release-windows-ix86+x86_64 0.4.7.2 137.00 54.00 191.00 OK
r-release-osx-x86_64 0.4.7.2 NOTE
r-oldrel-windows-ix86+x86_64 0.4.7.2 109.00 45.00 154.00 OK
r-oldrel-osx-x86_64 0.4.7.2 NOTE

Check Details

Version: 0.4.7.2
Check: installed package size
Result: NOTE
     installed size is 8.1Mb
     sub-directories of 1Mb or more:
     highlight 1.1Mb
     libs 6.9Mb
Flavors: r-devel-linux-x86_64-fedora-clang, r-devel-linux-x86_64-fedora-gcc, r-release-osx-x86_64, r-oldrel-osx-x86_64