CRAN Package Check Results for Package highlight

Last updated on 2015-01-25 19:47:41.

Flavor Version Tinstall Tcheck Ttotal Status Flags
r-devel-linux-x86_64-debian-clang 0.4.4 20.56 11.90 32.46 ERROR
r-devel-linux-x86_64-debian-gcc 0.4.4 30.54 12.13 42.67 ERROR
r-devel-linux-x86_64-fedora-clang 0.4.4 96.07 ERROR
r-devel-linux-x86_64-fedora-gcc 0.4.4 71.05 ERROR
r-devel-osx-x86_64-clang 0.4.4 57.92 ERROR
r-devel-windows-ix86+x86_64 0.4.4 106.00 31.00 137.00 ERROR
r-patched-linux-x86_64 0.4.4 30.67 14.08 44.75 NOTE
r-patched-solaris-sparc 0.4.4 412.10 OK
r-patched-solaris-x86 0.4.4 111.60 OK
r-release-linux-ix86 0.4.4 39.06 19.92 58.98 NOTE
r-release-linux-x86_64 0.4.4 30.36 13.72 44.08 NOTE
r-release-osx-x86_64-mavericks 0.4.4 NOTE
r-release-osx-x86_64-snowleopard 0.4.4 NOTE
r-release-windows-ix86+x86_64 0.4.4 100.00 47.00 147.00 OK
r-oldrel-windows-ix86+x86_64 0.4.4 93.00 34.00 127.00 OK

Check Details

Version: 0.4.4
Check: installed package size
Result: NOTE
     installed size is 7.4Mb
     sub-directories of 1Mb or more:
     highlight 1.1Mb
     libs 6.1Mb
Flavors: r-devel-linux-x86_64-debian-clang, r-devel-linux-x86_64-debian-gcc, r-devel-linux-x86_64-fedora-clang, r-devel-linux-x86_64-fedora-gcc, r-patched-linux-x86_64, r-release-linux-ix86, r-release-linux-x86_64, r-release-osx-x86_64-mavericks, r-release-osx-x86_64-snowleopard

Version: 0.4.4
Check: Rd files
Result: WARN
    highlight.httpd.handler.Rd:24-28: cannot coerce type 'closure' to vector of type 'character'
    problem found in ‘highlight.httpd.handler.Rd’
Flavors: r-devel-linux-x86_64-debian-clang, r-devel-linux-x86_64-debian-gcc, r-devel-linux-x86_64-fedora-clang, r-devel-linux-x86_64-fedora-gcc, r-devel-osx-x86_64-clang, r-devel-windows-ix86+x86_64

Version: 0.4.4
Check: for unstated dependencies in examples
Result: WARN
    Error: /tmp/RtmpRckTfu/R.INSTALL4ecc640def4a/highlight/man/highlight.httpd.handler.Rd:24-28: cannot coerce type 'closure' to vector of type 'character'
    Execution halted
Flavor: r-devel-linux-x86_64-debian-clang

Version: 0.4.4
Check: examples
Result: ERROR
    Running massageExamples to create ‘highlight-Ex.R’ failed
    Error: /tmp/RtmpRckTfu/R.INSTALL4ecc640def4a/highlight/man/highlight.httpd.handler.Rd:24-28: cannot coerce type 'closure' to vector of type 'character'
    Execution halted
     NONE
Flavor: r-devel-linux-x86_64-debian-clang

Version: 0.4.4
Check: PDF version of manual
Result: ERROR
    Rd conversion errors:
    Error : /tmp/RtmpRckTfu/R.INSTALL4ecc640def4a/highlight/man/highlight.httpd.handler.Rd:24-28: cannot coerce type 'closure' to vector of type 'character'
    * DONE
Flavor: r-devel-linux-x86_64-debian-clang

Version: 0.4.4
Check: for unstated dependencies in examples
Result: WARN
    Error: /tmp/RtmpSBBdYS/R.INSTALL23ea16e861bf/highlight/man/highlight.httpd.handler.Rd:24-28: cannot coerce type 'closure' to vector of type 'character'
    Execution halted
Flavor: r-devel-linux-x86_64-debian-gcc

Version: 0.4.4
Check: examples
Result: ERROR
    Running massageExamples to create ‘highlight-Ex.R’ failed
    Error: /tmp/RtmpSBBdYS/R.INSTALL23ea16e861bf/highlight/man/highlight.httpd.handler.Rd:24-28: cannot coerce type 'closure' to vector of type 'character'
    Execution halted
     NONE
Flavor: r-devel-linux-x86_64-debian-gcc

Version: 0.4.4
Check: PDF version of manual
Result: ERROR
    Rd conversion errors:
    Error : /tmp/RtmpSBBdYS/R.INSTALL23ea16e861bf/highlight/man/highlight.httpd.handler.Rd:24-28: cannot coerce type 'closure' to vector of type 'character'
    * DONE
Flavor: r-devel-linux-x86_64-debian-gcc

Version: 0.4.4
Check: for unstated dependencies in examples
Result: WARN
    Error: /data/gannet/ripley/R/packages/tests-clang/highlight/man/highlight.httpd.handler.Rd:24-28: cannot coerce type 'closure' to vector of type 'character'
    Execution halted
Flavor: r-devel-linux-x86_64-fedora-clang

Version: 0.4.4
Check: examples
Result: ERROR
    Running massageExamples to create ‘highlight-Ex.R’ failed
    Error: /data/gannet/ripley/R/packages/tests-clang/highlight/man/highlight.httpd.handler.Rd:24-28: cannot coerce type 'closure' to vector of type 'character'
    Execution halted
     NONE
Flavor: r-devel-linux-x86_64-fedora-clang

Version: 0.4.4
Check: PDF version of manual
Result: ERROR
    Rd conversion errors:
    Error : /data/gannet/ripley/R/packages/tests-clang/highlight/man/highlight.httpd.handler.Rd:24-28: cannot coerce type 'closure' to vector of type 'character'
    * DONE
Flavor: r-devel-linux-x86_64-fedora-clang

Version: 0.4.4
Check: for unstated dependencies in examples
Result: WARN
    Error: /data/gannet/ripley/R/packages/tests-devel/highlight/man/highlight.httpd.handler.Rd:24-28: cannot coerce type 'closure' to vector of type 'character'
    Execution halted
Flavor: r-devel-linux-x86_64-fedora-gcc

Version: 0.4.4
Check: examples
Result: ERROR
    Running massageExamples to create ‘highlight-Ex.R’ failed
    Error: /data/gannet/ripley/R/packages/tests-devel/highlight/man/highlight.httpd.handler.Rd:24-28: cannot coerce type 'closure' to vector of type 'character'
    Execution halted
     NONE
Flavor: r-devel-linux-x86_64-fedora-gcc

Version: 0.4.4
Check: PDF version of manual
Result: ERROR
    Rd conversion errors:
    Error : /data/gannet/ripley/R/packages/tests-devel/highlight/man/highlight.httpd.handler.Rd:24-28: cannot coerce type 'closure' to vector of type 'character'
    * DONE
Flavor: r-devel-linux-x86_64-fedora-gcc

Version: 0.4.4
Check: for unstated dependencies in examples
Result: WARN
    Error: /Users/ripley/R/packages/tests-devel/highlight/man/highlight.httpd.handler.Rd:24-28: cannot coerce type 'closure' to vector of type 'character'
    Execution halted
Flavor: r-devel-osx-x86_64-clang

Version: 0.4.4
Check: examples
Result: ERROR
    Running massageExamples to create ‘highlight-Ex.R’ failed
    Error: /Users/ripley/R/packages/tests-devel/highlight/man/highlight.httpd.handler.Rd:24-28: cannot coerce type 'closure' to vector of type 'character'
    Execution halted
     NONE
Flavor: r-devel-osx-x86_64-clang

Version: 0.4.4
Check: PDF version of manual
Result: ERROR
    Rd conversion errors:
    Error : /Users/ripley/R/packages/tests-devel/highlight/man/highlight.httpd.handler.Rd:24-28: cannot coerce type 'closure' to vector of type 'character'
    * DONE
Flavor: r-devel-osx-x86_64-clang

Version: 0.4.4
Check: for unstated dependencies in examples
Result: WARN
    Error: D:/temp/RtmpwZgqlO/R.INSTALL1bf83ebe2e98/highlight/man/highlight.httpd.handler.Rd:24-28: cannot coerce type 'closure' to vector of type 'character'
    Execution halted
Flavor: r-devel-windows-ix86+x86_64

Version: 0.4.4
Check: examples
Result: ERROR
    Running massageExamples to create 'highlight-Ex.R' failed
    Error: D:/temp/RtmpwZgqlO/R.INSTALL1bf83ebe2e98/highlight/man/highlight.httpd.handler.Rd:24-28: cannot coerce type 'closure' to vector of type 'character'
    Execution halted
     NONE
Flavor: r-devel-windows-ix86+x86_64

Version: 0.4.4
Check: PDF version of manual
Result: ERROR
    Rd conversion errors:
    Error : D:/temp/RtmpwZgqlO/R.INSTALL1bf83ebe2e98/highlight/man/highlight.httpd.handler.Rd:24-28: cannot coerce type 'closure' to vector of type 'character'
    * DONE
Flavor: r-devel-windows-ix86+x86_64