CRAN Package Check Results for Package highlight

Last updated on 2014-07-23 13:47:51.

Flavor Version Tinstall Tcheck Ttotal Status Flags
r-devel-linux-x86_64-debian-clang 0.4.4 19.22 13.79 33.00 NOTE
r-devel-linux-x86_64-debian-gcc 0.4.4 30.90 13.67 44.57 NOTE
r-devel-linux-x86_64-fedora-clang 0.4.4 98.61 NOTE
r-devel-linux-x86_64-fedora-gcc 0.4.4 81.33 NOTE
r-devel-osx-x86_64-clang 0.4.4 72.62 OK
r-devel-windows-ix86+x86_64 0.4.4 101.00 32.00 133.00 OK
r-patched-linux-x86_64 0.4.4 30.34 13.99 44.33 NOTE
r-patched-solaris-sparc 0.4.4 412.40 OK
r-patched-solaris-x86 0.4.4 109.60 OK
r-release-linux-ix86 0.4.4 40.88 21.14 62.02 NOTE
r-release-linux-x86_64 0.4.4 30.26 14.38 44.64 NOTE
r-release-osx-x86_64-mavericks 0.4.4 NOTE
r-release-osx-x86_64-snowleopard 0.4.4 NOTE
r-release-windows-ix86+x86_64 0.4.4 126.00 49.00 175.00 OK
r-oldrel-windows-ix86+x86_64 0.4.4 93.00 34.00 127.00 OK

Check Details

Version: 0.4.4
Check: installed package size
Result: NOTE
     installed size is 6.6Mb
     sub-directories of 1Mb or more:
     highlight 1.1Mb
     libs 5.2Mb
Flavors: r-devel-linux-x86_64-debian-clang, r-devel-linux-x86_64-debian-gcc, r-devel-linux-x86_64-fedora-clang, r-devel-linux-x86_64-fedora-gcc, r-patched-linux-x86_64, r-release-linux-ix86, r-release-linux-x86_64, r-release-osx-x86_64-mavericks, r-release-osx-x86_64-snowleopard