CRAN Package Check Results for Package highlight

Last updated on 2015-03-30 12:47:45.

Flavor Version Tinstall Tcheck Ttotal Status Flags
r-devel-linux-x86_64-debian-clang 0.4.4 22.36 11.72 34.08 ERROR
r-devel-linux-x86_64-debian-gcc 0.4.4 30.42 11.98 42.40 ERROR
r-devel-linux-x86_64-fedora-clang 0.4.4 89.12 ERROR
r-devel-linux-x86_64-fedora-gcc 0.4.4 80.94 ERROR
r-devel-osx-x86_64-clang 0.4.4 59.91 ERROR
r-prerel-windows-ix86+x86_64 0.4.4 143.00 30.00 173.00 ERROR
r-prerel-linux-x86_64 0.4.4 30.51 11.47 41.98 ERROR
r-prerel-solaris-sparc 0.4.4 396.20 ERROR
r-prerel-solaris-x86 0.4.4 102.10 ERROR
r-release-linux-x86_64 0.4.4 30.50 13.67 44.17 NOTE
r-release-osx-x86_64-mavericks 0.4.4 NOTE
r-release-osx-x86_64-snowleopard 0.4.4 NOTE
r-release-windows-ix86+x86_64 0.4.4 139.00 38.00 177.00 OK
r-oldrel-windows-ix86+x86_64 0.4.4 93.00 34.00 127.00 OK

Check Details

Version: 0.4.4
Check: installed package size
Result: NOTE
     installed size is 6.5Mb
     sub-directories of 1Mb or more:
     highlight 1.1Mb
     libs 5.2Mb
Flavors: r-devel-linux-x86_64-debian-clang, r-devel-linux-x86_64-debian-gcc, r-devel-linux-x86_64-fedora-clang, r-devel-linux-x86_64-fedora-gcc, r-prerel-linux-x86_64, r-release-linux-x86_64, r-release-osx-x86_64-mavericks, r-release-osx-x86_64-snowleopard

Version: 0.4.4
Check: DESCRIPTION meta-information
Result: NOTE
    Malformed Description field: should contain one or more complete sentences.
Flavors: r-devel-linux-x86_64-debian-clang, r-devel-linux-x86_64-debian-gcc, r-devel-linux-x86_64-fedora-clang, r-devel-linux-x86_64-fedora-gcc, r-devel-osx-x86_64-clang, r-prerel-windows-ix86+x86_64, r-prerel-linux-x86_64, r-prerel-solaris-sparc, r-prerel-solaris-x86

Version: 0.4.4
Check: Rd files
Result: WARN
    highlight.httpd.handler.Rd:24-28: cannot coerce type 'closure' to vector of type 'character'
    problem found in ‘highlight.httpd.handler.Rd’
Flavors: r-devel-linux-x86_64-debian-clang, r-devel-linux-x86_64-debian-gcc, r-devel-linux-x86_64-fedora-clang, r-devel-linux-x86_64-fedora-gcc, r-devel-osx-x86_64-clang, r-prerel-windows-ix86+x86_64, r-prerel-linux-x86_64, r-prerel-solaris-sparc, r-prerel-solaris-x86

Version: 0.4.4
Check: for unstated dependencies in examples
Result: WARN
    Error: /tmp/Rtmph3RUQf/R.INSTALL54821e9824e3/highlight/man/highlight.httpd.handler.Rd:24-28: cannot coerce type 'closure' to vector of type 'character'
    Execution halted
Flavor: r-devel-linux-x86_64-debian-clang

Version: 0.4.4
Check: examples
Result: ERROR
    Running massageExamples to create ‘highlight-Ex.R’ failed
    Error: /tmp/Rtmph3RUQf/R.INSTALL54821e9824e3/highlight/man/highlight.httpd.handler.Rd:24-28: cannot coerce type 'closure' to vector of type 'character'
    Execution halted
     NONE
Flavor: r-devel-linux-x86_64-debian-clang

Version: 0.4.4
Check: PDF version of manual
Result: ERROR
    Rd conversion errors:
    Error : /tmp/Rtmph3RUQf/R.INSTALL54821e9824e3/highlight/man/highlight.httpd.handler.Rd:24-28: cannot coerce type 'closure' to vector of type 'character'
    * DONE
Flavor: r-devel-linux-x86_64-debian-clang

Version: 0.4.4
Check: for unstated dependencies in examples
Result: WARN
    Error: /tmp/RtmphMKLgN/R.INSTALL68d146e1fd52/highlight/man/highlight.httpd.handler.Rd:24-28: cannot coerce type 'closure' to vector of type 'character'
    Execution halted
Flavor: r-devel-linux-x86_64-debian-gcc

Version: 0.4.4
Check: examples
Result: ERROR
    Running massageExamples to create ‘highlight-Ex.R’ failed
    Error: /tmp/RtmphMKLgN/R.INSTALL68d146e1fd52/highlight/man/highlight.httpd.handler.Rd:24-28: cannot coerce type 'closure' to vector of type 'character'
    Execution halted
     NONE
Flavor: r-devel-linux-x86_64-debian-gcc

Version: 0.4.4
Check: PDF version of manual
Result: ERROR
    Rd conversion errors:
    Error : /tmp/RtmphMKLgN/R.INSTALL68d146e1fd52/highlight/man/highlight.httpd.handler.Rd:24-28: cannot coerce type 'closure' to vector of type 'character'
    * DONE
Flavor: r-devel-linux-x86_64-debian-gcc

Version: 0.4.4
Check: for unstated dependencies in examples
Result: WARN
    Error: /data/gannet/ripley/R/packages/tests-clang/highlight/man/highlight.httpd.handler.Rd:24-28: cannot coerce type 'closure' to vector of type 'character'
    Execution halted
Flavor: r-devel-linux-x86_64-fedora-clang

Version: 0.4.4
Check: examples
Result: ERROR
    Running massageExamples to create ‘highlight-Ex.R’ failed
    Error: /data/gannet/ripley/R/packages/tests-clang/highlight/man/highlight.httpd.handler.Rd:24-28: cannot coerce type 'closure' to vector of type 'character'
    Execution halted
     NONE
Flavor: r-devel-linux-x86_64-fedora-clang

Version: 0.4.4
Check: PDF version of manual
Result: ERROR
    Rd conversion errors:
    Error : /data/gannet/ripley/R/packages/tests-clang/highlight/man/highlight.httpd.handler.Rd:24-28: cannot coerce type 'closure' to vector of type 'character'
    * DONE
Flavor: r-devel-linux-x86_64-fedora-clang

Version: 0.4.4
Check: for unstated dependencies in examples
Result: WARN
    Error: /data/gannet/ripley/R/packages/tests-devel/highlight/man/highlight.httpd.handler.Rd:24-28: cannot coerce type 'closure' to vector of type 'character'
    Execution halted
Flavor: r-devel-linux-x86_64-fedora-gcc

Version: 0.4.4
Check: examples
Result: ERROR
    Running massageExamples to create ‘highlight-Ex.R’ failed
    Error: /data/gannet/ripley/R/packages/tests-devel/highlight/man/highlight.httpd.handler.Rd:24-28: cannot coerce type 'closure' to vector of type 'character'
    Execution halted
     NONE
Flavor: r-devel-linux-x86_64-fedora-gcc

Version: 0.4.4
Check: PDF version of manual
Result: ERROR
    Rd conversion errors:
    Error : /data/gannet/ripley/R/packages/tests-devel/highlight/man/highlight.httpd.handler.Rd:24-28: cannot coerce type 'closure' to vector of type 'character'
    * DONE
Flavor: r-devel-linux-x86_64-fedora-gcc

Version: 0.4.4
Check: for unstated dependencies in examples
Result: WARN
    Error: /Users/ripley/R/packages/tests-devel/highlight/man/highlight.httpd.handler.Rd:24-28: cannot coerce type 'closure' to vector of type 'character'
    Execution halted
Flavor: r-devel-osx-x86_64-clang

Version: 0.4.4
Check: examples
Result: ERROR
    Running massageExamples to create ‘highlight-Ex.R’ failed
    Error: /Users/ripley/R/packages/tests-devel/highlight/man/highlight.httpd.handler.Rd:24-28: cannot coerce type 'closure' to vector of type 'character'
    Execution halted
     NONE
Flavor: r-devel-osx-x86_64-clang

Version: 0.4.4
Check: PDF version of manual
Result: ERROR
    Rd conversion errors:
    Error : /Users/ripley/R/packages/tests-devel/highlight/man/highlight.httpd.handler.Rd:24-28: cannot coerce type 'closure' to vector of type 'character'
    * DONE
Flavor: r-devel-osx-x86_64-clang

Version: 0.4.4
Check: for unstated dependencies in examples
Result: WARN
    Error: D:/temp/Rtmpcjmw2Q/R.INSTALL1d50509633eb/highlight/man/highlight.httpd.handler.Rd:24-28: cannot coerce type 'closure' to vector of type 'character'
    Execution halted
Flavor: r-prerel-windows-ix86+x86_64

Version: 0.4.4
Check: examples
Result: ERROR
    Running massageExamples to create 'highlight-Ex.R' failed
    Error: D:/temp/Rtmpcjmw2Q/R.INSTALL1d50509633eb/highlight/man/highlight.httpd.handler.Rd:24-28: cannot coerce type 'closure' to vector of type 'character'
    Execution halted
     NONE
Flavor: r-prerel-windows-ix86+x86_64

Version: 0.4.4
Check: PDF version of manual
Result: ERROR
    Rd conversion errors:
    Error : D:/temp/Rtmpcjmw2Q/R.INSTALL1d50509633eb/highlight/man/highlight.httpd.handler.Rd:24-28: cannot coerce type 'closure' to vector of type 'character'
    * DONE
Flavor: r-prerel-windows-ix86+x86_64

Version: 0.4.4
Check: for unstated dependencies in examples
Result: WARN
    Error: /tmp/RtmpdhcWY2/R.INSTALL4a9c7902aa8e/highlight/man/highlight.httpd.handler.Rd:24-28: cannot coerce type 'closure' to vector of type 'character'
    Execution halted
Flavor: r-prerel-linux-x86_64

Version: 0.4.4
Check: examples
Result: ERROR
    Running massageExamples to create ‘highlight-Ex.R’ failed
    Error: /tmp/RtmpdhcWY2/R.INSTALL4a9c7902aa8e/highlight/man/highlight.httpd.handler.Rd:24-28: cannot coerce type 'closure' to vector of type 'character'
    Execution halted
     NONE
Flavor: r-prerel-linux-x86_64

Version: 0.4.4
Check: PDF version of manual
Result: ERROR
    Rd conversion errors:
    Error : /tmp/RtmpdhcWY2/R.INSTALL4a9c7902aa8e/highlight/man/highlight.httpd.handler.Rd:24-28: cannot coerce type 'closure' to vector of type 'character'
    * DONE
Flavor: r-prerel-linux-x86_64

Version: 0.4.4
Check: for unstated dependencies in examples
Result: WARN
    Error: /tmp/RtmpZcaaHH/R.INSTALL430839b34bb2/highlight/man/highlight.httpd.handler.Rd:24-28: cannot coerce type 'closure' to vector of type 'character'
    Execution halted
Flavor: r-prerel-solaris-sparc

Version: 0.4.4
Check: examples
Result: ERROR
    Running massageExamples to create ‘highlight-Ex.R’ failed
    Error: /tmp/RtmpZcaaHH/R.INSTALL430839b34bb2/highlight/man/highlight.httpd.handler.Rd:24-28: cannot coerce type 'closure' to vector of type 'character'
    Execution halted
     NONE
Flavor: r-prerel-solaris-sparc

Version: 0.4.4
Check: PDF version of manual
Result: ERROR
    Rd conversion errors:
    Error : /tmp/RtmpZcaaHH/R.INSTALL430839b34bb2/highlight/man/highlight.httpd.handler.Rd:24-28: cannot coerce type 'closure' to vector of type 'character'
    * DONE
Flavor: r-prerel-solaris-sparc

Version: 0.4.4
Check: for unstated dependencies in examples
Result: WARN
    Error: /tmp/Rtmp.gaqIS/R.INSTALL5912cc15586/highlight/man/highlight.httpd.handler.Rd:24-28: cannot coerce type 'closure' to vector of type 'character'
    Execution halted
Flavor: r-prerel-solaris-x86

Version: 0.4.4
Check: examples
Result: ERROR
    Running massageExamples to create ‘highlight-Ex.R’ failed
    Error: /tmp/Rtmp.gaqIS/R.INSTALL5912cc15586/highlight/man/highlight.httpd.handler.Rd:24-28: cannot coerce type 'closure' to vector of type 'character'
    Execution halted
     NONE
Flavor: r-prerel-solaris-x86

Version: 0.4.4
Check: PDF version of manual
Result: ERROR
    Rd conversion errors:
    Error : /tmp/Rtmp.gaqIS/R.INSTALL5912cc15586/highlight/man/highlight.httpd.handler.Rd:24-28: cannot coerce type 'closure' to vector of type 'character'
    * DONE
Flavor: r-prerel-solaris-x86