CRAN Package Check Results for Package highlight

Last updated on 2017-06-25 16:52:02.

Flavor Version Tinstall Tcheck Ttotal Status Flags
r-devel-linux-x86_64-debian-clang 0.4.7.1 28.46 16.09 44.55 OK
r-devel-linux-x86_64-debian-gcc 0.4.7.1 30.88 15.31 46.19 OK
r-devel-linux-x86_64-fedora-clang 0.4.7.1 108.28 NOTE
r-devel-linux-x86_64-fedora-gcc 0.4.7.1 81.58 NOTE
r-devel-windows-ix86+x86_64 0.4.7.1 146.00 44.00 190.00 OK
r-patched-linux-x86_64 0.4.7.1 27.55 15.13 42.68 OK
r-patched-solaris-sparc 0.4.7.1 365.70 OK
r-patched-solaris-x86 0.4.7.1 120.10 OK
r-release-linux-x86_64 0.4.7.1 31.01 15.34 46.35 OK
r-release-windows-ix86+x86_64 0.4.7.1 110.00 43.00 153.00 OK
r-release-osx-x86_64 0.4.7.1 NOTE
r-oldrel-windows-ix86+x86_64 0.4.7.1 139.00 57.00 196.00 OK
r-oldrel-osx-x86_64 0.4.7.1 NOTE

Check Details

Version: 0.4.7.1
Check: installed package size
Result: NOTE
     installed size is 7.9Mb
     sub-directories of 1Mb or more:
     highlight 1.1Mb
     libs 6.6Mb
Flavors: r-devel-linux-x86_64-fedora-clang, r-devel-linux-x86_64-fedora-gcc, r-release-osx-x86_64, r-oldrel-osx-x86_64