CRAN Package Check Results for Package highlight

Last updated on 2015-05-25 16:47:13.

Flavor Version Tinstall Tcheck Ttotal Status Flags
r-devel-linux-x86_64-debian-clang 0.4.7 22.13 12.97 35.10 NOTE
r-devel-linux-x86_64-debian-gcc 0.4.7 30.31 13.24 43.55 NOTE
r-devel-linux-x86_64-fedora-clang 0.4.7 91.74 NOTE
r-devel-linux-x86_64-fedora-gcc 0.4.7 80.97 NOTE
r-devel-osx-x86_64-clang 0.4.7 66.55 OK
r-devel-windows-ix86+x86_64 0.4.7 107.00 36.00 143.00 OK
r-patched-linux-x86_64 0.4.7 31.12 12.54 43.66 NOTE
r-patched-solaris-sparc 0.4.7 407.70 OK
r-patched-solaris-x86 0.4.7 104.10 OK
r-release-linux-x86_64 0.4.7 30.32 13.23 43.54 NOTE
r-release-osx-x86_64-mavericks 0.4.7 NOTE
r-release-osx-x86_64-snowleopard 0.4.7 NOTE
r-release-windows-ix86+x86_64 0.4.7 76.00 35.00 111.00 OK
r-oldrel-windows-ix86+x86_64 0.4.7 71.00 42.00 113.00 OK

Check Details

Version: 0.4.7
Check: installed package size
Result: NOTE
     installed size is 6.4Mb
     sub-directories of 1Mb or more:
     highlight 1.1Mb
     libs 5.2Mb
Flavors: r-devel-linux-x86_64-debian-clang, r-devel-linux-x86_64-debian-gcc, r-devel-linux-x86_64-fedora-clang, r-devel-linux-x86_64-fedora-gcc, r-patched-linux-x86_64, r-release-linux-x86_64, r-release-osx-x86_64-mavericks, r-release-osx-x86_64-snowleopard