CRAN Package Check Results for Package highlight

Last updated on 2018-04-27 02:54:44 CEST.

Flavor Version Tinstall Tcheck Ttotal Status Flags
r-devel-linux-x86_64-debian-clang 0.4.7.2 55.36 20.55 75.91 OK
r-devel-linux-x86_64-debian-gcc 0.4.7.2 43.65 18.64 62.29 OK
r-devel-linux-x86_64-fedora-clang 0.4.7.2 114.36 NOTE
r-devel-linux-x86_64-fedora-gcc 0.4.7.2 85.17 NOTE
r-devel-windows-ix86+x86_64 0.4.7.2 156.00 52.00 208.00 OK
r-patched-linux-x86_64 0.4.7.2 60.70 23.02 83.72 OK
r-patched-solaris-x86 0.4.7.2 125.80 OK
r-release-linux-x86_64 0.4.7.2 58.55 23.08 81.63 OK
r-release-windows-ix86+x86_64 0.4.7.2 156.00 52.00 208.00 OK
r-release-osx-x86_64 0.4.7.2 NOTE
r-oldrel-windows-ix86+x86_64 0.4.7.2 137.00 54.00 191.00 OK
r-oldrel-osx-x86_64 0.4.7.2 NOTE

Check Details

Version: 0.4.7.2
Check: installed package size
Result: NOTE
     installed size is 8.3Mb
     sub-directories of 1Mb or more:
     highlight 1.1Mb
     libs 7.1Mb
Flavors: r-devel-linux-x86_64-fedora-clang, r-devel-linux-x86_64-fedora-gcc, r-release-osx-x86_64, r-oldrel-osx-x86_64