CRAN Package Check Results for Package highlight

Last updated on 2014-08-29 14:47:00.

Flavor Version Tinstall Tcheck Ttotal Status Flags
r-devel-linux-x86_64-debian-clang 0.4.4 19.45 13.44 32.89 NOTE
r-devel-linux-x86_64-debian-gcc 0.4.4 30.25 13.12 43.38 NOTE
r-devel-linux-x86_64-fedora-clang 0.4.4 100.80 NOTE
r-devel-linux-x86_64-fedora-gcc 0.4.4 81.76 NOTE
r-devel-osx-x86_64-clang 0.4.4 70.80 OK
r-devel-windows-ix86+x86_64 0.4.4 104.00 32.00 136.00 OK
r-patched-linux-x86_64 0.4.4 30.91 13.52 44.43 NOTE
r-patched-solaris-sparc 0.4.4 407.00 OK
r-patched-solaris-x86 0.4.4 110.70 OK
r-release-linux-ix86 0.4.4 40.79 21.12 61.92 NOTE
r-release-linux-x86_64 0.4.4 30.96 14.36 45.31 NOTE
r-release-osx-x86_64-mavericks 0.4.4 NOTE
r-release-osx-x86_64-snowleopard 0.4.4 NOTE
r-release-windows-ix86+x86_64 0.4.4 126.00 49.00 175.00 OK
r-oldrel-windows-ix86+x86_64 0.4.4 93.00 34.00 127.00 OK

Check Details

Version: 0.4.4
Check: installed package size
Result: NOTE
     installed size is 6.6Mb
     sub-directories of 1Mb or more:
     highlight 1.1Mb
     libs 5.2Mb
Flavors: r-devel-linux-x86_64-debian-clang, r-devel-linux-x86_64-debian-gcc, r-devel-linux-x86_64-fedora-clang, r-devel-linux-x86_64-fedora-gcc, r-patched-linux-x86_64, r-release-linux-ix86, r-release-linux-x86_64, r-release-osx-x86_64-mavericks, r-release-osx-x86_64-snowleopard