CRAN Package Check Results for Package highriskzone

Last updated on 2018-05-21 23:50:56 CEST.

Flavor Version Tinstall Tcheck Ttotal Status Flags
r-devel-linux-x86_64-debian-clang 1.4-2 7.39 104.87 112.26 NOTE
r-devel-linux-x86_64-debian-gcc 1.4-2 7.99 93.95 101.94 NOTE
r-devel-linux-x86_64-fedora-clang 1.4-2 153.88 OK
r-devel-linux-x86_64-fedora-gcc 1.4-2 150.70 OK
r-devel-windows-ix86+x86_64 1.4-2 14.00 125.00 139.00 OK
r-patched-linux-x86_64 1.4-2 7.47 101.15 108.62 NOTE
r-patched-solaris-x86 1.4-2 245.90 NOTE
r-release-linux-x86_64 1.4-2 7.22 101.16 108.38 NOTE
r-release-windows-ix86+x86_64 1.4-2 23.00 153.00 176.00 OK
r-release-osx-x86_64 1.4-2 NOTE
r-oldrel-windows-ix86+x86_64 1.4-2 18.00 110.00 128.00 OK
r-oldrel-osx-x86_64 1.4-2 NOTE

Check Details

Version: 1.4-2
Check: package dependencies
Result: NOTE
    Package suggested but not available for checking: ‘INLA’
Flavors: r-devel-linux-x86_64-debian-clang, r-devel-linux-x86_64-debian-gcc, r-patched-linux-x86_64, r-patched-solaris-x86, r-release-linux-x86_64, r-release-osx-x86_64, r-oldrel-osx-x86_64

Version: 1.4-2
Check: Rd cross-references
Result: NOTE
    Package unavailable to check Rd xrefs: ‘INLA’
Flavors: r-devel-linux-x86_64-debian-clang, r-devel-linux-x86_64-debian-gcc, r-patched-linux-x86_64, r-patched-solaris-x86, r-release-linux-x86_64, r-release-osx-x86_64, r-oldrel-osx-x86_64