CRAN Package Check Results for Package highriskzone

Last updated on 2015-09-01 21:47:03.

Flavor Version Tinstall Tcheck Ttotal Status Flags
r-devel-linux-x86_64-debian-clang 1.2 4.62 66.47 71.08 NOTE
r-devel-linux-x86_64-debian-gcc 1.2 4.57 66.32 70.89 NOTE
r-devel-linux-x86_64-fedora-clang 1.2 138.42 OK
r-devel-linux-x86_64-fedora-gcc 1.2 135.85 OK
r-devel-osx-x86_64-clang 1.2 112.63 OK
r-devel-windows-ix86+x86_64 1.2 20.00 103.00 123.00 OK
r-patched-linux-x86_64 1.2 6.31 70.02 76.34 NOTE
r-patched-solaris-sparc 1.2 812.40 NOTE
r-patched-solaris-x86 1.2 218.30 NOTE
r-release-linux-x86_64 1.2 4.78 69.98 74.76 NOTE
r-release-osx-x86_64-mavericks 1.2 NOTE
r-release-windows-ix86+x86_64 1.2 19.00 127.00 146.00 OK
r-oldrel-windows-ix86+x86_64 1.2 31.00 158.00 189.00 OK

Check Details

Version: 1.2
Check: package dependencies
Result: NOTE
    Package suggested but not available for checking: ‘INLA’
Flavors: r-devel-linux-x86_64-debian-clang, r-devel-linux-x86_64-debian-gcc, r-patched-linux-x86_64, r-patched-solaris-sparc, r-patched-solaris-x86, r-release-linux-x86_64, r-release-osx-x86_64-mavericks

Version: 1.2
Check: Rd cross-references
Result: NOTE
    Package unavailable to check Rd xrefs: ‘INLA’
Flavors: r-devel-linux-x86_64-debian-clang, r-devel-linux-x86_64-debian-gcc, r-patched-linux-x86_64, r-patched-solaris-sparc, r-patched-solaris-x86, r-release-linux-x86_64, r-release-osx-x86_64-mavericks