CRAN Package Check Results for Package highriskzone

Last updated on 2014-08-21 05:46:54.

Flavor Version Tinstall Tcheck Ttotal Status Flags
r-devel-linux-x86_64-debian-clang 1.1 4.62 62.58 67.21 WARN
r-devel-linux-x86_64-debian-gcc 1.1 4.19 64.42 68.61 WARN
r-devel-linux-x86_64-fedora-clang 1.1 166.34 WARN
r-devel-linux-x86_64-fedora-gcc 1.1 156.85 WARN
r-devel-osx-x86_64-clang 1.1 125.71 WARN
r-devel-windows-ix86+x86_64 1.1 14.00 99.00 113.00 WARN
r-patched-linux-x86_64 1.1 4.35 63.51 67.86 WARN
r-patched-solaris-sparc 1.1 851.40 WARN
r-patched-solaris-x86 1.1 221.20 WARN
r-release-linux-ix86 1.1 5.36 95.38 100.74 WARN
r-release-linux-x86_64 1.1 4.44 65.15 69.58 WARN
r-release-osx-x86_64-mavericks 1.1 OK
r-release-osx-x86_64-snowleopard 1.1 OK
r-release-windows-ix86+x86_64 1.1 12.00 105.00 117.00 WARN
r-oldrel-windows-ix86+x86_64 1.1 14.00 104.00 118.00 WARN

Check Details

Version: 1.1
Check: examples
Result: WARNING
    Found the following significant warnings:
    
     Warning: 'bounding.box' is deprecated.
     Warning: 'bounding.box' is deprecated.
     Warning: 'bounding.box' is deprecated.
    Deprecated functions may be defunct as soon as of the next release of
    R.
    See ?Deprecated.
Flavors: r-devel-linux-x86_64-debian-clang, r-devel-linux-x86_64-debian-gcc, r-devel-linux-x86_64-fedora-clang, r-devel-linux-x86_64-fedora-gcc, r-devel-osx-x86_64-clang, r-devel-windows-ix86+x86_64, r-patched-linux-x86_64, r-patched-solaris-sparc, r-patched-solaris-x86, r-release-linux-ix86, r-release-linux-x86_64, r-release-windows-ix86+x86_64, r-oldrel-windows-ix86+x86_64