CRAN Package Check Results for Package highriskzone

Last updated on 2016-05-04 21:46:47.

Flavor Version Tinstall Tcheck Ttotal Status Flags
r-devel-linux-x86_64-debian-gcc 1.3-1 5.07 70.37 75.44 NOTE
r-devel-linux-x86_64-fedora-clang 1.3-1 144.77 OK
r-devel-linux-x86_64-fedora-gcc 1.3-1 139.88 OK
r-devel-osx-x86_64-clang 1.3-1 156.07 OK
r-devel-windows-ix86+x86_64 1.3-1 13.00 155.00 168.00 OK
r-patched-linux-x86_64 1.3-1 4.82 69.78 74.60 NOTE
r-patched-solaris-sparc 1.3-1 890.90 NOTE
r-patched-solaris-x86 1.3-1 219.30 NOTE
r-release-linux-x86_64 1.3-1 4.92 70.38 75.30 NOTE
r-release-osx-x86_64-mavericks 1.3-1 NOTE
r-release-windows-ix86+x86_64 1.3-1 13.00 155.00 168.00 OK
r-oldrel-windows-ix86+x86_64 1.3-1 21.00 166.00 187.00 OK

Check Details

Version: 1.3-1
Check: package dependencies
Result: NOTE
    Package suggested but not available for checking: ‘INLA’
Flavors: r-devel-linux-x86_64-debian-gcc, r-patched-linux-x86_64, r-patched-solaris-sparc, r-patched-solaris-x86, r-release-linux-x86_64, r-release-osx-x86_64-mavericks

Version: 1.3-1
Check: Rd cross-references
Result: NOTE
    Package unavailable to check Rd xrefs: ‘INLA’
Flavors: r-devel-linux-x86_64-debian-gcc, r-patched-linux-x86_64, r-patched-solaris-sparc, r-patched-solaris-x86, r-release-linux-x86_64, r-release-osx-x86_64-mavericks