CRAN Package Check Results for Package highriskzone

Last updated on 2017-12-18 22:49:42 CET.

Flavor Version Tinstall Tcheck Ttotal Status Flags
r-devel-linux-x86_64-debian-clang 1.4-2 6.86 92.06 98.92 OK
r-devel-linux-x86_64-debian-gcc 1.4-2 5.40 86.56 91.96 OK
r-devel-linux-x86_64-fedora-clang 1.4-2 142.04 OK
r-devel-linux-x86_64-fedora-gcc 1.4-2 142.43 OK
r-devel-windows-ix86+x86_64 1.4-2 16.00 121.00 137.00 OK
r-patched-linux-x86_64 1.4-2 6.44 122.31 128.75 OK
r-patched-solaris-x86 1.4-2 286.40 NOTE
r-release-linux-x86_64 1.4-2 6.29 121.93 128.22 OK
r-release-windows-ix86+x86_64 1.4-2 14.00 120.00 134.00 OK
r-release-osx-x86_64 1.4-2 NOTE
r-oldrel-windows-ix86+x86_64 1.4-2 19.00 157.00 176.00 OK
r-oldrel-osx-x86_64 1.4-2 NOTE

Check Details

Version: 1.4-2
Check: package dependencies
Result: NOTE
    Package suggested but not available for checking: ‘INLA’
Flavors: r-patched-solaris-x86, r-release-osx-x86_64, r-oldrel-osx-x86_64

Version: 1.4-2
Check: Rd cross-references
Result: NOTE
    Package unavailable to check Rd xrefs: ‘INLA’
Flavors: r-patched-solaris-x86, r-release-osx-x86_64, r-oldrel-osx-x86_64