CRAN Package Check Results for Package highriskzone

Last updated on 2014-10-25 01:49:42.

Flavor Version Tinstall Tcheck Ttotal Status Flags
r-devel-linux-x86_64-debian-clang 1.1 5.58 63.16 68.75 WARN
r-devel-linux-x86_64-debian-gcc 1.1 4.16 63.85 68.01 WARN
r-devel-linux-x86_64-fedora-clang 1.1 161.87 WARN
r-devel-linux-x86_64-fedora-gcc 1.1 82.52 WARN
r-devel-osx-x86_64-clang 1.1 126.13 WARN
r-devel-windows-ix86+x86_64 1.1 12.00 96.00 108.00 WARN
r-patched-linux-x86_64 1.1 5.34 64.95 70.29 WARN
r-patched-solaris-sparc 1.1 851.40 WARN
r-patched-solaris-x86 1.1 222.30 WARN
r-release-linux-ix86 1.1 5.36 90.26 95.62 WARN
r-release-linux-x86_64 1.1 4.44 64.38 68.82 WARN
r-release-osx-x86_64-mavericks 1.1 OK
r-release-osx-x86_64-snowleopard 1.1 OK
r-release-windows-ix86+x86_64 1.1 13.00 103.00 116.00 WARN
r-oldrel-windows-ix86+x86_64 1.1 15.00 107.00 122.00 WARN

Check Details

Version: 1.1
Check: examples
Result: WARN
    Found the following significant warnings:
    
     Warning: 'bounding.box' is deprecated.
     Warning: 'bounding.box' is deprecated.
     Warning: 'bounding.box' is deprecated.
    Deprecated functions may be defunct as soon as of the next release of
    R.
    See ?Deprecated.
Flavors: r-devel-linux-x86_64-debian-clang, r-devel-linux-x86_64-debian-gcc, r-devel-linux-x86_64-fedora-clang, r-devel-linux-x86_64-fedora-gcc, r-devel-osx-x86_64-clang, r-devel-windows-ix86+x86_64, r-patched-linux-x86_64, r-patched-solaris-sparc, r-patched-solaris-x86, r-release-linux-ix86, r-release-linux-x86_64, r-release-windows-ix86+x86_64, r-oldrel-windows-ix86+x86_64