CRAN Package Check Results for Package highriskzone

Last updated on 2017-10-21 22:46:42.

Flavor Version Tinstall Tcheck Ttotal Status Flags
r-devel-linux-x86_64-debian-clang 1.4-1 5.12 72.05 77.17 NOTE
r-devel-linux-x86_64-debian-gcc 1.4-1 6.76 75.97 82.74 NOTE
r-devel-linux-x86_64-fedora-clang 1.4-1 164.80 OK
r-devel-linux-x86_64-fedora-gcc 1.4-1 165.99 OK
r-devel-windows-ix86+x86_64 1.4-1 17.00 177.00 194.00 OK
r-patched-linux-x86_64 1.4-1 5.22 73.26 78.48 NOTE
r-patched-solaris-x86 1.4-1 259.10 NOTE
r-release-linux-x86_64 1.4-1 4.89 74.97 79.86 NOTE
r-release-windows-ix86+x86_64 1.4-1 23.00 194.00 217.00 OK
r-release-osx-x86_64 1.4-1 NOTE
r-oldrel-windows-ix86+x86_64 1.4-1 12.00 156.00 168.00 OK
r-oldrel-osx-x86_64 1.4-1 NOTE

Check Details

Version: 1.4-1
Check: package dependencies
Result: NOTE
    Package suggested but not available for checking: ‘INLA’
Flavors: r-devel-linux-x86_64-debian-clang, r-devel-linux-x86_64-debian-gcc, r-patched-linux-x86_64, r-patched-solaris-x86, r-release-linux-x86_64, r-release-osx-x86_64, r-oldrel-osx-x86_64

Version: 1.4-1
Check: Rd cross-references
Result: NOTE
    Package unavailable to check Rd xrefs: ‘INLA’
Flavors: r-devel-linux-x86_64-debian-clang, r-devel-linux-x86_64-debian-gcc, r-patched-linux-x86_64, r-patched-solaris-x86, r-release-linux-x86_64, r-release-osx-x86_64, r-oldrel-osx-x86_64