CRAN Package Check Results for Package highriskzone

Last updated on 2014-07-24 17:49:02.

Flavor Version Tinstall Tcheck Ttotal Status Flags
r-devel-linux-x86_64-debian-clang 1.1 4.33 63.98 68.32 WARN
r-devel-linux-x86_64-debian-gcc 1.1 4.26 61.93 66.19 WARN
r-devel-linux-x86_64-fedora-clang 1.1 162.88 WARN
r-devel-linux-x86_64-fedora-gcc 1.1 153.34 WARN
r-devel-osx-x86_64-clang 1.1 123.12 WARN
r-devel-windows-ix86+x86_64 1.1 14.00 96.00 110.00 WARN
r-patched-linux-x86_64 1.1 4.86 62.42 67.27 WARN
r-patched-solaris-sparc 1.1 824.90 WARN
r-patched-solaris-x86 1.1 218.80 WARN
r-release-linux-ix86 1.1 5.24 88.03 93.27 WARN
r-release-linux-x86_64 1.1 4.48 65.01 69.49 WARN
r-release-osx-x86_64-mavericks 1.1 OK
r-release-osx-x86_64-snowleopard 1.1 OK
r-release-windows-ix86+x86_64 1.1 12.00 101.00 113.00 WARN
r-oldrel-windows-ix86+x86_64 1.1 13.00 101.00 114.00 WARN

Check Details

Version: 1.1
Check: examples
Result: WARNING
    Found the following significant warnings:
    
     Warning: 'bounding.box' is deprecated.
     Warning: 'bounding.box' is deprecated.
     Warning: 'bounding.box' is deprecated.
    Deprecated functions may be defunct as soon as of the next release of
    R.
    See ?Deprecated.
Flavors: r-devel-linux-x86_64-debian-clang, r-devel-linux-x86_64-debian-gcc, r-devel-linux-x86_64-fedora-clang, r-devel-linux-x86_64-fedora-gcc, r-devel-osx-x86_64-clang, r-devel-windows-ix86+x86_64, r-patched-linux-x86_64, r-patched-solaris-sparc, r-patched-solaris-x86, r-release-linux-ix86, r-release-linux-x86_64, r-release-windows-ix86+x86_64, r-oldrel-windows-ix86+x86_64