CRAN Package Check Results for Package highriskzone

Last updated on 2015-08-03 08:48:40.

Flavor Version Tinstall Tcheck Ttotal Status Flags
r-devel-linux-x86_64-debian-clang 1.2 4.74 70.02 74.76 NOTE
r-devel-linux-x86_64-debian-gcc 1.2 4.58 66.25 70.83 NOTE
r-devel-linux-x86_64-fedora-clang 1.2 146.91 OK
r-devel-linux-x86_64-fedora-gcc 1.2 136.97 OK
r-devel-osx-x86_64-clang 1.2 119.02 OK
r-devel-windows-ix86+x86_64 1.2 14.00 118.00 132.00 OK
r-patched-linux-x86_64 1.2 4.87 70.50 75.37 NOTE
r-patched-solaris-sparc 1.2 812.40 NOTE
r-patched-solaris-x86 1.2 213.70 NOTE
r-release-linux-x86_64 1.2 4.66 68.93 73.59 NOTE
r-release-osx-x86_64-mavericks 1.2 NOTE
r-release-windows-ix86+x86_64 1.2 18.00 116.00 134.00 OK
r-oldrel-windows-ix86+x86_64 1.2 26.00 208.00 234.00 OK

Check Details

Version: 1.2
Check: package dependencies
Result: NOTE
    Package suggested but not available for checking: ‘INLA’
Flavors: r-devel-linux-x86_64-debian-clang, r-devel-linux-x86_64-debian-gcc, r-patched-linux-x86_64, r-patched-solaris-sparc, r-patched-solaris-x86, r-release-linux-x86_64, r-release-osx-x86_64-mavericks

Version: 1.2
Check: Rd cross-references
Result: NOTE
    Package unavailable to check Rd xrefs: ‘INLA’
Flavors: r-devel-linux-x86_64-debian-clang, r-devel-linux-x86_64-debian-gcc, r-patched-linux-x86_64, r-patched-solaris-sparc, r-patched-solaris-x86, r-release-linux-x86_64, r-release-osx-x86_64-mavericks