CRAN Package Check Results for Package highriskzone

Last updated on 2014-09-02 10:51:48.

Flavor Version Tinstall Tcheck Ttotal Status Flags
r-devel-linux-x86_64-debian-clang 1.1 4.19 61.83 66.02 WARN
r-devel-linux-x86_64-debian-gcc 1.1 4.07 61.04 65.11 WARN
r-devel-linux-x86_64-fedora-clang 1.1 164.43 WARN
r-devel-linux-x86_64-fedora-gcc 1.1 152.18 WARN
r-devel-osx-x86_64-clang 1.1 121.24 WARN
r-devel-windows-ix86+x86_64 1.1 12.00 109.00 121.00 WARN
r-patched-linux-x86_64 1.1 4.26 62.84 67.10 WARN
r-patched-solaris-sparc 1.1 851.40 WARN
r-patched-solaris-x86 1.1 221.80 WARN
r-release-linux-ix86 1.1 5.28 90.06 95.34 WARN
r-release-linux-x86_64 1.1 4.71 64.05 68.76 WARN
r-release-osx-x86_64-mavericks 1.1 OK
r-release-osx-x86_64-snowleopard 1.1 OK
r-release-windows-ix86+x86_64 1.1 12.00 100.00 112.00 WARN
r-oldrel-windows-ix86+x86_64 1.1 19.00 102.00 121.00 WARN

Check Details

Version: 1.1
Check: examples
Result: WARN
    Found the following significant warnings:
    
     Warning: 'bounding.box' is deprecated.
     Warning: 'bounding.box' is deprecated.
     Warning: 'bounding.box' is deprecated.
    Deprecated functions may be defunct as soon as of the next release of
    R.
    See ?Deprecated.
Flavors: r-devel-linux-x86_64-debian-clang, r-devel-linux-x86_64-debian-gcc, r-devel-linux-x86_64-fedora-clang, r-devel-linux-x86_64-fedora-gcc, r-devel-osx-x86_64-clang, r-devel-windows-ix86+x86_64, r-patched-linux-x86_64, r-patched-solaris-sparc, r-patched-solaris-x86, r-release-linux-ix86, r-release-linux-x86_64, r-release-windows-ix86+x86_64, r-oldrel-windows-ix86+x86_64