CRAN Package Check Results for Package hilbertSimilarity

Last updated on 2020-02-26 08:52:25 CET.

Flavor Version Tinstall Tcheck Ttotal Status Flags
r-devel-linux-x86_64-debian-clang 0.4.3 17.42 195.18 212.60 OK
r-devel-linux-x86_64-debian-gcc 0.4.3 10.09 135.02 145.11 OK
r-devel-linux-x86_64-fedora-clang 0.4.3 241.92 OK
r-devel-linux-x86_64-fedora-gcc 0.4.3 241.91 OK
r-devel-windows-ix86+x86_64 0.4.3 38.00 213.00 251.00 OK
r-devel-windows-ix86+x86_64-gcc8 0.4.3 39.00 209.00 248.00 OK
r-patched-linux-x86_64 0.4.3 12.52 189.61 202.13 OK
r-patched-solaris-x86 0.4.3 258.70 WARN
r-release-linux-x86_64 0.4.3 13.08 187.32 200.40 OK
r-release-windows-ix86+x86_64 0.4.3 32.00 212.00 244.00 OK
r-release-osx-x86_64 0.4.3 OK
r-oldrel-windows-ix86+x86_64 0.4.3 43.00 223.00 266.00 OK
r-oldrel-osx-x86_64 0.4.3 OK

Check Details

Version: 0.4.3
Check: whether package can be installed
Result: WARN
    Found the following significant warnings:
     mapping.cpp:95:58: warning: ISO C++ says that these are ambiguous, even though the worst conversion for the first is better than the worst conversion for the second:
Flavor: r-patched-solaris-x86