CRAN Package Check Results for Package hint

Last updated on 2017-01-19 19:50:05.

Flavor Version Tinstall Tcheck Ttotal Status Flags
r-devel-linux-x86_64-debian-clang 0.1-1 1.36 13.31 14.68 NOTE
r-devel-linux-x86_64-debian-gcc 0.1-1 1.31 13.05 14.37 NOTE
r-devel-linux-x86_64-fedora-clang 0.1-1 25.95 NOTE --no-stop-on-test-error
r-devel-linux-x86_64-fedora-gcc 0.1-1 23.56 NOTE --no-stop-on-test-error
r-devel-macos-x86_64-clang 0.1-1 21.87 NOTE --no-stop-on-test-error
r-devel-windows-ix86+x86_64 0.1-1 11.00 35.00 46.00 NOTE
r-patched-linux-x86_64 0.1-1 1.18 11.27 12.46 NOTE
r-patched-solaris-sparc 0.1-1 135.90 NOTE
r-patched-solaris-x86 0.1-1 29.20 NOTE
r-release-linux-x86_64 0.1-1 1.15 11.55 12.70 NOTE
r-release-osx-x86_64-mavericks 0.1-1 NOTE
r-release-windows-ix86+x86_64 0.1-1 6.00 30.00 36.00 NOTE
r-oldrel-windows-ix86+x86_64 0.1-1 7.00 31.00 38.00 OK

Check Details

Version: 0.1-1
Check: R code for possible problems
Result: NOTE
    overlay.sim: no visible global function definition for ‘points’
    plotDistr: no visible global function definition for ‘dev.hold’
    plotDistr: no visible global function definition for ‘dev.flush’
    plotDistr: no visible global function definition for ‘plot’
    plotDistr: no visible global function definition for ‘segments’
    Undefined global functions or variables:
     dev.flush dev.hold plot points segments
    Consider adding
     importFrom("grDevices", "dev.flush", "dev.hold")
     importFrom("graphics", "plot", "points", "segments")
    to your NAMESPACE file.
Flavors: r-devel-linux-x86_64-debian-clang, r-devel-linux-x86_64-debian-gcc, r-devel-windows-ix86+x86_64, r-patched-linux-x86_64, r-patched-solaris-sparc, r-patched-solaris-x86, r-release-linux-x86_64, r-release-osx-x86_64-mavericks, r-release-windows-ix86+x86_64

Version: 0.1-1
Flags: --no-stop-on-test-error
Check: R code for possible problems
Result: NOTE
    overlay.sim: no visible global function definition for ‘points’
    plotDistr: no visible global function definition for ‘dev.hold’
    plotDistr: no visible global function definition for ‘dev.flush’
    plotDistr: no visible global function definition for ‘plot’
    plotDistr: no visible global function definition for ‘segments’
    Undefined global functions or variables:
     dev.flush dev.hold plot points segments
    Consider adding
     importFrom("grDevices", "dev.flush", "dev.hold")
     importFrom("graphics", "plot", "points", "segments")
    to your NAMESPACE file.
Flavors: r-devel-linux-x86_64-fedora-clang, r-devel-linux-x86_64-fedora-gcc, r-devel-macos-x86_64-clang