CRAN Package Check Results for Package hint

Last updated on 2017-02-22 17:48:44.

Flavor Version Tinstall Tcheck Ttotal Status Flags
r-devel-linux-x86_64-debian-clang 0.1-1 1.34 13.47 14.81 NOTE
r-devel-linux-x86_64-debian-gcc 0.1-1 1.27 13.58 14.85 NOTE
r-devel-linux-x86_64-fedora-clang 0.1-1 25.83 NOTE --no-stop-on-test-error
r-devel-linux-x86_64-fedora-gcc 0.1-1 23.61 NOTE --no-stop-on-test-error
r-devel-macos-x86_64-clang 0.1-1 22.39 NOTE --no-stop-on-test-error
r-devel-windows-ix86+x86_64 0.1-1 7.00 49.00 56.00 NOTE
r-patched-linux-x86_64 0.1-1 1.13 11.22 12.35 NOTE
r-patched-solaris-sparc 0.1-1 135.90 NOTE
r-patched-solaris-x86 0.1-1 28.70 NOTE
r-release-linux-x86_64 0.1-1 1.16 10.97 12.14 NOTE
r-release-osx-x86_64-mavericks 0.1-1 NOTE
r-release-windows-ix86+x86_64 0.1-1 6.00 30.00 36.00 NOTE
r-oldrel-windows-ix86+x86_64 0.1-1 7.00 31.00 38.00 OK

Check Details

Version: 0.1-1
Check: R code for possible problems
Result: NOTE
    overlay.sim: no visible global function definition for ‘points’
    plotDistr: no visible global function definition for ‘dev.hold’
    plotDistr: no visible global function definition for ‘dev.flush’
    plotDistr: no visible global function definition for ‘plot’
    plotDistr: no visible global function definition for ‘segments’
    Undefined global functions or variables:
     dev.flush dev.hold plot points segments
    Consider adding
     importFrom("grDevices", "dev.flush", "dev.hold")
     importFrom("graphics", "plot", "points", "segments")
    to your NAMESPACE file.
Flavors: r-devel-linux-x86_64-debian-clang, r-devel-linux-x86_64-debian-gcc, r-devel-windows-ix86+x86_64, r-patched-linux-x86_64, r-patched-solaris-sparc, r-patched-solaris-x86, r-release-linux-x86_64, r-release-osx-x86_64-mavericks, r-release-windows-ix86+x86_64

Version: 0.1-1
Check: compiled code
Result: NOTE
    File ‘hint/libs/hint.so’:
     Found no calls to: ‘R_registerRoutines’, ‘R_useDynamicSymbols’
    
    It is good practice to register native routines and to disable symbol
    search.
    
    See ‘Writing portable packages’ in the ‘Writing R Extensions’ manual.
Flavors: r-devel-linux-x86_64-debian-clang, r-devel-linux-x86_64-debian-gcc

Version: 0.1-1
Flags: --no-stop-on-test-error
Check: R code for possible problems
Result: NOTE
    overlay.sim: no visible global function definition for ‘points’
    plotDistr: no visible global function definition for ‘dev.hold’
    plotDistr: no visible global function definition for ‘dev.flush’
    plotDistr: no visible global function definition for ‘plot’
    plotDistr: no visible global function definition for ‘segments’
    Undefined global functions or variables:
     dev.flush dev.hold plot points segments
    Consider adding
     importFrom("grDevices", "dev.flush", "dev.hold")
     importFrom("graphics", "plot", "points", "segments")
    to your NAMESPACE file.
Flavors: r-devel-linux-x86_64-fedora-clang, r-devel-linux-x86_64-fedora-gcc, r-devel-macos-x86_64-clang

Version: 0.1-1
Flags: --no-stop-on-test-error
Check: compiled code
Result: NOTE
    File ‘hint/libs/hint.so’:
     Found no calls to: ‘R_registerRoutines’, ‘R_useDynamicSymbols’
    
    It is good practice to register native routines and to disable symbol
    search.
    
    See ‘Writing portable packages’ in the ‘Writing R Extensions’ manual.
Flavors: r-devel-linux-x86_64-fedora-clang, r-devel-linux-x86_64-fedora-gcc, r-devel-macos-x86_64-clang