CRAN Package Check Results for Package hint

Last updated on 2016-07-24 09:47:50.

Flavor Version Tinstall Tcheck Ttotal Status Flags
r-devel-linux-x86_64-debian-clang 0.1-1 2.01 13.31 15.32 NOTE
r-devel-linux-x86_64-debian-gcc 0.1-1 1.46 14.45 15.91 NOTE
r-devel-linux-x86_64-fedora-clang 0.1-1 21.55 NOTE
r-devel-linux-x86_64-fedora-gcc 0.1-1 20.88 NOTE
r-devel-osx-x86_64-clang 0.1-1 19.31 NOTE
r-devel-windows-ix86+x86_64 0.1-1 6.00 31.00 37.00 NOTE
r-patched-linux-x86_64 0.1-1 1.56 13.03 14.59 NOTE
r-patched-solaris-sparc 0.1-1 133.90 NOTE
r-patched-solaris-x86 0.1-1 28.50 NOTE
r-release-linux-x86_64 0.1-1 1.46 13.00 14.46 NOTE
r-release-osx-x86_64-mavericks 0.1-1 NOTE
r-release-windows-ix86+x86_64 0.1-1 7.00 39.00 46.00 NOTE
r-oldrel-windows-ix86+x86_64 0.1-1 7.00 25.00 32.00 OK

Check Details

Version: 0.1-1
Check: R code for possible problems
Result: NOTE
    overlay.sim: no visible global function definition for ‘points’
    plotDistr: no visible global function definition for ‘dev.hold’
    plotDistr: no visible global function definition for ‘dev.flush’
    plotDistr: no visible global function definition for ‘plot’
    plotDistr: no visible global function definition for ‘segments’
    Undefined global functions or variables:
     dev.flush dev.hold plot points segments
    Consider adding
     importFrom("grDevices", "dev.flush", "dev.hold")
     importFrom("graphics", "plot", "points", "segments")
    to your NAMESPACE file.
Flavors: r-devel-linux-x86_64-debian-clang, r-devel-linux-x86_64-debian-gcc, r-devel-linux-x86_64-fedora-clang, r-devel-linux-x86_64-fedora-gcc, r-devel-osx-x86_64-clang, r-devel-windows-ix86+x86_64, r-patched-linux-x86_64, r-patched-solaris-sparc, r-patched-solaris-x86, r-release-linux-x86_64, r-release-osx-x86_64-mavericks, r-release-windows-ix86+x86_64