CRAN Package Check Results for Package hint

Last updated on 2015-07-30 15:48:13.

Flavor Version Tinstall Tcheck Ttotal Status Flags
r-devel-linux-x86_64-debian-clang 0.1-1 1.24 10.60 11.83 NOTE
r-devel-linux-x86_64-debian-gcc 0.1-1 1.13 11.03 12.16 NOTE
r-devel-linux-x86_64-fedora-clang 0.1-1 24.08 NOTE
r-devel-linux-x86_64-fedora-gcc 0.1-1 21.22 NOTE
r-devel-osx-x86_64-clang 0.1-1 23.20 OK
r-devel-windows-ix86+x86_64 0.1-1 6.00 41.00 47.00 NOTE
r-patched-linux-x86_64 0.1-1 1.21 10.83 12.04 OK
r-patched-solaris-sparc 0.1-1 147.90 OK
r-patched-solaris-x86 0.1-1 33.10 OK
r-release-linux-x86_64 0.1-1 1.18 11.28 12.46 OK
r-release-osx-x86_64-mavericks 0.1-1 OK
r-release-windows-ix86+x86_64 0.1-1 8.00 24.00 32.00 OK
r-oldrel-windows-ix86+x86_64 0.1-1 11.00 27.00 38.00 OK

Check Details

Version: 0.1-1
Check: R code for possible problems
Result: NOTE
    overlay.sim: no visible global function definition for ‘points’
    plotDistr: no visible global function definition for ‘dev.hold’
    plotDistr: no visible global function definition for ‘dev.flush’
    plotDistr: no visible global function definition for ‘plot’
    plotDistr: no visible global function definition for ‘segments’
    Undefined global functions or variables:
     dev.flush dev.hold plot points segments
    Consider adding
     importFrom("grDevices", "dev.flush", "dev.hold")
     importFrom("graphics", "plot", "points", "segments")
    to your NAMESPACE.
Flavors: r-devel-linux-x86_64-debian-clang, r-devel-linux-x86_64-debian-gcc, r-devel-linux-x86_64-fedora-clang, r-devel-linux-x86_64-fedora-gcc, r-devel-windows-ix86+x86_64