CRAN Package Check Results for Package hint

Last updated on 2015-09-02 03:48:28.

Flavor Version Tinstall Tcheck Ttotal Status Flags
r-devel-linux-x86_64-debian-clang 0.1-1 1.07 10.95 12.02 NOTE
r-devel-linux-x86_64-debian-gcc 0.1-1 1.06 10.38 11.45 NOTE
r-devel-linux-x86_64-fedora-clang 0.1-1 23.23 NOTE
r-devel-linux-x86_64-fedora-gcc 0.1-1 22.29 NOTE
r-devel-osx-x86_64-clang 0.1-1 22.49 OK
r-devel-windows-ix86+x86_64 0.1-1 6.00 35.00 41.00 NOTE
r-patched-linux-x86_64 0.1-1 1.22 12.22 13.44 OK
r-patched-solaris-sparc 0.1-1 147.90 OK
r-patched-solaris-x86 0.1-1 34.10 OK
r-release-linux-x86_64 0.1-1 1.13 11.08 12.21 OK
r-release-osx-x86_64-mavericks 0.1-1 OK
r-release-windows-ix86+x86_64 0.1-1 7.00 25.00 32.00 OK
r-oldrel-windows-ix86+x86_64 0.1-1 11.00 27.00 38.00 OK

Check Details

Version: 0.1-1
Check: R code for possible problems
Result: NOTE
    overlay.sim: no visible global function definition for ‘points’
    plotDistr: no visible global function definition for ‘dev.hold’
    plotDistr: no visible global function definition for ‘dev.flush’
    plotDistr: no visible global function definition for ‘plot’
    plotDistr: no visible global function definition for ‘segments’
    Undefined global functions or variables:
     dev.flush dev.hold plot points segments
    Consider adding
     importFrom("grDevices", "dev.flush", "dev.hold")
     importFrom("graphics", "plot", "points", "segments")
    to your NAMESPACE.
Flavors: r-devel-linux-x86_64-debian-clang, r-devel-linux-x86_64-debian-gcc, r-devel-linux-x86_64-fedora-clang, r-devel-linux-x86_64-fedora-gcc, r-devel-windows-ix86+x86_64