CRAN Package Check Results for Package hints

Last updated on 2014-04-19 18:47:41.

Flavor Version Tinstall Tcheck Ttotal Status Flags
r-devel-linux-x86_64-debian-clang 1.0.1-1 0.51 8.79 9.30 NOTE
r-devel-linux-x86_64-debian-gcc 1.0.1-1 0.52 9.01 9.52 NOTE
r-devel-linux-x86_64-fedora-clang 1.0.1-1 21.53 NOTE
r-devel-linux-x86_64-fedora-gcc 1.0.1-1 19.88 NOTE
r-devel-macosx-x86_64-clang 1.0.1-1 21.49 NOTE
r-devel-macosx-x86_64-gcc 1.0.1-1 NOTE
r-devel-windows-ix86+x86_64 1.0.1-1 2.00 18.00 20.00 NOTE
r-patched-linux-x86_64 1.0.1-1 0.56 9.01 9.57 NOTE
r-patched-solaris-sparc 1.0.1-1 105.00 NOTE
r-patched-solaris-x86 1.0.1-1 29.20 NOTE
r-release-linux-ix86 NOTE
r-release-linux-x86_64 1.0.1-1 0.52 8.85 9.36 NOTE
r-release-windows-ix86+x86_64 1.0.1-1 4.00 20.00 24.00 NOTE
r-oldrel-windows-ix86+x86_64 1.0.1-1 2.00 17.00 19.00 NOTE

Check Details

Version: 1.0.1-1
Check: dependencies in R code
Result: NOTE
    Unexported object imported by a ':::' call: ‘utils:::.hsearch_db’
     See the note in ?`:::` about the use of this operator.
    See the information on DESCRIPTION files in the chapter ‘Creating R
    packages’ of the ‘Writing R Extensions’ manual.
Flavors: r-devel-linux-x86_64-debian-clang, r-devel-linux-x86_64-debian-gcc, r-devel-linux-x86_64-fedora-clang, r-devel-linux-x86_64-fedora-gcc, r-devel-macosx-x86_64-clang, r-devel-macosx-x86_64-gcc, r-devel-windows-ix86+x86_64, r-patched-linux-x86_64, r-patched-solaris-sparc, r-patched-solaris-x86, r-release-linux-ix86, r-release-linux-x86_64, r-release-windows-ix86+x86_64, r-oldrel-windows-ix86+x86_64

Version: 1.0.1-1
Check: installed files from ‘inst/doc’
Result: NOTE
    The following files are already in R: ‘Sweave.sty’
    Please remove them from your package.
    The following files should probably not be installed:
     ‘Rnews.sty’
    
    Consider the use of a .Rinstignore file: see ‘Writing R Extensions’,
    or move the vignette sources from ‘inst/doc’ to ‘vignettes’.
Flavors: r-devel-linux-x86_64-debian-clang, r-devel-linux-x86_64-debian-gcc, r-devel-linux-x86_64-fedora-clang, r-devel-linux-x86_64-fedora-gcc, r-devel-macosx-x86_64-clang, r-devel-macosx-x86_64-gcc, r-devel-windows-ix86+x86_64, r-patched-linux-x86_64, r-patched-solaris-sparc, r-patched-solaris-x86, r-release-linux-ix86, r-release-linux-x86_64, r-release-windows-ix86+x86_64, r-oldrel-windows-ix86+x86_64

Version: 1.0.1-1
Check: for old-style vignette sources
Result: NOTE
    Vignette sources only in ‘inst/doc’:
     ‘hints.Rnw’
    A ‘vignettes’ directory is required as from R 3.1.0
    and these will not be indexed nor checked
Flavors: r-devel-linux-x86_64-debian-clang, r-devel-linux-x86_64-debian-gcc, r-devel-linux-x86_64-fedora-clang, r-devel-linux-x86_64-fedora-gcc, r-devel-macosx-x86_64-clang, r-devel-macosx-x86_64-gcc, r-devel-windows-ix86+x86_64, r-patched-linux-x86_64, r-patched-solaris-sparc, r-patched-solaris-x86, r-release-linux-ix86, r-release-linux-x86_64, r-release-windows-ix86+x86_64

Version: 1.0.1-1
Check: for old-style vignette sources
Result: NOTE
    Vignette sources only in 'inst/doc':
     'hints.Rnw'
    A 'vignettes' directory will be required as from R 3.1.0
Flavor: r-oldrel-windows-ix86+x86_64