CRAN Package Check Results for Package hisemi

Last updated on 2017-10-21 22:46:42.

Flavor Version Tinstall Tcheck Ttotal Status Flags
r-devel-linux-x86_64-debian-clang 1.1-0 2.51 38.07 40.58 OK
r-devel-linux-x86_64-debian-gcc 1.1-0 3.49 43.02 46.51 OK
r-devel-linux-x86_64-fedora-clang 1.1-0 92.31 OK
r-devel-linux-x86_64-fedora-gcc 1.1-0 90.80 OK
r-devel-windows-ix86+x86_64 1.1-0 6.00 95.00 101.00 OK
r-patched-linux-x86_64 1.1-0 2.67 38.99 41.66 OK
r-patched-solaris-x86 1.1-0 118.40 OK
r-release-linux-x86_64 1.1-0 2.46 38.72 41.18 OK
r-release-windows-ix86+x86_64 1.1-0 9.00 95.00 104.00 OK
r-release-osx-x86_64 1.1-0 NOTE
r-oldrel-windows-ix86+x86_64 1.1-0 7.00 81.00 88.00 OK
r-oldrel-osx-x86_64 1.1-0 OK

Check Details

Version: 1.1-0
Check: package dependencies
Result: NOTE
    Packages suggested but not available for checking: ‘qvalue’ ‘pi0’
Flavor: r-release-osx-x86_64

Version: 1.1-0
Check: Rd cross-references
Result: NOTE
    Package unavailable to check Rd xrefs: ‘pi0’
Flavor: r-release-osx-x86_64