CRAN Package Check Results for Package hisemi

Last updated on 2018-05-22 22:48:33 CEST.

Flavor Version Tinstall Tcheck Ttotal Status Flags
r-oldrel-osx-x86_64 1.1-0 NOTE

Check Details

Version: 1.1-0
Check: package dependencies
Result: NOTE
    Packages suggested but not available for checking: ‘qvalue’ ‘pi0’
Flavor: r-oldrel-osx-x86_64

Version: 1.1-0
Check: Rd cross-references
Result: NOTE
    Package unavailable to check Rd xrefs: ‘pi0’
Flavor: r-oldrel-osx-x86_64