CRAN Package Check Results for Package hisemi

Last updated on 2014-10-25 14:50:54.

Flavor Version Tinstall Tcheck Ttotal Status Flags
r-devel-linux-x86_64-debian-clang 1.0-319 3.71 44.14 47.86 OK
r-devel-linux-x86_64-debian-gcc 1.0-319 3.66 43.60 47.25 OK
r-devel-linux-x86_64-fedora-clang 1.0-319 114.02 OK
r-devel-linux-x86_64-fedora-gcc 1.0-319 104.60 OK
r-devel-osx-x86_64-clang 1.0-319 91.23 OK
r-devel-windows-ix86+x86_64 1.0-319 9.00 60.00 69.00 OK
r-patched-linux-x86_64 1.0-319 4.08 45.60 49.69 OK
r-patched-solaris-sparc 1.0-319 634.40 OK
r-patched-solaris-x86 1.0-319 148.40 OK
r-release-linux-ix86 1.0-319 4.39 59.76 64.16 OK
r-release-linux-x86_64 1.0-319 3.73 50.01 53.74 OK
r-release-osx-x86_64-mavericks 1.0-319 NOTE
r-release-osx-x86_64-snowleopard 1.0-319 NOTE
r-release-windows-ix86+x86_64 1.0-319 10.00 72.00 82.00 OK
r-oldrel-windows-ix86+x86_64 1.0-319 10.00 62.00 72.00 OK

Check Details

Version: 1.0-319
Check: package dependencies
Result: NOTE
    Packages suggested but not available for checking:
     ‘multtest’ ‘qvalue’ ‘pi0’
Flavors: r-release-osx-x86_64-mavericks, r-release-osx-x86_64-snowleopard

Version: 1.0-319
Check: Rd cross-references
Result: NOTE
    Package unavailable to check Rd xrefs: ‘pi0’
Flavors: r-release-osx-x86_64-mavericks, r-release-osx-x86_64-snowleopard