CRAN Package Check Results for Package hisemi

Last updated on 2017-12-18 15:51:25 CET.

Flavor Version Tinstall Tcheck Ttotal Status Flags
r-devel-linux-x86_64-debian-clang 1.1-0 2.86 51.19 54.05 OK
r-devel-linux-x86_64-debian-gcc 1.1-0 2.71 48.04 50.75 OK
r-devel-linux-x86_64-fedora-clang 1.1-0 79.42 OK
r-devel-linux-x86_64-fedora-gcc 1.1-0 77.79 OK
r-devel-windows-ix86+x86_64 1.1-0 7.00 72.00 79.00 OK
r-patched-linux-x86_64 1.1-0 3.48 67.50 70.98 OK
r-patched-solaris-x86 1.1-0 117.80 OK
r-release-linux-x86_64 1.1-0 3.08 64.46 67.54 OK
r-release-windows-ix86+x86_64 1.1-0 8.00 64.00 72.00 OK
r-release-osx-x86_64 1.1-0 NOTE
r-oldrel-windows-ix86+x86_64 1.1-0 8.00 85.00 93.00 OK
r-oldrel-osx-x86_64 1.1-0 OK

Check Details

Version: 1.1-0
Check: package dependencies
Result: NOTE
    Packages suggested but not available for checking: ‘qvalue’ ‘pi0’
Flavor: r-release-osx-x86_64

Version: 1.1-0
Check: Rd cross-references
Result: NOTE
    Package unavailable to check Rd xrefs: ‘pi0’
Flavor: r-release-osx-x86_64