CRAN Package Check Results for Package hisemi

Last updated on 2015-03-05 10:50:01.

Flavor Version Tinstall Tcheck Ttotal Status Flags
r-devel-linux-x86_64-debian-clang 1.0-319 2.75 38.10 40.85 OK
r-devel-linux-x86_64-debian-gcc 1.0-319 2.69 37.12 39.82 OK
r-devel-linux-x86_64-fedora-clang 1.0-319 83.96 OK
r-devel-linux-x86_64-fedora-gcc 1.0-319 79.76 OK
r-devel-osx-x86_64-clang 1.0-319 75.98 OK
r-devel-windows-ix86+x86_64 1.0-319 8.00 53.00 61.00 OK
r-patched-linux-x86_64 1.0-319 3.59 45.71 49.30 OK
r-patched-solaris-sparc 1.0-319 621.50 OK
r-patched-solaris-x86 1.0-319 145.20 OK
r-release-linux-ix86 1.0-319 4.08 57.22 61.30 OK
r-release-linux-x86_64 1.0-319 3.69 46.10 49.78 OK
r-release-osx-x86_64-mavericks 1.0-319 OK
r-release-osx-x86_64-snowleopard 1.0-319 NOTE
r-release-windows-ix86+x86_64 1.0-319 10.00 68.00 78.00 OK
r-oldrel-windows-ix86+x86_64 1.0-319 9.00 63.00 72.00 OK

Check Details

Version: 1.0-319
Check: package dependencies
Result: NOTE
    Packages suggested but not available for checking:
     'multtest' 'qvalue' 'pi0'
Flavor: r-release-osx-x86_64-snowleopard

Version: 1.0-319
Check: Rd cross-references
Result: NOTE
    Package unavailable to check Rd xrefs: 'pi0'
Flavor: r-release-osx-x86_64-snowleopard