CRAN Package Check Results for Package hisemi

Last updated on 2014-04-24 17:49:45.

Flavor Version Tinstall Tcheck Ttotal Status Flags
r-devel-linux-x86_64-debian-clang 1.0-319 3.86 49.34 53.20 OK
r-devel-linux-x86_64-debian-gcc 1.0-319 3.75 49.74 53.49 OK
r-devel-linux-x86_64-fedora-clang 1.0-319 122.56 OK
r-devel-linux-x86_64-fedora-gcc 1.0-319 117.97 OK
r-devel-osx-x86_64-clang 1.0-319 90.05 OK
r-devel-osx-x86_64-gcc 1.0-319 ERROR
r-devel-windows-ix86+x86_64 1.0-319 10.00 68.00 78.00 OK
r-patched-linux-x86_64 1.0-319 3.75 49.00 52.75 OK
r-patched-solaris-sparc 1.0-319 637.10 OK
r-patched-solaris-x86 1.0-319 154.90 OK
r-release-linux-ix86 1.0-319 5.00 87.00 92.00 OK
r-release-linux-x86_64 1.0-319 3.77 49.93 53.70 OK
r-release-osx-x86_64-mavericks 1.0-319 WARN
r-release-osx-x86_64-snowleopard 1.0-319 NOTE
r-release-windows-ix86+x86_64 1.0-319 9.00 68.00 77.00 OK
r-oldrel-windows-ix86+x86_64 1.0-319 8.00 67.00 75.00 OK

Check Details

Version: 1.0-319
Check: package dependencies
Result: ERROR
    Package required but not available: ‘fda’
    
    Packages suggested but not available for checking:
     ‘multtest’ ‘qvalue’ ‘pi0’
    
    See the information on DESCRIPTION files in the chapter ‘Creating R
    packages’ of the ‘Writing R Extensions’ manual.
Flavor: r-devel-osx-x86_64-gcc

Version: 1.0-319
Check: package dependencies
Result: NOTE
    Packages suggested but not available for checking:
     ‘multtest’ ‘qvalue’ ‘pi0’
Flavors: r-release-osx-x86_64-mavericks, r-release-osx-x86_64-snowleopard

Version: 1.0-319
Check: Rd cross-references
Result: NOTE
    Package unavailable to check Rd xrefs: ‘pi0’
Flavors: r-release-osx-x86_64-mavericks, r-release-osx-x86_64-snowleopard

Version: 1.0-319
Check: PDF version of manual
Result: WARNING
    LaTeX errors when creating PDF version.
    This typically indicates Rd problems.
    LaTeX errors found:
    ! LaTeX Error: File `upquote.sty' not found.
    
    Type X to quit or <RETURN> to proceed,
    or enter new name. (Default extension: sty)
    
    67e2b1d4/Rd2.tex:8: ==> Fatal error occurred, no output PDF file produced!
Flavor: r-release-osx-x86_64-mavericks