CRAN Package Check Results for Package hisemi

Last updated on 2015-02-01 08:48:21.

Flavor Version Tinstall Tcheck Ttotal Status Flags
r-devel-linux-x86_64-debian-clang 1.0-319 2.86 37.69 40.56 OK
r-devel-linux-x86_64-debian-gcc 1.0-319 2.70 36.25 38.95 OK
r-devel-linux-x86_64-fedora-clang 1.0-319 108.94 OK
r-devel-linux-x86_64-fedora-gcc 1.0-319 83.14 OK
r-devel-osx-x86_64-clang 1.0-319 81.24 OK
r-devel-windows-ix86+x86_64 1.0-319 11.00 53.00 64.00 OK
r-patched-linux-x86_64 1.0-319 3.91 45.12 49.03 OK
r-patched-solaris-sparc 1.0-319 612.80 OK
r-patched-solaris-x86 1.0-319 147.50 OK
r-release-linux-ix86 1.0-319 4.04 54.98 59.01 OK
r-release-linux-x86_64 1.0-319 3.77 45.89 49.66 OK
r-release-osx-x86_64-mavericks 1.0-319 OK
r-release-osx-x86_64-snowleopard 1.0-319 NOTE
r-release-windows-ix86+x86_64 1.0-319 10.00 67.00 77.00 OK
r-oldrel-windows-ix86+x86_64 1.0-319 10.00 60.00 70.00 OK

Check Details

Version: 1.0-319
Check: package dependencies
Result: NOTE
    Packages suggested but not available for checking:
     'multtest' 'qvalue' 'pi0'
Flavor: r-release-osx-x86_64-snowleopard

Version: 1.0-319
Check: Rd cross-references
Result: NOTE
    Package unavailable to check Rd xrefs: 'pi0'
Flavor: r-release-osx-x86_64-snowleopard