CRAN Package Check Results for Package hisemi

Last updated on 2014-11-22 11:49:13.

Flavor Version Tinstall Tcheck Ttotal Status Flags
r-devel-linux-x86_64-debian-clang 1.0-319 3.46 43.90 47.36 OK
r-devel-linux-x86_64-debian-gcc 1.0-319 3.45 42.86 46.32 OK
r-devel-linux-x86_64-fedora-clang 1.0-319 114.04 OK
r-devel-linux-x86_64-fedora-gcc 1.0-319 106.70 OK
r-devel-osx-x86_64-clang 1.0-319 93.23 OK
r-devel-windows-ix86+x86_64 1.0-319 9.00 65.00 74.00 OK
r-patched-linux-x86_64 1.0-319 3.80 46.35 50.15 OK
r-patched-solaris-sparc 1.0-319 634.40 OK
r-patched-solaris-x86 1.0-319 143.40 OK
r-release-linux-ix86 1.0-319 4.37 53.90 58.27 OK
r-release-linux-x86_64 1.0-319 3.81 45.41 49.22 OK
r-release-osx-x86_64-mavericks 1.0-319 NOTE
r-release-osx-x86_64-snowleopard 1.0-319 NOTE
r-release-windows-ix86+x86_64 1.0-319 11.00 65.00 76.00 OK
r-oldrel-windows-ix86+x86_64 1.0-319 8.00 63.00 71.00 OK

Check Details

Version: 1.0-319
Check: package dependencies
Result: NOTE
    Packages suggested but not available for checking:
     ‘multtest’ ‘qvalue’ ‘pi0’
Flavors: r-release-osx-x86_64-mavericks, r-release-osx-x86_64-snowleopard

Version: 1.0-319
Check: Rd cross-references
Result: NOTE
    Package unavailable to check Rd xrefs: ‘pi0’
Flavors: r-release-osx-x86_64-mavericks, r-release-osx-x86_64-snowleopard