CRAN Package Check Results for Package hisemi

Last updated on 2014-09-02 03:49:39.

Flavor Version Tinstall Tcheck Ttotal Status Flags
r-devel-linux-x86_64-debian-clang 1.0-319 4.65 43.50 48.15 OK
r-devel-linux-x86_64-debian-gcc 1.0-319 3.46 43.20 46.66 OK
r-devel-linux-x86_64-fedora-clang 1.0-319 115.62 OK
r-devel-linux-x86_64-fedora-gcc 1.0-319 106.98 OK
r-devel-osx-x86_64-clang 1.0-319 87.09 OK
r-devel-windows-ix86+x86_64 1.0-319 9.00 69.00 78.00 OK
r-patched-linux-x86_64 1.0-319 3.60 47.52 51.12 OK
r-patched-solaris-sparc 1.0-319 634.40 OK
r-patched-solaris-x86 1.0-319 155.40 OK
r-release-linux-ix86 1.0-319 4.30 59.32 63.62 OK
r-release-linux-x86_64 1.0-319 3.63 48.00 51.63 OK
r-release-osx-x86_64-mavericks 1.0-319 NOTE
r-release-osx-x86_64-snowleopard 1.0-319 NOTE
r-release-windows-ix86+x86_64 1.0-319 9.00 66.00 75.00 OK
r-oldrel-windows-ix86+x86_64 1.0-319 7.00 64.00 71.00 OK

Check Details

Version: 1.0-319
Check: package dependencies
Result: NOTE
    Packages suggested but not available for checking:
     ‘multtest’ ‘qvalue’ ‘pi0’
Flavors: r-release-osx-x86_64-mavericks, r-release-osx-x86_64-snowleopard

Version: 1.0-319
Check: Rd cross-references
Result: NOTE
    Package unavailable to check Rd xrefs: ‘pi0’
Flavors: r-release-osx-x86_64-mavericks, r-release-osx-x86_64-snowleopard