CRAN Package Check Results for Package hisemi

Last updated on 2017-08-21 11:47:45.

Flavor Version Tinstall Tcheck Ttotal Status Flags
r-devel-linux-x86_64-debian-clang 1.1-0 2.52 39.15 41.68 OK
r-devel-linux-x86_64-debian-gcc 1.1-0 2.52 38.05 40.57 OK
r-devel-linux-x86_64-fedora-clang 1.1-0 89.35 OK
r-devel-linux-x86_64-fedora-gcc 1.1-0 87.63 OK
r-devel-windows-ix86+x86_64 1.1-0 7.00 67.00 74.00 OK
r-patched-linux-x86_64 1.1-0 2.70 38.52 41.23 OK
r-patched-solaris-x86 1.1-0 119.40 OK
r-release-linux-x86_64 1.1-0 2.48 38.83 41.31 OK
r-release-windows-ix86+x86_64 1.1-0 11.00 69.00 80.00 OK
r-release-osx-x86_64 1.1-0 NOTE
r-oldrel-windows-ix86+x86_64 1.1-0 6.00 63.00 69.00 OK
r-oldrel-osx-x86_64 1.1-0 OK

Check Details

Version: 1.1-0
Check: package dependencies
Result: NOTE
    Packages suggested but not available for checking: ‘qvalue’ ‘pi0’
Flavor: r-release-osx-x86_64

Version: 1.1-0
Check: Rd cross-references
Result: NOTE
    Package unavailable to check Rd xrefs: ‘pi0’
Flavor: r-release-osx-x86_64