CRAN Package Check Results for Package hisemi

Last updated on 2015-05-30 06:46:44.

Flavor Version Tinstall Tcheck Ttotal Status Flags
r-devel-linux-x86_64-debian-clang 1.0-319 2.75 38.26 41.02 OK
r-devel-linux-x86_64-debian-gcc 1.0-319 3.26 38.06 41.32 OK
r-devel-linux-x86_64-fedora-clang 1.0-319 87.02 OK
r-devel-linux-x86_64-fedora-gcc 1.0-319 78.20 OK
r-devel-osx-x86_64-clang 1.0-319 73.31 OK
r-devel-windows-ix86+x86_64 1.0-319 8.00 53.00 61.00 OK
r-patched-linux-x86_64 1.0-319 2.78 39.34 42.13 OK
r-patched-solaris-sparc 1.0-319 488.90 OK
r-patched-solaris-x86 1.0-319 112.90 OK
r-release-linux-x86_64 1.0-319 2.66 37.32 39.98 OK
r-release-osx-x86_64-mavericks 1.0-319 OK
r-release-osx-x86_64-snowleopard 1.0-319 ERROR
r-release-windows-ix86+x86_64 1.0-319 8.00 59.00 67.00 OK
r-oldrel-windows-ix86+x86_64 1.0-319 9.00 59.00 68.00 OK

Check Details

Version: 1.0-319
Check: package dependencies
Result: ERROR
    Package required but not available: ‘fda’
    
    Packages suggested but not available for checking:
     ‘multtest’ ‘qvalue’ ‘pi0’
    
    See section ‘The DESCRIPTION file’ in the ‘Writing R Extensions’
    manual.
Flavor: r-release-osx-x86_64-snowleopard