CRAN Package Check Results for Package hisemi

Last updated on 2014-07-24 21:48:44.

Flavor Version Tinstall Tcheck Ttotal Status Flags
r-devel-linux-x86_64-debian-clang 1.0-319 3.69 46.68 50.37 OK
r-devel-linux-x86_64-debian-gcc 1.0-319 3.68 46.26 49.94 OK
r-devel-linux-x86_64-fedora-clang 1.0-319 122.43 OK
r-devel-linux-x86_64-fedora-gcc 1.0-319 114.15 OK
r-devel-osx-x86_64-clang 1.0-319 92.75 OK
r-devel-windows-ix86+x86_64 1.0-319 8.00 66.00 74.00 OK
r-patched-linux-x86_64 1.0-319 3.62 47.15 50.77 OK
r-patched-solaris-sparc 1.0-319 637.10 OK
r-patched-solaris-x86 1.0-319 152.90 OK
r-release-linux-ix86 1.0-319 4.30 59.36 63.66 OK
r-release-linux-x86_64 1.0-319 3.80 49.58 53.38 OK
r-release-osx-x86_64-mavericks 1.0-319 NOTE
r-release-osx-x86_64-snowleopard 1.0-319 NOTE
r-release-windows-ix86+x86_64 1.0-319 8.00 67.00 75.00 OK
r-oldrel-windows-ix86+x86_64 1.0-319 9.00 60.00 69.00 OK

Check Details

Version: 1.0-319
Check: package dependencies
Result: NOTE
    Packages suggested but not available for checking:
     ‘multtest’ ‘qvalue’ ‘pi0’
Flavors: r-release-osx-x86_64-mavericks, r-release-osx-x86_64-snowleopard

Version: 1.0-319
Check: Rd cross-references
Result: NOTE
    Package unavailable to check Rd xrefs: ‘pi0’
Flavors: r-release-osx-x86_64-mavericks, r-release-osx-x86_64-snowleopard