CRAN Package Check Results for Package hisemi

Last updated on 2015-04-26 23:46:49.

Flavor Version Tinstall Tcheck Ttotal Status Flags
r-devel-linux-x86_64-debian-clang 1.0-319 3.04 38.34 41.38 OK
r-devel-linux-x86_64-debian-gcc 1.0-319 2.74 37.77 40.51 OK
r-devel-linux-x86_64-fedora-clang 1.0-319 83.37 OK
r-devel-linux-x86_64-fedora-gcc 1.0-319 79.33 OK
r-devel-osx-x86_64-clang 1.0-319 72.71 OK
r-devel-windows-ix86+x86_64 1.0-319 9.00 59.00 68.00 OK
r-patched-linux-x86_64 1.0-319 2.80 37.64 40.45 OK
r-patched-solaris-sparc 1.0-319 497.00 OK
r-patched-solaris-x86 1.0-319 114.00 OK
r-release-linux-x86_64 1.0-319 2.80 37.52 40.32 OK
r-release-osx-x86_64-mavericks 1.0-319 OK
r-release-osx-x86_64-snowleopard 1.0-319 ERROR
r-release-windows-ix86+x86_64 1.0-319 9.00 58.00 67.00 OK
r-oldrel-windows-ix86+x86_64 1.0-319 8.00 62.00 70.00 OK

Check Details

Version: 1.0-319
Check: package dependencies
Result: ERROR
    Package required but not available: ‘fda’
    
    Packages suggested but not available for checking:
     ‘multtest’ ‘qvalue’ ‘pi0’
    
    See section ‘The DESCRIPTION file’ in the ‘Writing R Extensions’
    manual.
Flavor: r-release-osx-x86_64-snowleopard