CRAN Package Check Results for Package hisemi

Last updated on 2014-12-20 12:47:27.

Flavor Version Tinstall Tcheck Ttotal Status Flags
r-devel-linux-x86_64-debian-clang 1.0-319 3.75 44.14 47.90 OK
r-devel-linux-x86_64-debian-gcc 1.0-319 3.42 43.30 46.72 OK
r-devel-linux-x86_64-fedora-clang 1.0-319 114.89 OK
r-devel-linux-x86_64-fedora-gcc 1.0-319 102.18 OK
r-devel-osx-x86_64-clang 1.0-319 94.95 OK
r-devel-windows-ix86+x86_64 1.0-319 10.00 62.00 72.00 OK
r-patched-linux-x86_64 1.0-319 3.58 45.42 49.00 OK
r-patched-solaris-sparc 1.0-319 634.40 OK
r-patched-solaris-x86 1.0-319 145.10 OK
r-release-linux-ix86 1.0-319 4.16 53.91 58.07 OK
r-release-linux-x86_64 1.0-319 3.58 44.99 48.57 OK
r-release-osx-x86_64-mavericks 1.0-319 NOTE
r-release-osx-x86_64-snowleopard 1.0-319 NOTE
r-release-windows-ix86+x86_64 1.0-319 9.00 65.00 74.00 OK
r-oldrel-windows-ix86+x86_64 1.0-319 10.00 68.00 78.00 OK

Check Details

Version: 1.0-319
Check: package dependencies
Result: NOTE
    Packages suggested but not available for checking:
     ‘multtest’ ‘qvalue’ ‘pi0’
Flavors: r-release-osx-x86_64-mavericks, r-release-osx-x86_64-snowleopard

Version: 1.0-319
Check: Rd cross-references
Result: NOTE
    Package unavailable to check Rd xrefs: ‘pi0’
Flavors: r-release-osx-x86_64-mavericks, r-release-osx-x86_64-snowleopard