Last updated on 2023-12-06 02:55:48 CET.
Flavor | Version | Tinstall | Tcheck | Ttotal | Status | Flags |
---|---|---|---|---|---|---|
r-devel-linux-x86_64-debian-clang | 0.2-2 | 5.19 | 47.99 | 53.18 | NOTE | |
r-devel-linux-x86_64-debian-gcc | 0.2-2 | 3.97 | 36.33 | 40.30 | NOTE | |
r-devel-linux-x86_64-fedora-clang | 0.2-2 | 65.25 | NOTE | |||
r-devel-linux-x86_64-fedora-gcc | 0.2-2 | 63.76 | NOTE | |||
r-devel-windows-x86_64 | 0.2-2 | 6.00 | 55.00 | 61.00 | NOTE | |
r-patched-linux-x86_64 | 0.2-2 | 5.61 | 46.99 | 52.60 | NOTE | |
r-release-linux-x86_64 | 0.2-2 | 5.02 | 46.93 | 51.95 | NOTE | |
r-release-macos-arm64 | 0.2-2 | 23.00 | NOTE | |||
r-release-macos-x86_64 | 0.2-2 | 35.00 | NOTE | |||
r-release-windows-x86_64 | 0.2-2 | 7.00 | 61.00 | 68.00 | NOTE | |
r-oldrel-macos-arm64 | 0.2-2 | 22.00 | OK | |||
r-oldrel-macos-x86_64 | 0.2-2 | 32.00 | OK | |||
r-oldrel-windows-x86_64 | 0.2-2 | 7.00 | 67.00 | 74.00 | NOTE |
Version: 0.2-2
Check: package dependencies
Result: NOTE
Package which this enhances but not available for checking: ‘HadoopStreaming’
Flavors: r-devel-linux-x86_64-debian-clang, r-devel-linux-x86_64-debian-gcc, r-devel-linux-x86_64-fedora-clang, r-devel-linux-x86_64-fedora-gcc, r-devel-windows-x86_64, r-patched-linux-x86_64, r-release-linux-x86_64, r-release-macos-arm64, r-release-macos-x86_64, r-release-windows-x86_64, r-oldrel-windows-x86_64