CRAN Package Check Results for Package hive

Last updated on 2015-05-30 17:46:37.

Flavor Version Tinstall Tcheck Ttotal Status Flags
r-devel-linux-x86_64-debian-clang 0.1-16 1.62 21.14 22.76 OK
r-devel-linux-x86_64-debian-gcc 0.1-16 1.40 20.33 21.74 OK
r-devel-linux-x86_64-fedora-clang 0.1-16 47.54 OK
r-devel-linux-x86_64-fedora-gcc 0.1-16 42.49 OK
r-devel-osx-x86_64-clang 0.1-16 44.64 OK
r-devel-windows-ix86+x86_64 0.1-16 5.00 37.00 42.00 OK
r-patched-linux-x86_64 0.1-16 1.49 20.20 21.69 OK
r-patched-solaris-sparc 0.1-16 267.90 OK
r-patched-solaris-x86 0.1-16 70.30 OK
r-release-linux-x86_64 0.1-16 1.40 20.40 21.80 OK
r-release-osx-x86_64-mavericks 0.1-16 OK
r-release-osx-x86_64-snowleopard 0.1-16 ERROR
r-release-windows-ix86+x86_64 0.1-16 5.00 33.00 38.00 OK
r-oldrel-windows-ix86+x86_64 0.1-16 7.00 42.00 49.00 OK

Check Details

Version: 0.1-16
Check: package dependencies
Result: ERROR
    Package required but not available: ‘XML’
    
    See section ‘The DESCRIPTION file’ in the ‘Writing R Extensions’
    manual.
Flavor: r-release-osx-x86_64-snowleopard