CRAN Package Check Results for Package hive

Last updated on 2014-04-23 12:48:19.

Flavor Version Tinstall Tcheck Ttotal Status Flags
r-devel-linux-x86_64-debian-clang 0.1-16 2.08 26.59 28.67 OK
r-devel-linux-x86_64-debian-gcc 0.1-16 2.18 26.40 28.58 OK
r-devel-linux-x86_64-fedora-clang 0.1-16 61.29 OK
r-devel-linux-x86_64-fedora-gcc 0.1-16 56.09 OK
r-devel-osx-x86_64-clang 0.1-16 48.92 OK
r-devel-osx-x86_64-gcc 0.1-16 ERROR
r-devel-windows-ix86+x86_64 0.1-16 6.00 40.00 46.00 OK
r-patched-linux-x86_64 0.1-16 2.15 26.57 28.72 OK
r-patched-solaris-sparc 0.1-16 336.40 OK
r-patched-solaris-x86 0.1-16 83.10 OK
r-release-linux-ix86 0.1-16 3.00 51.00 54.00 OK
r-release-linux-x86_64 0.1-16 2.22 26.65 28.88 OK
r-release-osx-x86_64-mavericks 0.1-16 OK
r-release-osx-x86_64-snowleopard 0.1-16 OK
r-release-windows-ix86+x86_64 0.1-16 9.00 54.00 63.00 OK
r-oldrel-windows-ix86+x86_64 0.1-16 6.00 42.00 48.00 OK

Check Details

Version: 0.1-16
Check: package dependencies
Result: ERROR
    Package required but not available: ‘XML’
    
    See the information on DESCRIPTION files in the chapter ‘Creating R
    packages’ of the ‘Writing R Extensions’ manual.
Flavor: r-devel-osx-x86_64-gcc