CRAN Package Check Results for Package hive

Last updated on 2015-04-27 10:48:47.

Flavor Version Tinstall Tcheck Ttotal Status Flags
r-devel-linux-x86_64-debian-clang 0.1-16 1.55 20.96 22.51 OK
r-devel-linux-x86_64-debian-gcc 0.1-16 1.42 20.73 22.15 OK
r-devel-linux-x86_64-fedora-clang 0.1-16 45.16 OK
r-devel-linux-x86_64-fedora-gcc 0.1-16 42.65 OK
r-devel-osx-x86_64-clang 0.1-16 43.93 OK
r-devel-windows-ix86+x86_64 0.1-16 5.00 36.00 41.00 OK
r-patched-linux-x86_64 0.1-16 1.52 20.66 22.18 OK
r-patched-solaris-sparc 0.1-16 278.80 OK
r-patched-solaris-x86 0.1-16 69.50 OK
r-release-linux-x86_64 0.1-16 1.43 20.58 22.02 OK
r-release-osx-x86_64-mavericks 0.1-16 OK
r-release-osx-x86_64-snowleopard 0.1-16 ERROR
r-release-windows-ix86+x86_64 0.1-16 5.00 33.00 38.00 OK
r-oldrel-windows-ix86+x86_64 0.1-16 7.00 42.00 49.00 OK

Check Details

Version: 0.1-16
Check: package dependencies
Result: ERROR
    Package required but not available: ‘XML’
    
    See section ‘The DESCRIPTION file’ in the ‘Writing R Extensions’
    manual.
Flavor: r-release-osx-x86_64-snowleopard