CRAN Package Check Results for Package hlr

Last updated on 2014-10-30 16:48:21.

Flavor Version Tinstall Tcheck Ttotal Status Flags
r-devel-linux-x86_64-debian-clang 0.0-4 0.56 10.03 10.59 NOTE
r-devel-linux-x86_64-debian-gcc 0.0-4 0.60 10.18 10.78 NOTE
r-devel-linux-x86_64-fedora-clang 0.0-4 21.45 NOTE
r-devel-linux-x86_64-fedora-gcc 0.0-4 20.45 NOTE
r-devel-osx-x86_64-clang 0.0-4 24.34 NOTE
r-devel-windows-ix86+x86_64 0.0-4 2.00 17.00 19.00 NOTE
r-patched-linux-x86_64 0.0-4 0.62 10.47 11.09 NOTE
r-patched-solaris-sparc 0.0-4 126.00 NOTE
r-patched-solaris-x86 0.0-4 32.90 NOTE
r-release-linux-ix86 0.0-4 0.83 16.45 17.28 NOTE
r-release-linux-x86_64 0.0-4 0.54 10.32 10.86 NOTE
r-release-osx-x86_64-mavericks 0.0-4 NOTE
r-release-osx-x86_64-snowleopard 0.0-4 NOTE
r-release-windows-ix86+x86_64 0.0-4 2.00 17.00 19.00 NOTE
r-oldrel-windows-ix86+x86_64 0.0-4 3.00 18.00 21.00 NOTE

Check Details

Version: 0.0-4
Check: R code for possible problems
Result: NOTE
    plot.MEL: no visible binding for global variable ‘xlab’
    plot.MEL: no visible binding for global variable ‘ylab’
    plot.MEL: no visible binding for global variable ‘ylim’
    plot.WEMEL: no visible binding for global variable ‘xlab’
    plot.WEMEL: no visible binding for global variable ‘ylab’
    plot.WEMEL: no visible binding for global variable ‘ylim’
    plot.WEMEL: no visible binding for global variable ‘main’
Flavors: r-devel-linux-x86_64-debian-clang, r-devel-linux-x86_64-debian-gcc, r-devel-linux-x86_64-fedora-clang, r-devel-linux-x86_64-fedora-gcc, r-devel-osx-x86_64-clang, r-devel-windows-ix86+x86_64, r-patched-linux-x86_64, r-patched-solaris-sparc, r-patched-solaris-x86, r-release-linux-ix86, r-release-linux-x86_64, r-release-osx-x86_64-mavericks, r-release-osx-x86_64-snowleopard, r-release-windows-ix86+x86_64, r-oldrel-windows-ix86+x86_64

Version: 0.0-4
Check: Rd line widths
Result: NOTE
    Rd file 'WEMEL.Rd':
     \usage lines wider than 90 characters:
     WEMEL(x, x1, y, delta=0.01, q=0.75, method="MCD", w=rep(1,length(y)), epsilon = 1e-06, maxit = 100)
    
    These lines will be truncated in the PDF manual.
Flavors: r-devel-linux-x86_64-debian-clang, r-devel-linux-x86_64-debian-gcc, r-devel-linux-x86_64-fedora-clang, r-devel-linux-x86_64-fedora-gcc, r-patched-linux-x86_64, r-release-linux-x86_64