CRAN Package Check Results for Package hlr

Last updated on 2014-04-24 09:49:02.

Flavor Version Tinstall Tcheck Ttotal Status Flags
r-devel-linux-x86_64-debian-clang 0.0-4 0.55 10.29 10.84 NOTE
r-devel-linux-x86_64-debian-gcc 0.0-4 0.55 10.12 10.67 NOTE
r-devel-linux-x86_64-fedora-clang 0.0-4 21.96 NOTE
r-devel-linux-x86_64-fedora-gcc 0.0-4 19.83 NOTE
r-devel-osx-x86_64-clang 0.0-4 22.18 NOTE
r-devel-osx-x86_64-gcc 0.0-4 NOTE
r-devel-windows-ix86+x86_64 0.0-4 2.00 18.00 20.00 NOTE
r-patched-linux-x86_64 0.0-4 0.56 10.34 10.90 NOTE
r-patched-solaris-sparc 0.0-4 119.60 NOTE
r-patched-solaris-x86 0.0-4 31.40 NOTE
r-release-linux-ix86 0.0-4 1.00 24.00 25.00 NOTE
r-release-linux-x86_64 0.0-4 0.55 10.23 10.78 NOTE
r-release-osx-x86_64-mavericks 0.0-4 WARN
r-release-osx-x86_64-snowleopard 0.0-4 NOTE
r-release-windows-ix86+x86_64 0.0-4 2.00 17.00 19.00 NOTE
r-oldrel-windows-ix86+x86_64 0.0-4 3.00 20.00 23.00 NOTE

Check Details

Version: 0.0-4
Check: R code for possible problems
Result: NOTE
    plot.MEL: no visible binding for global variable ‘xlab’
    plot.MEL: no visible binding for global variable ‘ylab’
    plot.MEL: no visible binding for global variable ‘ylim’
    plot.WEMEL: no visible binding for global variable ‘xlab’
    plot.WEMEL: no visible binding for global variable ‘ylab’
    plot.WEMEL: no visible binding for global variable ‘ylim’
    plot.WEMEL: no visible binding for global variable ‘main’
Flavors: r-devel-linux-x86_64-debian-clang, r-devel-linux-x86_64-debian-gcc, r-devel-linux-x86_64-fedora-clang, r-devel-linux-x86_64-fedora-gcc, r-devel-osx-x86_64-clang, r-devel-osx-x86_64-gcc, r-devel-windows-ix86+x86_64, r-patched-linux-x86_64, r-patched-solaris-sparc, r-patched-solaris-x86, r-release-linux-ix86, r-release-linux-x86_64, r-release-osx-x86_64-mavericks, r-release-osx-x86_64-snowleopard, r-release-windows-ix86+x86_64, r-oldrel-windows-ix86+x86_64

Version: 0.0-4
Check: Rd line widths
Result: NOTE
    Rd file 'WEMEL.Rd':
     \usage lines wider than 90 characters:
     WEMEL(x, x1, y, delta=0.01, q=0.75, method="MCD", w=rep(1,length(y)), epsilon = 1e-06, maxit = 100)
    
    These lines will be truncated in the PDF manual.
Flavors: r-devel-linux-x86_64-fedora-clang, r-devel-linux-x86_64-fedora-gcc

Version: 0.0-4
Check: PDF version of manual
Result: WARNING
    LaTeX errors when creating PDF version.
    This typically indicates Rd problems.
    LaTeX errors found:
    ! LaTeX Error: File `upquote.sty' not found.
    
    Type X to quit or <RETURN> to proceed,
    or enter new name. (Default extension: sty)
    
    28bb7601/Rd2.tex:8: ==> Fatal error occurred, no output PDF file produced!
Flavor: r-release-osx-x86_64-mavericks