Last updated on 2023-03-27 17:55:01 CEST.
Flavor | Version | Tinstall | Tcheck | Ttotal | Status | Flags |
---|---|---|---|---|---|---|
r-devel-linux-x86_64-debian-clang | 1.3.1 | 106.43 | 66.98 | 173.41 | OK | |
r-devel-linux-x86_64-debian-gcc | 1.3.1 | 87.13 | 50.24 | 137.37 | OK | |
r-devel-linux-x86_64-fedora-clang | 1.3.1 | 244.03 | OK | |||
r-devel-linux-x86_64-fedora-gcc | 1.3.1 | 228.47 | OK | |||
r-patched-linux-x86_64 | 1.3.1 | 82.56 | 62.90 | 145.46 | OK | |
r-release-linux-x86_64 | 1.3.1 | 83.39 | 64.98 | 148.37 | OK | |
r-release-macos-arm64 | 1.3.1 | 46.00 | NOTE | |||
r-release-macos-x86_64 | 1.3.1 | 77.00 | NOTE | |||
r-release-windows-x86_64 | 1.3.1 | 82.00 | 121.00 | 203.00 | OK | |
r-oldrel-macos-arm64 | 1.3.1 | 48.00 | NOTE | |||
r-oldrel-macos-x86_64 | 1.3.1 | 77.00 | NOTE | |||
r-oldrel-windows-ix86+x86_64 | 1.3.1 | 232.00 | 139.00 | 371.00 | NOTE |
Version: 1.3.1
Check: installed package size
Result: NOTE
installed size is 6.1Mb
sub-directories of 1Mb or more:
help 2.3Mb
libs 2.7Mb
Flavors: r-release-macos-arm64, r-release-macos-x86_64, r-oldrel-macos-arm64, r-oldrel-macos-x86_64, r-oldrel-windows-ix86+x86_64