CRAN Package Check Results for Package hmmm

Last updated on 2014-07-22 23:48:19.

Flavor Version Tinstall Tcheck Ttotal Status Flags
r-devel-linux-x86_64-debian-clang 1.0-2 1.05 106.75 107.80 NOTE
r-devel-linux-x86_64-debian-gcc 1.0-2 0.97 105.30 106.27 NOTE
r-devel-linux-x86_64-fedora-clang 1.0-2 224.19 NOTE
r-devel-linux-x86_64-fedora-gcc 1.0-2 215.43 NOTE
r-devel-osx-x86_64-clang 1.0-2 151.07 NOTE
r-devel-windows-ix86+x86_64 1.0-2 4.00 155.00 159.00 NOTE
r-patched-linux-x86_64 1.0-2 0.97 102.83 103.80 NOTE
r-patched-solaris-sparc 1.0-2 1661.40 NOTE
r-patched-solaris-x86 1.0-2 247.00 NOTE
r-release-linux-ix86 1.0-2 1.42 193.53 194.96 NOTE
r-release-linux-x86_64 1.0-2 0.99 103.84 104.83 NOTE
r-release-osx-x86_64-mavericks 1.0-2 NOTE
r-release-osx-x86_64-snowleopard 1.0-2 OK
r-release-windows-ix86+x86_64 1.0-2 4.00 163.00 167.00 NOTE
r-oldrel-windows-ix86+x86_64 1.0-2 5.00 142.00 147.00 NOTE

Check Details

Version: 1.0-2
Check: dependencies in R code
Result: NOTE
    Packages in Depends field not imported from:
     ‘MASS’ ‘mvtnorm’ ‘quadprog’
     These packages need to be imported from (in the NAMESPACE file)
     for when this namespace is loaded but not attached.
    See the information on DESCRIPTION files in the chapter ‘Creating R
    packages’ of the ‘Writing R Extensions’ manual.
Flavors: r-devel-linux-x86_64-debian-clang, r-devel-linux-x86_64-debian-gcc, r-devel-linux-x86_64-fedora-clang, r-devel-linux-x86_64-fedora-gcc, r-devel-osx-x86_64-clang, r-devel-windows-ix86+x86_64, r-patched-linux-x86_64, r-patched-solaris-sparc, r-patched-solaris-x86, r-release-linux-ix86, r-release-linux-x86_64, r-release-osx-x86_64-mavericks, r-release-windows-ix86+x86_64, r-oldrel-windows-ix86+x86_64