CRAN Package Check Results for Package hmmm

Last updated on 2014-04-18 11:47:18.

Flavor Version Tinstall Tcheck Ttotal Status Flags
r-devel-linux-x86_64-debian-clang 1.0-2 1.03 107.80 108.83 NOTE
r-devel-linux-x86_64-debian-gcc NOTE
r-devel-linux-x86_64-fedora-clang 1.0-2 224.93 NOTE
r-devel-linux-x86_64-fedora-gcc 1.0-2 217.35 NOTE
r-devel-macosx-x86_64-clang 1.0-2 155.14 NOTE
r-devel-macosx-x86_64-gcc 1.0-2 NOTE
r-devel-windows-ix86+x86_64 1.0-2 4.00 160.00 164.00 NOTE
r-patched-linux-x86_64 1.0-2 1.06 109.17 110.23 NOTE
r-patched-solaris-sparc 1.0-2 1661.40 NOTE
r-patched-solaris-x86 1.0-2 251.50 NOTE
r-release-linux-ix86 1.0-2 3.00 172.00 175.00 NOTE
r-release-linux-x86_64 1.0-2 1.03 108.74 109.77 NOTE
r-release-macosx-x86_64 1.0-2 OK
r-release-windows-ix86+x86_64 1.0-2 4.00 163.00 167.00 NOTE
r-oldrel-windows-ix86+x86_64 1.0-2 4.00 138.00 142.00 NOTE

Check Details

Version: 1.0-2
Check: dependencies in R code
Result: NOTE
    Packages in Depends field not imported from:
     ‘MASS’ ‘mvtnorm’ ‘quadprog’
     These packages need to be imported from (in the NAMESPACE file)
     for when this namespace is loaded but not attached.
    See the information on DESCRIPTION files in the chapter ‘Creating R
    packages’ of the ‘Writing R Extensions’ manual.
Flavors: r-devel-linux-x86_64-debian-clang, r-devel-linux-x86_64-debian-gcc, r-devel-linux-x86_64-fedora-clang, r-devel-linux-x86_64-fedora-gcc, r-devel-macosx-x86_64-clang, r-devel-macosx-x86_64-gcc, r-devel-windows-ix86+x86_64, r-patched-linux-x86_64, r-patched-solaris-sparc, r-patched-solaris-x86, r-release-linux-ix86, r-release-linux-x86_64, r-release-windows-ix86+x86_64, r-oldrel-windows-ix86+x86_64