CRAN Package Check Results for Package hmmm

Last updated on 2016-06-26 16:46:44.

Flavor Version Tinstall Tcheck Ttotal Status Flags
r-devel-linux-x86_64-debian-gcc 1.0-3 0.83 66.75 67.58 NOTE
r-devel-linux-x86_64-fedora-clang 1.0-3 124.32 NOTE
r-devel-linux-x86_64-fedora-gcc 1.0-3 121.02 NOTE
r-devel-osx-x86_64-clang 1.0-3 89.85 NOTE
r-devel-windows-ix86+x86_64 1.0-3 7.00 146.00 153.00 NOTE
r-patched-linux-x86_64 1.0-3 1.17 69.41 70.58 NOTE
r-patched-solaris-sparc 1.0-3 974.70 NOTE
r-patched-solaris-x86 1.0-3 138.90 NOTE
r-release-linux-x86_64 1.0-3 0.88 70.26 71.14 NOTE
r-release-osx-x86_64-mavericks 1.0-3 NOTE
r-release-windows-ix86+x86_64 1.0-3 3.00 108.00 111.00 NOTE
r-oldrel-windows-ix86+x86_64 1.0-3 7.00 208.00 215.00 OK

Check Details

Version: 1.0-3
Check: R code for possible problems
Result: NOTE
    Fchibar2: no visible global function definition for ‘pchisq’
    LDMatrix: no visible global function definition for ‘model.matrix’
    LDMatrix: no visible global function definition for ‘as.formula’
    akaike: no visible global function definition for ‘pchisq’
    chibar: no visible global function definition for ‘pchisq’
    chibar.summary : Fchibar: no visible global function definition for
     ‘pchisq’
    chibar.summary: no visible global function definition for ‘matplot’
    chibar.summary: no visible global function definition for ‘abline’
    cocamat: no visible global function definition for ‘contr.treatment’
    create.U: no visible global function definition for ‘runif’
    create.XMAT: no visible global function definition for ‘contrasts<-’
    create.XMAT: no visible global function definition for ‘contrasts’
    create.XMAT: no visible global function definition for ‘model.matrix’
    create.XMAT: no visible global function definition for ‘as.formula’
    hidden.emfit.S: no visible global function definition for ‘runif’
    hidden.emfit.S: no visible global function definition for ‘xtabs’
    hidden.emfit.S: no visible global function definition for ‘quantile’
    hidden.emfit.X: no visible global function definition for ‘runif’
    hidden.emfit.X: no visible global function definition for ‘xtabs’
    hidden.emfit.X: no visible global function definition for ‘quantile’
    hmm.hmm.anova: no visible global function definition for ‘pchisq’
    hmmm.hmmm.anova: no visible global function definition for ‘pchisq’
    hmmm.model.summary: no visible global function definition for ‘pchisq’
    loglin.model: no visible global function definition for ‘terms’
    loglin.model: no visible global function definition for
     ‘contr.treatment’
    model.summary: no visible global function definition for ‘pchisq’
    model.summary: no visible global function definition for ‘pnorm’
    mphineq.fit: no visible global function definition for ‘optimize’
    pesi.sim: no visible global function definition for ‘rnorm’
    pw.set: no visible global function definition for ‘combn’
    qchibar: no visible global function definition for ‘uniroot’
    testDF: no visible global function definition for ‘uniroot’
    testDF: no visible global function definition for ‘qchisq’
    Undefined global functions or variables:
     abline as.formula combn contr.treatment contrasts contrasts<- matplot
     model.matrix optimize pchisq pnorm qchisq quantile rnorm runif terms
     uniroot xtabs
    Consider adding
     importFrom("graphics", "abline", "matplot")
     importFrom("stats", "as.formula", "contr.treatment", "contrasts",
     "contrasts<-", "model.matrix", "optimize", "pchisq",
     "pnorm", "qchisq", "quantile", "rnorm", "runif", "terms",
     "uniroot", "xtabs")
     importFrom("utils", "combn")
    to your NAMESPACE file.
Flavors: r-devel-linux-x86_64-debian-gcc, r-devel-linux-x86_64-fedora-clang, r-devel-linux-x86_64-fedora-gcc, r-devel-osx-x86_64-clang, r-devel-windows-ix86+x86_64, r-patched-linux-x86_64, r-patched-solaris-sparc, r-patched-solaris-x86, r-release-linux-x86_64, r-release-osx-x86_64-mavericks, r-release-windows-ix86+x86_64