CRAN Package Check Results for Package hmmm

Last updated on 2015-07-27 23:47:59.

Flavor Version Tinstall Tcheck Ttotal Status Flags
r-devel-linux-x86_64-debian-clang 1.0-3 0.84 100.05 100.89 NOTE
r-devel-linux-x86_64-debian-gcc 1.0-3 0.92 97.92 98.84 NOTE
r-devel-linux-x86_64-fedora-clang 1.0-3 192.04 NOTE
r-devel-linux-x86_64-fedora-gcc 1.0-3 186.99 NOTE
r-devel-osx-x86_64-clang 1.0-3 147.73 OK
r-devel-windows-ix86+x86_64 1.0-3 4.00 150.00 154.00 NOTE
r-patched-linux-x86_64 1.0-3 0.86 97.16 98.02 OK
r-patched-solaris-sparc 1.0-3 1603.10 OK
r-patched-solaris-x86 1.0-3 230.20 OK
r-release-linux-x86_64 1.0-3 0.91 98.91 99.82 OK
r-release-osx-x86_64-mavericks 1.0-3 OK
r-release-windows-ix86+x86_64 1.0-3 6.00 200.00 206.00 OK
r-oldrel-windows-ix86+x86_64 1.0-3 8.00 163.00 171.00 OK

Check Details

Version: 1.0-3
Check: R code for possible problems
Result: NOTE
    Fchibar2: no visible global function definition for ‘pchisq’
    LDMatrix: no visible global function definition for ‘model.matrix’
    LDMatrix: no visible global function definition for ‘as.formula’
    akaike: no visible global function definition for ‘pchisq’
    chibar: no visible global function definition for ‘pchisq’
    chibar.summary : Fchibar: no visible global function definition for
     ‘pchisq’
    chibar.summary: no visible global function definition for ‘matplot’
    chibar.summary: no visible global function definition for ‘abline’
    cocamat: no visible global function definition for ‘contr.treatment’
    create.U: no visible global function definition for ‘runif’
    create.XMAT: no visible global function definition for ‘contrasts<-’
    create.XMAT: no visible global function definition for ‘contrasts’
    create.XMAT: no visible global function definition for ‘model.matrix’
    create.XMAT: no visible global function definition for ‘as.formula’
    hidden.emfit.S: no visible global function definition for ‘runif’
    hidden.emfit.S: no visible global function definition for ‘xtabs’
    hidden.emfit.S: no visible global function definition for ‘quantile’
    hidden.emfit.X: no visible global function definition for ‘runif’
    hidden.emfit.X: no visible global function definition for ‘xtabs’
    hidden.emfit.X: no visible global function definition for ‘quantile’
    hmm.hmm.anova: no visible global function definition for ‘pchisq’
    hmmm.hmmm.anova: no visible global function definition for ‘pchisq’
    hmmm.model.summary: no visible global function definition for ‘pchisq’
    loglin.model: no visible global function definition for ‘terms’
    loglin.model: no visible global function definition for
     ‘contr.treatment’
    model.summary: no visible global function definition for ‘pchisq’
    model.summary: no visible global function definition for ‘pnorm’
    mphineq.fit: no visible global function definition for ‘optimize’
    pesi.sim: no visible global function definition for ‘rnorm’
    pw.set: no visible global function definition for ‘combn’
    qchibar: no visible global function definition for ‘uniroot’
    testDF: no visible global function definition for ‘uniroot’
    testDF: no visible global function definition for ‘qchisq’
    Undefined global functions or variables:
     abline as.formula combn contr.treatment contrasts contrasts<- matplot
     model.matrix optimize pchisq pnorm qchisq quantile rnorm runif terms
     uniroot xtabs
    Consider adding
     importFrom("graphics", "abline", "matplot")
     importFrom("stats", "as.formula", "contr.treatment", "contrasts",
     "contrasts<-", "model.matrix", "optimize", "pchisq",
     "pnorm", "qchisq", "quantile", "rnorm", "runif", "terms",
     "uniroot", "xtabs")
     importFrom("utils", "combn")
    to your NAMESPACE.
Flavors: r-devel-linux-x86_64-debian-clang, r-devel-linux-x86_64-debian-gcc, r-devel-linux-x86_64-fedora-clang, r-devel-linux-x86_64-fedora-gcc, r-devel-windows-ix86+x86_64