CRAN Package Check Results for Package hnp

Last updated on 2019-06-27 08:49:11 CEST.

Flavor Version Tinstall Tcheck Ttotal Status Flags
r-devel-linux-x86_64-debian-clang 1.2-6 3.99 46.65 50.64 NOTE
r-devel-linux-x86_64-debian-gcc 1.2-6 2.85 36.66 39.51 NOTE
r-devel-linux-x86_64-fedora-clang 1.2-6 60.58 NOTE
r-devel-linux-x86_64-fedora-gcc 1.2-6 59.33 NOTE
r-devel-windows-ix86+x86_64 1.2-6 12.00 58.00 70.00 NOTE
r-patched-linux-x86_64 1.2-6 3.64 46.25 49.89 NOTE
r-patched-solaris-x86 1.2-6 87.30 NOTE
r-release-linux-x86_64 1.2-6 4.86 47.24 52.10 NOTE
r-release-windows-ix86+x86_64 1.2-6 7.00 81.00 88.00 NOTE
r-release-osx-x86_64 1.2-6 NOTE
r-oldrel-windows-ix86+x86_64 1.2-6 6.00 53.00 59.00 NOTE
r-oldrel-osx-x86_64 1.2-6 NOTE

Check Details

Version: 1.2-6
Check: package dependencies
Result: NOTE
    Package suggested but not available for checking: 'glmmADMB'
Flavors: r-devel-linux-x86_64-debian-clang, r-devel-linux-x86_64-debian-gcc, r-devel-linux-x86_64-fedora-clang, r-devel-linux-x86_64-fedora-gcc, r-devel-windows-ix86+x86_64, r-patched-linux-x86_64, r-patched-solaris-x86, r-release-linux-x86_64, r-release-windows-ix86+x86_64, r-release-osx-x86_64, r-oldrel-windows-ix86+x86_64, r-oldrel-osx-x86_64