CRAN Package Check Results for Package hnp

Last updated on 2019-04-22 04:51:34 CEST.

Flavor Version Tinstall Tcheck Ttotal Status Flags
r-devel-linux-x86_64-debian-clang 1.2-6 4.03 46.87 50.90 NOTE
r-devel-linux-x86_64-debian-gcc 1.2-6 3.24 37.20 40.44 NOTE
r-devel-linux-x86_64-fedora-clang 1.2-6 61.14 NOTE
r-devel-linux-x86_64-fedora-gcc 1.2-6 57.98 NOTE
r-devel-windows-ix86+x86_64 1.2-6 11.00 58.00 69.00 NOTE
r-patched-linux-x86_64 1.2-6 4.67 47.32 51.99 NOTE
r-patched-solaris-x86 1.2-6 86.30 NOTE
r-release-linux-x86_64 1.2-6 2.79 43.05 45.84 NOTE
r-release-windows-ix86+x86_64 1.2-6 5.00 75.00 80.00 NOTE
r-release-osx-x86_64 1.2-6 NOTE
r-oldrel-windows-ix86+x86_64 1.2-6 2.00 74.00 76.00 OK
r-oldrel-osx-x86_64 1.2-6 NOTE

Check Details

Version: 1.2-6
Check: package dependencies
Result: NOTE
    Package suggested but not available for checking: 'glmmADMB'
Flavors: r-devel-linux-x86_64-debian-clang, r-devel-linux-x86_64-debian-gcc, r-devel-linux-x86_64-fedora-clang, r-devel-linux-x86_64-fedora-gcc, r-devel-windows-ix86+x86_64, r-patched-linux-x86_64, r-patched-solaris-x86, r-release-linux-x86_64, r-release-windows-ix86+x86_64, r-release-osx-x86_64, r-oldrel-osx-x86_64