CRAN Package Check Results for Package hnp

Last updated on 2022-11-28 05:52:26 CET.

Flavor Version Tinstall Tcheck Ttotal Status Flags
r-devel-linux-x86_64-debian-clang 1.2-6 4.93 57.84 62.77 NOTE
r-devel-linux-x86_64-debian-gcc 1.2-6 3.39 45.46 48.85 NOTE
r-devel-linux-x86_64-fedora-clang 1.2-6 91.31 NOTE
r-devel-linux-x86_64-fedora-gcc 1.2-6 94.45 NOTE
r-devel-windows-x86_64 1.2-6 11.00 95.00 106.00 NOTE
r-patched-linux-x86_64 1.2-6 5.92 56.72 62.64 NOTE
r-release-linux-x86_64 1.2-6 5.47 57.65 63.12 NOTE
r-release-macos-arm64 1.2-6 24.00 NOTE
r-release-macos-x86_64 1.2-6 38.00 NOTE
r-release-windows-x86_64 1.2-6 17.00 89.00 106.00 NOTE
r-oldrel-macos-arm64 1.2-6 34.00 NOTE
r-oldrel-macos-x86_64 1.2-6 52.00 NOTE
r-oldrel-windows-ix86+x86_64 1.2-6 9.00 89.00 98.00 NOTE

Check Details

Version: 1.2-6
Check: package dependencies
Result: NOTE
    Package suggested but not available for checking: 'glmmADMB'
Flavors: r-devel-linux-x86_64-debian-clang, r-devel-linux-x86_64-debian-gcc, r-devel-linux-x86_64-fedora-clang, r-devel-linux-x86_64-fedora-gcc, r-devel-windows-x86_64, r-patched-linux-x86_64, r-release-linux-x86_64, r-release-macos-arm64, r-release-macos-x86_64, r-release-windows-x86_64, r-oldrel-macos-arm64, r-oldrel-macos-x86_64, r-oldrel-windows-ix86+x86_64