CRAN Package Check Results for Package hoardeR

Last updated on 2020-10-01 01:48:41 CEST.

Flavor Version Tinstall Tcheck Ttotal Status Flags
r-devel-linux-x86_64-debian-clang 0.9.4-2 27.38 249.04 276.42 OK
r-devel-linux-x86_64-debian-gcc 0.9.4-2 22.90 188.79 211.69 OK
r-devel-linux-x86_64-fedora-clang 0.9.4-2 336.49 NOTE
r-devel-linux-x86_64-fedora-gcc 0.9.4-2 338.02 NOTE
r-devel-windows-ix86+x86_64 0.9.4-2 67.00 266.00 333.00 OK
r-patched-linux-x86_64 0.9.4-2 27.51 230.84 258.35 OK
r-patched-solaris-x86 0.9.4-2 470.60 NOTE
r-release-linux-x86_64 0.9.4-2 27.95 230.35 258.30 OK
r-release-macos-x86_64 0.9.4-2 ERROR
r-release-windows-ix86+x86_64 0.9.4-2 64.00 282.00 346.00 OK
r-oldrel-macos-x86_64 0.9.4-2 ERROR
r-oldrel-windows-ix86+x86_64 0.9.4-2 54.00 259.00 313.00 OK

Check Details

Version: 0.9.4-2
Check: dependencies in R code
Result: NOTE
    Namespaces in Imports field not imported from:
     ‘knitr’ ‘rmarkdown’
     All declared Imports should be used.
Flavors: r-devel-linux-x86_64-fedora-clang, r-devel-linux-x86_64-fedora-gcc, r-patched-solaris-x86

Version: 0.9.4-2
Check: package dependencies
Result: ERROR
    Package required but not available: ‘bamsignals’
    
    See section ‘The DESCRIPTION file’ in the ‘Writing R Extensions’
    manual.
Flavor: r-release-macos-x86_64

Version: 0.9.4-2
Check: whether package can be installed
Result: ERROR
    Installation failed.
Flavor: r-oldrel-macos-x86_64