CRAN Package Check Results for Package homals

Last updated on 2022-05-24 01:49:53 CEST.

Flavor Version Tinstall Tcheck Ttotal Status Flags
r-devel-linux-x86_64-debian-clang 1.0-9 5.47 69.80 75.27 OK
r-devel-linux-x86_64-debian-gcc 1.0-9 4.42 51.54 55.96 OK
r-devel-linux-x86_64-fedora-clang 1.0-9 86.82 NOTE
r-devel-linux-x86_64-fedora-gcc 1.0-9 85.10 OK
r-devel-windows-x86_64 1.0-9 29.00 89.00 118.00 OK
r-patched-linux-x86_64 1.0-9 4.66 66.35 71.01 OK
r-release-linux-x86_64 1.0-9 OK
r-release-macos-arm64 1.0-9 22.00 OK
r-release-macos-x86_64 1.0-9 35.00 OK
r-release-windows-x86_64 1.0-9 33.00 81.00 114.00 OK
r-oldrel-macos-arm64 1.0-9 26.00 OK
r-oldrel-macos-x86_64 1.0-9 44.00 OK
r-oldrel-windows-ix86+x86_64 1.0-9 11.00 73.00 84.00 OK

Check Details

Version: 1.0-9
Check: Rd cross-references
Result: NOTE
    Undeclared package ‘rgl’ in Rd xrefs
Flavor: r-devel-linux-x86_64-fedora-clang