CRAN Package Check Results for Package homals

Last updated on 2019-06-25 09:50:46 CEST.

Flavor Version Tinstall Tcheck Ttotal Status Flags
r-devel-linux-x86_64-debian-clang 1.0-8 5.12 58.01 63.13 OK
r-devel-linux-x86_64-debian-gcc 1.0-8 3.98 46.08 50.06 OK
r-devel-linux-x86_64-fedora-clang 1.0-8 75.71 OK
r-devel-linux-x86_64-fedora-gcc 1.0-8 73.56 OK
r-devel-windows-ix86+x86_64 1.0-8 26.00 70.00 96.00 OK
r-patched-linux-x86_64 1.0-8 5.60 58.86 64.46 OK
r-patched-solaris-x86 1.0-8 104.60 OK
r-release-linux-x86_64 1.0-8 5.27 59.30 64.57 OK
r-release-windows-ix86+x86_64 1.0-8 13.00 103.00 116.00 OK
r-release-osx-x86_64 1.0-8 WARN
r-oldrel-windows-ix86+x86_64 1.0-8 9.00 65.00 74.00 OK
r-oldrel-osx-x86_64 1.0-8 OK

Check Details

Version: 1.0-8
Check: whether package can be installed
Result: WARN
    Found the following significant warnings:
     Warning: 'rgl_init' failed, running with rgl.useNULL = TRUE
Flavor: r-release-osx-x86_64