CRAN Package Check Results for Package homals

Last updated on 2015-05-07 02:46:31.

Flavor Version Tinstall Tcheck Ttotal Status Flags
r-devel-linux-x86_64-debian-clang 1.0-5 1.25 29.20 30.44 OK
r-devel-linux-x86_64-debian-gcc 1.0-5 1.04 28.79 29.83 OK
r-devel-linux-x86_64-fedora-clang 1.0-5 63.13 OK
r-devel-linux-x86_64-fedora-gcc 1.0-5 59.44 OK
r-devel-osx-x86_64-clang 1.0-5 46.70 OK
r-devel-windows-ix86+x86_64 1.0-5 5.00 40.00 45.00 OK
r-patched-linux-x86_64 1.0-5 1.04 28.84 29.89 OK
r-patched-solaris-sparc 1.0-5 313.20 OK
r-patched-solaris-x86 1.0-5 69.10 OK
r-release-linux-x86_64 1.0-5 1.07 28.80 29.87 OK
r-release-osx-x86_64-mavericks 1.0-5 OK
r-release-osx-x86_64-snowleopard 1.0-5 ERROR
r-release-windows-ix86+x86_64 1.0-5 5.00 40.00 45.00 OK
r-oldrel-windows-ix86+x86_64 1.0-5 6.00 52.00 58.00 OK

Check Details

Version: 1.0-5
Check: examples
Result: ERROR
    Running examples in ‘homals-Ex.R’ failed
    The error most likely occurred in:
    
    > ### Name: plot.homals
    > ### Title: Plot methods for homals
    > ### Aliases: plot.homals plot3dstatic plot3dstatic.homals plot3d.homals
    > ### Keywords: hplot
    >
    > ### ** Examples
    >
    >
    > ##Graphplot for Hartigan solution: 3 dimensions extracted, dimension 1 plotted
    > ##against dimension 3.
    > data(hartigan)
    > res <- homals(hartigan, ndim = 3)
    > plot(res, plot.dim = c(1,3), plot.type = "graphplot")
    >
    > ##3D star plot for indentation and bottom
    > plot3d(res, plot.type = "starplot", var.subset = c(2,4))
    Fri Mar 20 23:48:49 hagal.research.att.com R[98449] <Error>: unknown error code: invalid pixel format
    Fri Mar 20 23:48:49 hagal.research.att.com R[98449] <Error>: kCGErrorFailure: Set a breakpoint @ CGErrorBreakpoint() to catch errors as they are logged.
    X Error of failed request: GLXBadContext
     Major opcode of failed request: 0 ()
     Serial number of failed request: 27
     Current serial number in output stream: 27
Flavor: r-release-osx-x86_64-snowleopard