CRAN Package Check Results for Package homals

Last updated on 2017-06-22 15:48:28.

Flavor Version Tinstall Tcheck Ttotal Status Flags
r-devel-linux-x86_64-debian-clang 1.0-6 1.74 35.97 37.71 OK
r-devel-linux-x86_64-debian-gcc 1.0-6 1.81 35.39 37.21 OK
r-devel-linux-x86_64-fedora-clang 1.0-6 68.50 OK
r-devel-linux-x86_64-fedora-gcc 1.0-6 66.19 OK
r-devel-windows-ix86+x86_64 1.0-6 10.00 63.00 73.00 OK
r-patched-linux-x86_64 1.0-6 1.89 35.95 37.83 OK
r-patched-solaris-sparc 1.0-6 379.70 OK
r-patched-solaris-x86 1.0-6 77.10 OK
r-release-linux-x86_64 1.0-6 1.71 35.16 36.87 OK
r-release-windows-ix86+x86_64 1.0-6 7.00 62.00 69.00 OK
r-release-osx-x86_64 1.0-6 OK
r-oldrel-windows-ix86+x86_64 1.0-6 8.00 61.00 69.00 OK
r-oldrel-osx-x86_64 1.0-6 WARN

Check Details

Version: 1.0-6
Check: whether package can be installed
Result: WARN
    Found the following significant warnings:
     Warning: 'rgl_init' failed, running with rgl.useNULL = TRUE
Flavor: r-oldrel-osx-x86_64

Version: 1.0-6
Check: dependencies in R code
Result: NOTE
    Invalid MIT-MAGIC-COOKIE-1 key
Flavor: r-oldrel-osx-x86_64

Version: 1.0-6
Check: S3 generic/method consistency
Result: WARN
    Invalid MIT-MAGIC-COOKIE-1 key
    See section ‘Generic functions and methods’ in the ‘Writing R
    Extensions’ manual.
Flavor: r-oldrel-osx-x86_64

Version: 1.0-6
Check: replacement functions
Result: WARN
    Invalid MIT-MAGIC-COOKIE-1 key
    The argument of a replacement function which corresponds to the right
    hand side must be named ‘value’.
Flavor: r-oldrel-osx-x86_64

Version: 1.0-6
Check: foreign function calls
Result: NOTE
    Invalid MIT-MAGIC-COOKIE-1 key
    See chapter ‘System and foreign language interfaces’ in the ‘Writing R
    Extensions’ manual.
Flavor: r-oldrel-osx-x86_64

Version: 1.0-6
Check: R code for possible problems
Result: NOTE
    Invalid MIT-MAGIC-COOKIE-1 key
Flavor: r-oldrel-osx-x86_64

Version: 1.0-6
Check: for missing documentation entries
Result: WARN
    Invalid MIT-MAGIC-COOKIE-1 key
    All user-level objects in a package should have documentation entries.
    See chapter ‘Writing R documentation files’ in the ‘Writing R
    Extensions’ manual.
Flavor: r-oldrel-osx-x86_64

Version: 1.0-6
Check: for code/documentation mismatches
Result: WARN
    Invalid MIT-MAGIC-COOKIE-1 key
    Invalid MIT-MAGIC-COOKIE-1 key
    Invalid MIT-MAGIC-COOKIE-1 key
Flavor: r-oldrel-osx-x86_64

Version: 1.0-6
Check: Rd \usage sections
Result: NOTE
    Invalid MIT-MAGIC-COOKIE-1 key
    The \usage entries for S3 methods should use the \method markup and not
    their full name.
    See chapter ‘Writing R documentation files’ in the ‘Writing R
    Extensions’ manual.
Flavor: r-oldrel-osx-x86_64