CRAN Package Check Results for Package homals

Last updated on 2016-12-06 10:50:55.

Flavor Version Tinstall Tcheck Ttotal Status Flags
r-devel-linux-x86_64-debian-clang 1.0-6 1.67 35.35 37.02 OK
r-devel-linux-x86_64-debian-gcc 1.0-6 1.74 34.12 35.86 OK
r-devel-linux-x86_64-fedora-clang 1.0-6 68.51 OK --no-stop-on-test-error
r-devel-linux-x86_64-fedora-gcc 1.0-6 68.02 OK --no-stop-on-test-error
r-devel-macos-x86_64-clang 1.0-6 47.57 OK
r-devel-windows-ix86+x86_64 1.0-6 6.00 56.00 62.00 OK
r-patched-linux-x86_64 1.0-6 1.68 31.94 33.62 OK
r-patched-solaris-sparc 1.0-6 290.30 OK
r-patched-solaris-x86 1.0-6 71.20 OK
r-release-linux-x86_64 1.0-6 2.10 31.56 33.66 OK
r-release-osx-x86_64-mavericks 1.0-6 WARN
r-release-windows-ix86+x86_64 1.0-6 8.00 75.00 83.00 OK
r-oldrel-windows-ix86+x86_64 1.0-6 9.00 60.00 69.00 OK

Check Details

Version: 1.0-6
Check: whether package can be installed
Result: WARN
    Found the following significant warnings:
     Warning: 'rgl_init' failed, running with rgl.useNULL = TRUE
Flavor: r-release-osx-x86_64-mavericks

Version: 1.0-6
Check: dependencies in R code
Result: NOTE
    Invalid MIT-MAGIC-COOKIE-1 key
Flavor: r-release-osx-x86_64-mavericks

Version: 1.0-6
Check: S3 generic/method consistency
Result: WARN
    Invalid MIT-MAGIC-COOKIE-1 key
    See section ‘Generic functions and methods’ in the ‘Writing R
    Extensions’ manual.
Flavor: r-release-osx-x86_64-mavericks

Version: 1.0-6
Check: replacement functions
Result: WARN
    Invalid MIT-MAGIC-COOKIE-1 key
    The argument of a replacement function which corresponds to the right
    hand side must be named ‘value’.
Flavor: r-release-osx-x86_64-mavericks

Version: 1.0-6
Check: foreign function calls
Result: NOTE
    Invalid MIT-MAGIC-COOKIE-1 key
    See chapter ‘System and foreign language interfaces’ in the ‘Writing R
    Extensions’ manual.
Flavor: r-release-osx-x86_64-mavericks

Version: 1.0-6
Check: R code for possible problems
Result: NOTE
    Invalid MIT-MAGIC-COOKIE-1 key
Flavor: r-release-osx-x86_64-mavericks

Version: 1.0-6
Check: for missing documentation entries
Result: WARN
    Invalid MIT-MAGIC-COOKIE-1 key
    All user-level objects in a package should have documentation entries.
    See chapter ‘Writing R documentation files’ in the ‘Writing R
    Extensions’ manual.
Flavor: r-release-osx-x86_64-mavericks

Version: 1.0-6
Check: for code/documentation mismatches
Result: WARN
    Invalid MIT-MAGIC-COOKIE-1 key
    Invalid MIT-MAGIC-COOKIE-1 key
    Invalid MIT-MAGIC-COOKIE-1 key
Flavor: r-release-osx-x86_64-mavericks

Version: 1.0-6
Check: Rd \usage sections
Result: NOTE
    Invalid MIT-MAGIC-COOKIE-1 key
    The \usage entries for S3 methods should use the \method markup and not
    their full name.
    See chapter ‘Writing R documentation files’ in the ‘Writing R
    Extensions’ manual.
Flavor: r-release-osx-x86_64-mavericks