CRAN Package Check Results for Package homals

Last updated on 2015-06-30 19:47:49.

Flavor Version Tinstall Tcheck Ttotal Status Flags
r-devel-linux-x86_64-debian-clang 1.0-5 1.00 29.16 30.17 NOTE
r-devel-linux-x86_64-debian-gcc 1.0-5 1.03 28.29 29.32 NOTE
r-devel-linux-x86_64-fedora-clang 1.0-5 60.73 NOTE
r-devel-linux-x86_64-fedora-gcc 1.0-5 58.07 OK
r-devel-osx-x86_64-clang 1.0-5 47.25 OK
r-devel-windows-ix86+x86_64 1.0-5 12.00 39.00 51.00 NOTE
r-patched-linux-x86_64 1.0-5 1.00 28.54 29.54 OK
r-patched-solaris-sparc 1.0-5 298.30 OK
r-patched-solaris-x86 1.0-5 71.90 OK
r-release-linux-x86_64 1.0-5 0.97 28.83 29.80 OK
r-release-osx-x86_64-mavericks 1.0-5 OK
r-release-windows-ix86+x86_64 1.0-5 7.00 40.00 47.00 OK
r-oldrel-windows-ix86+x86_64 1.0-5 9.00 50.00 59.00 OK

Check Details

Version: 1.0-5
Check: R code for possible problems
Result: NOTE
    plot.homals: no visible global function definition for ‘rainbow’
    plot.homals: no visible global function definition for ‘chull’
    plot3d.homals: no visible global function definition for ‘rainbow’
    plot3d.homals: no visible global function definition for ‘dev.off’
    plot3dstatic.homals: no visible global function definition for
     ‘rainbow’
Flavors: r-devel-linux-x86_64-debian-clang, r-devel-linux-x86_64-debian-gcc, r-devel-linux-x86_64-fedora-clang, r-devel-windows-ix86+x86_64