CRAN Package Check Results for Package homals

Last updated on 2014-04-24 23:48:04.

Flavor Version Tinstall Tcheck Ttotal Status Flags
r-devel-linux-x86_64-debian-clang 1.0-5 1.39 31.11 32.50 OK
r-devel-linux-x86_64-debian-gcc 1.0-5 1.36 31.66 33.02 OK
r-devel-linux-x86_64-fedora-clang 1.0-5 77.11 OK
r-devel-linux-x86_64-fedora-gcc 1.0-5 72.93 OK
r-devel-osx-x86_64-clang 1.0-5 52.32 OK
r-devel-osx-x86_64-gcc 1.0-5 OK
r-devel-windows-ix86+x86_64 1.0-5 5.00 46.00 51.00 OK
r-patched-linux-x86_64 1.0-5 1.33 30.63 31.96 OK
r-patched-solaris-sparc 1.0-5 342.90 OK
r-patched-solaris-x86 1.0-5 84.80 OK
r-release-linux-ix86 1.0-5 3.00 60.00 63.00 OK
r-release-linux-x86_64 1.0-5 1.35 31.59 32.94 OK
r-release-osx-x86_64-mavericks 1.0-5 WARN
r-release-osx-x86_64-snowleopard 1.0-5 OK
r-release-windows-ix86+x86_64 1.0-5 6.00 44.00 50.00 OK
r-oldrel-windows-ix86+x86_64 1.0-5 5.00 48.00 53.00 OK

Check Details

Version: 1.0-5
Check: PDF version of manual
Result: WARNING
    LaTeX errors when creating PDF version.
    This typically indicates Rd problems.
    LaTeX errors found:
    ! LaTeX Error: File `upquote.sty' not found.
    
    Type X to quit or <RETURN> to proceed,
    or enter new name. (Default extension: sty)
    
    c12d533/Rd2.tex:8: ==> Fatal error occurred, no output PDF file produced!
Flavor: r-release-osx-x86_64-mavericks