CRAN Package Check Results for Package horserule

Last updated on 2021-11-29 14:48:53 CET.

Flavor Version Tinstall Tcheck Ttotal Status Flags
r-devel-linux-x86_64-debian-clang 1.0.0 11.36 131.14 142.50 NOTE
r-devel-linux-x86_64-debian-gcc 1.0.0 9.45 97.15 106.60 NOTE
r-devel-linux-x86_64-fedora-clang 1.0.0 175.41 NOTE
r-devel-linux-x86_64-fedora-gcc 1.0.0 164.14 NOTE
r-devel-windows-x86_64-new-UL 1.0.0 22.00 164.00 186.00 OK
r-devel-windows-x86_64-new-TK 1.0.0 NOTE
r-devel-windows-x86_64-old 1.0.0 19.00 115.00 134.00 OK
r-patched-linux-x86_64 1.0.0 11.56 121.30 132.86 NOTE
r-patched-solaris-x86 1.0.0 236.30 NOTE
r-release-linux-x86_64 1.0.0 11.37 121.28 132.65 NOTE
r-release-macos-arm64 1.0.0 NOTE
r-release-macos-x86_64 1.0.0 NOTE
r-release-windows-ix86+x86_64 1.0.0 30.00 108.00 138.00 OK
r-oldrel-macos-x86_64 1.0.0 NOTE
r-oldrel-windows-ix86+x86_64 1.0.0 21.00 111.00 132.00 OK

Check Details

Version: 1.0.0
Check: for non-standard things in the check directory
Result: NOTE
    Found the following files/directories:
     'NUL'
Flavors: r-devel-linux-x86_64-debian-clang, r-devel-linux-x86_64-debian-gcc, r-devel-linux-x86_64-fedora-clang, r-devel-linux-x86_64-fedora-gcc, r-patched-linux-x86_64, r-patched-solaris-x86, r-release-linux-x86_64

Version: 1.0.0
Check: dependencies in R code
Result: NOTE
    Namespaces in Imports field not imported from:
     ‘MASS’ ‘Rdpack’
     All declared Imports should be used.
Flavors: r-devel-linux-x86_64-fedora-clang, r-devel-linux-x86_64-fedora-gcc, r-devel-windows-x86_64-new-TK, r-patched-solaris-x86, r-release-macos-arm64, r-release-macos-x86_64, r-oldrel-macos-x86_64