CRAN Package Check Results for Package hotspots

Last updated on 2015-08-01 14:50:56.

Flavor Version Tinstall Tcheck Ttotal Status Flags
r-devel-linux-x86_64-debian-clang 1.0.2 0.62 10.52 11.14 NOTE
r-devel-linux-x86_64-debian-gcc 1.0.2 0.62 10.60 11.22 NOTE
r-devel-linux-x86_64-fedora-clang 1.0.2 21.77 NOTE
r-devel-linux-x86_64-fedora-gcc 1.0.2 19.93 NOTE
r-devel-osx-x86_64-clang 1.0.2 21.07 NOTE
r-devel-windows-ix86+x86_64 1.0.2 4.00 30.00 34.00 NOTE
r-patched-linux-x86_64 1.0.2 0.63 10.48 11.11 NOTE
r-patched-solaris-sparc 1.0.2 131.50 NOTE
r-patched-solaris-x86 1.0.2 30.80 NOTE
r-release-linux-x86_64 1.0.2 0.63 10.28 10.91 NOTE
r-release-osx-x86_64-mavericks 1.0.2 NOTE
r-release-windows-ix86+x86_64 1.0.2 5.00 28.00 33.00 NOTE
r-oldrel-windows-ix86+x86_64 1.0.2 5.00 21.00 26.00 NOTE

Check Details

Version: 1.0.2
Check: DESCRIPTION meta-information
Result: NOTE
    Malformed Description field: should contain one or more complete sentences.
Flavors: r-devel-linux-x86_64-debian-clang, r-devel-linux-x86_64-debian-gcc, r-devel-linux-x86_64-fedora-clang, r-devel-linux-x86_64-fedora-gcc, r-devel-osx-x86_64-clang, r-devel-windows-ix86+x86_64, r-patched-linux-x86_64, r-patched-solaris-sparc, r-patched-solaris-x86, r-release-linux-x86_64, r-release-osx-x86_64-mavericks, r-release-windows-ix86+x86_64

Version: 1.0.2
Check: S3 generic/method consistency
Result: NOTE
    Found the following apparent S3 methods exported but not registered:
     plot.hotspots print.hotspots print.summary.hotspots summary.hotspots
    See section ‘Registering S3 methods’ in the ‘Writing R Extensions’
    manual.
Flavors: r-devel-linux-x86_64-debian-clang, r-devel-linux-x86_64-debian-gcc, r-devel-linux-x86_64-fedora-clang, r-devel-linux-x86_64-fedora-gcc, r-devel-osx-x86_64-clang, r-patched-linux-x86_64, r-patched-solaris-sparc, r-patched-solaris-x86, r-release-linux-x86_64

Version: 1.0.2
Check: R code for possible problems
Result: NOTE
    print.summary.hotspots: warning in sort(x$data, dec = TRUE): partial
     argument match of ‘dec’ to ‘decreasing’
    print.summary.hotspots: warning in sort(x$disprop$positive, dec =
     TRUE): partial argument match of ‘dec’ to ‘decreasing’
    print.summary.hotspots: warning in sort(x$disprop$negative, dec =
     TRUE): partial argument match of ‘dec’ to ‘decreasing’
    Lchs: no visible global function definition for ‘plot’
    Lchs: no visible global function definition for ‘points’
    disprop: no visible global function definition for ‘median’
    hotspots: no visible global function definition for ‘median’
    hotspots: no visible global function definition for ‘qnorm’
    hotspots: no visible global function definition for ‘qt’
    plot.hotspots: no visible global function definition for ‘par’
    summary.hotspots: no visible global function definition for ‘median’
    Undefined global functions or variables:
     median par plot points qnorm qt
    Consider adding
     importFrom("graphics", "par", "plot", "points")
     importFrom("stats", "median", "qnorm", "qt")
    to your NAMESPACE.
Flavors: r-devel-linux-x86_64-debian-clang, r-devel-linux-x86_64-debian-gcc, r-devel-linux-x86_64-fedora-clang, r-devel-linux-x86_64-fedora-gcc, r-devel-windows-ix86+x86_64

Version: 1.0.2
Check: Rd line widths
Result: NOTE
    Rd file 'hotspots.Rd':
     \usage lines wider than 90 characters:
     outliers(x, p = 0.99, tail = "positive", distribution = "t", var.est = "mad", center.est = "mean")
    
    These lines will be truncated in the PDF manual.
Flavors: r-devel-linux-x86_64-debian-clang, r-devel-linux-x86_64-debian-gcc, r-devel-linux-x86_64-fedora-clang, r-devel-linux-x86_64-fedora-gcc, r-patched-linux-x86_64, r-release-linux-x86_64

Version: 1.0.2
Check: R code for possible problems
Result: NOTE
    print.summary.hotspots: warning in sort(x$data, dec = TRUE): partial
     argument match of 'dec' to 'decreasing'
    print.summary.hotspots: warning in sort(x$disprop$positive, dec =
     TRUE): partial argument match of 'dec' to 'decreasing'
    print.summary.hotspots: warning in sort(x$disprop$negative, dec =
     TRUE): partial argument match of 'dec' to 'decreasing'
Flavors: r-devel-osx-x86_64-clang, r-patched-linux-x86_64, r-patched-solaris-sparc, r-patched-solaris-x86, r-release-linux-x86_64, r-release-osx-x86_64-mavericks, r-release-windows-ix86+x86_64, r-oldrel-windows-ix86+x86_64