CRAN Package Check Results for Package hotspots

Last updated on 2014-04-24 15:50:39.

Flavor Version Tinstall Tcheck Ttotal Status Flags
r-devel-linux-x86_64-debian-clang 1.0.2 0.76 12.07 12.82 NOTE
r-devel-linux-x86_64-debian-gcc 1.0.2 0.76 12.08 12.84 NOTE
r-devel-linux-x86_64-fedora-clang 1.0.2 24.33 NOTE
r-devel-linux-x86_64-fedora-gcc 1.0.2 22.69 NOTE
r-devel-osx-x86_64-clang 1.0.2 24.58 NOTE
r-devel-osx-x86_64-gcc 1.0.2 NOTE
r-devel-windows-ix86+x86_64 1.0.2 3.00 18.00 21.00 NOTE
r-patched-linux-x86_64 1.0.2 0.76 11.90 12.66 NOTE
r-patched-solaris-sparc 1.0.2 139.30 NOTE
r-patched-solaris-x86 1.0.2 36.20 NOTE
r-release-linux-ix86 1.0.2 2.00 26.00 28.00 NOTE
r-release-linux-x86_64 1.0.2 0.76 12.28 13.04 NOTE
r-release-osx-x86_64-mavericks 1.0.2 WARN
r-release-osx-x86_64-snowleopard 1.0.2 NOTE
r-release-windows-ix86+x86_64 1.0.2 3.00 20.00 23.00 NOTE
r-oldrel-windows-ix86+x86_64 1.0.2 3.00 23.00 26.00 NOTE

Check Details

Version: 1.0.2
Check: R code for possible problems
Result: NOTE
    print.summary.hotspots: warning in sort(x$data, dec = TRUE): partial
     argument match of 'dec' to 'decreasing'
    print.summary.hotspots: warning in sort(x$disprop$positive, dec =
     TRUE): partial argument match of 'dec' to 'decreasing'
    print.summary.hotspots: warning in sort(x$disprop$negative, dec =
     TRUE): partial argument match of 'dec' to 'decreasing'
Flavors: r-devel-linux-x86_64-debian-clang, r-devel-linux-x86_64-debian-gcc, r-devel-linux-x86_64-fedora-clang, r-devel-linux-x86_64-fedora-gcc, r-devel-osx-x86_64-clang, r-devel-osx-x86_64-gcc, r-devel-windows-ix86+x86_64, r-patched-linux-x86_64, r-patched-solaris-sparc, r-patched-solaris-x86, r-release-linux-ix86, r-release-linux-x86_64, r-release-osx-x86_64-mavericks, r-release-osx-x86_64-snowleopard, r-release-windows-ix86+x86_64, r-oldrel-windows-ix86+x86_64

Version: 1.0.2
Check: Rd line widths
Result: NOTE
    Rd file 'hotspots.Rd':
     \usage lines wider than 90 characters:
     outliers(x, p = 0.99, tail = "positive", distribution = "t", var.est = "mad", center.est = "mean")
    
    These lines will be truncated in the PDF manual.
Flavors: r-devel-linux-x86_64-fedora-clang, r-devel-linux-x86_64-fedora-gcc

Version: 1.0.2
Check: PDF version of manual
Result: WARNING
    LaTeX errors when creating PDF version.
    This typically indicates Rd problems.
    LaTeX errors found:
    ! LaTeX Error: File `upquote.sty' not found.
    
    Type X to quit or <RETURN> to proceed,
    or enter new name. (Default extension: sty)
    
    756816f2/Rd2.tex:8: ==> Fatal error occurred, no output PDF file produced!
Flavor: r-release-osx-x86_64-mavericks