CRAN Package Check Results for Package hotspots

Last updated on 2014-07-24 11:53:23.

Flavor Version Tinstall Tcheck Ttotal Status Flags
r-devel-linux-x86_64-debian-clang 1.0.2 0.69 11.40 12.08 NOTE
r-devel-linux-x86_64-debian-gcc 1.0.2 0.89 11.22 12.11 NOTE
r-devel-linux-x86_64-fedora-clang 1.0.2 25.05 NOTE
r-devel-linux-x86_64-fedora-gcc 1.0.2 23.48 NOTE
r-devel-osx-x86_64-clang 1.0.2 25.69 NOTE
r-devel-windows-ix86+x86_64 1.0.2 3.00 19.00 22.00 NOTE
r-patched-linux-x86_64 1.0.2 0.70 11.36 12.06 NOTE
r-patched-solaris-sparc 1.0.2 139.30 NOTE
r-patched-solaris-x86 1.0.2 35.50 NOTE
r-release-linux-ix86 1.0.2 1.08 17.61 18.68 NOTE
r-release-linux-x86_64 1.0.2 0.74 12.04 12.78 NOTE
r-release-osx-x86_64-mavericks 1.0.2 NOTE
r-release-osx-x86_64-snowleopard 1.0.2 NOTE
r-release-windows-ix86+x86_64 1.0.2 3.00 19.00 22.00 NOTE
r-oldrel-windows-ix86+x86_64 1.0.2 3.00 21.00 24.00 NOTE

Check Details

Version: 1.0.2
Check: R code for possible problems
Result: NOTE
    print.summary.hotspots: warning in sort(x$data, dec = TRUE): partial
     argument match of 'dec' to 'decreasing'
    print.summary.hotspots: warning in sort(x$disprop$positive, dec =
     TRUE): partial argument match of 'dec' to 'decreasing'
    print.summary.hotspots: warning in sort(x$disprop$negative, dec =
     TRUE): partial argument match of 'dec' to 'decreasing'
Flavors: r-devel-linux-x86_64-debian-clang, r-devel-linux-x86_64-debian-gcc, r-devel-linux-x86_64-fedora-clang, r-devel-linux-x86_64-fedora-gcc, r-devel-osx-x86_64-clang, r-devel-windows-ix86+x86_64, r-patched-linux-x86_64, r-patched-solaris-sparc, r-patched-solaris-x86, r-release-linux-ix86, r-release-linux-x86_64, r-release-osx-x86_64-mavericks, r-release-osx-x86_64-snowleopard, r-release-windows-ix86+x86_64, r-oldrel-windows-ix86+x86_64

Version: 1.0.2
Check: Rd line widths
Result: NOTE
    Rd file 'hotspots.Rd':
     \usage lines wider than 90 characters:
     outliers(x, p = 0.99, tail = "positive", distribution = "t", var.est = "mad", center.est = "mean")
    
    These lines will be truncated in the PDF manual.
Flavors: r-devel-linux-x86_64-fedora-clang, r-devel-linux-x86_64-fedora-gcc