CRAN Package Check Results for Package hotspots

Last updated on 2018-04-22 23:50:12 CEST.

Flavor Version Tinstall Tcheck Ttotal Status Flags
r-devel-linux-x86_64-debian-clang 1.0.2 1.33 16.53 17.86 ERROR
r-devel-linux-x86_64-debian-gcc 1.0.2 0.93 14.85 15.78 ERROR
r-devel-linux-x86_64-fedora-clang 1.0.2 24.24 NOTE
r-devel-linux-x86_64-fedora-gcc 1.0.2 23.17 NOTE
r-devel-windows-ix86+x86_64 1.0.2 4.00 32.00 36.00 NOTE
r-devel-osx-x86_64 1.0.2 NOTE
r-patched-linux-x86_64 1.0.2 1.22 18.05 19.27 ERROR
r-patched-solaris-x86 1.0.2 37.10 NOTE
r-release-linux-x86_64 1.0.2 1.15 22.76 23.91 NOTE
r-release-windows-ix86+x86_64 1.0.2 4.00 45.00 49.00 NOTE
r-release-osx-x86_64 1.0.2 NOTE
r-oldrel-windows-ix86+x86_64 1.0.2 6.00 37.00 43.00 NOTE

Check Details

Version: 1.0.2
Check: DESCRIPTION meta-information
Result: NOTE
    Malformed Description field: should contain one or more complete sentences.
Flavors: r-devel-linux-x86_64-debian-clang, r-devel-linux-x86_64-debian-gcc, r-devel-linux-x86_64-fedora-clang, r-devel-linux-x86_64-fedora-gcc, r-devel-windows-ix86+x86_64, r-devel-osx-x86_64, r-patched-linux-x86_64, r-patched-solaris-x86, r-release-linux-x86_64, r-release-windows-ix86+x86_64, r-release-osx-x86_64, r-oldrel-windows-ix86+x86_64

Version: 1.0.2
Check: S3 generic/method consistency
Result: NOTE
    Found the following apparent S3 methods exported but not registered:
     plot.hotspots print.hotspots print.summary.hotspots summary.hotspots
    See section ‘Registering S3 methods’ in the ‘Writing R Extensions’
    manual.
Flavors: r-devel-linux-x86_64-debian-clang, r-devel-linux-x86_64-debian-gcc, r-devel-linux-x86_64-fedora-clang, r-devel-linux-x86_64-fedora-gcc, r-patched-linux-x86_64, r-patched-solaris-x86, r-release-linux-x86_64

Version: 1.0.2
Check: R code for possible problems
Result: NOTE
    print.summary.hotspots: warning in sort(x$data, dec = TRUE): partial
     argument match of ‘dec’ to ‘decreasing’
    print.summary.hotspots: warning in sort(x$disprop$positive, dec =
     TRUE): partial argument match of ‘dec’ to ‘decreasing’
    print.summary.hotspots: warning in sort(x$disprop$negative, dec =
     TRUE): partial argument match of ‘dec’ to ‘decreasing’
    Lchs: no visible global function definition for ‘plot’
    Lchs: no visible global function definition for ‘points’
    disprop: no visible global function definition for ‘median’
    hotspots: no visible global function definition for ‘median’
    hotspots: no visible global function definition for ‘qnorm’
    hotspots: no visible global function definition for ‘qt’
    plot.hotspots: no visible global function definition for ‘par’
    summary.hotspots: no visible global function definition for ‘median’
    Undefined global functions or variables:
     median par plot points qnorm qt
    Consider adding
     importFrom("graphics", "par", "plot", "points")
     importFrom("stats", "median", "qnorm", "qt")
    to your NAMESPACE file.
Flavors: r-devel-linux-x86_64-debian-clang, r-devel-linux-x86_64-debian-gcc, r-devel-linux-x86_64-fedora-clang, r-devel-linux-x86_64-fedora-gcc, r-devel-windows-ix86+x86_64, r-devel-osx-x86_64, r-patched-linux-x86_64, r-patched-solaris-x86, r-release-linux-x86_64, r-release-windows-ix86+x86_64, r-release-osx-x86_64, r-oldrel-windows-ix86+x86_64

Version: 1.0.2
Check: Rd line widths
Result: NOTE
    Rd file 'hotspots.Rd':
     \usage lines wider than 90 characters:
     outliers(x, p = 0.99, tail = "positive", distribution = "t", var.est = "mad", center.est = "mean")
    
    These lines will be truncated in the PDF manual.
Flavors: r-devel-linux-x86_64-debian-clang, r-devel-linux-x86_64-debian-gcc, r-devel-linux-x86_64-fedora-clang, r-devel-linux-x86_64-fedora-gcc, r-patched-linux-x86_64, r-release-linux-x86_64

Version: 1.0.2
Check: examples
Result: ERROR
    Running examples in ‘hotspots-Ex.R’ failed
    The error most likely occurred in:
    
    > base::assign(".ptime", proc.time(), pos = "CheckExEnv")
    > ### Name: hotspots
    > ### Title: Hot spots and outliers
    > ### Aliases: hotspots-package hotspots outliers print.hotspots
    >
    > ### ** Examples
    >
    > #basic operation on lognormal data
    > rln100 <- hotspots(rlnorm(100))
    > summary(rln100)
     Length Class Mode
    x 100 -none- numeric
    data 100 -none- numeric
    distribution 1 -none- character
    var.est 1 -none- character
    p 1 -none- numeric
    tail 1 -none- character
    dataset_name 1 -none- character
    rrms 1 -none- numeric
    positive.cut 1 -none- numeric
    > plot(rln100)
    Error in xy.coords(x, y, xlabel, ylabel, log) :
     'x' is a list, but does not have components 'x' and 'y'
    Calls: plot -> plot.default -> xy.coords
    Execution halted
Flavors: r-devel-linux-x86_64-debian-clang, r-devel-linux-x86_64-debian-gcc, r-patched-linux-x86_64