CRAN Package Check Results for Package hotspots

Last updated on 2015-01-28 12:48:01.

Flavor Version Tinstall Tcheck Ttotal Status Flags
r-devel-linux-x86_64-debian-clang 1.0.2 0.66 10.62 11.28 NOTE
r-devel-linux-x86_64-debian-gcc 1.0.2 0.74 10.32 11.05 NOTE
r-devel-linux-x86_64-fedora-clang 1.0.2 25.14 NOTE
r-devel-linux-x86_64-fedora-gcc 1.0.2 25.72 NOTE
r-devel-osx-x86_64-clang 1.0.2 27.65 NOTE
r-devel-windows-ix86+x86_64 1.0.2 3.00 18.00 21.00 NOTE
r-patched-linux-x86_64 1.0.2 0.70 11.66 12.37 NOTE
r-patched-solaris-sparc 1.0.2 142.00 NOTE
r-patched-solaris-x86 1.0.2 35.60 NOTE
r-release-linux-ix86 1.0.2 0.99 17.46 18.45 NOTE
r-release-linux-x86_64 1.0.2 0.71 11.64 12.35 NOTE
r-release-osx-x86_64-mavericks 1.0.2 NOTE
r-release-osx-x86_64-snowleopard 1.0.2 NOTE
r-release-windows-ix86+x86_64 1.0.2 4.00 21.00 25.00 NOTE
r-oldrel-windows-ix86+x86_64 1.0.2 3.00 37.00 40.00 NOTE

Check Details

Version: 1.0.2
Check: S3 generic/method consistency
Result: NOTE
    Found the following apparent S3 methods exported but not registered:
     print.hotspots print.summary.hotspots summary.hotspots plot.hotspots
    See section ‘Registering S3 methods’ in the ‘Writing R Extensions’
    manual.
Flavors: r-devel-linux-x86_64-debian-clang, r-devel-linux-x86_64-debian-gcc, r-devel-linux-x86_64-fedora-clang, r-devel-linux-x86_64-fedora-gcc, r-devel-osx-x86_64-clang

Version: 1.0.2
Check: R code for possible problems
Result: NOTE
    print.summary.hotspots: warning in sort(x$data, dec = TRUE): partial
     argument match of ‘dec’ to ‘decreasing’
    print.summary.hotspots: warning in sort(x$disprop$positive, dec =
     TRUE): partial argument match of ‘dec’ to ‘decreasing’
    print.summary.hotspots: warning in sort(x$disprop$negative, dec =
     TRUE): partial argument match of ‘dec’ to ‘decreasing’
Flavors: r-devel-linux-x86_64-debian-clang, r-devel-linux-x86_64-debian-gcc, r-devel-linux-x86_64-fedora-clang, r-devel-linux-x86_64-fedora-gcc, r-devel-osx-x86_64-clang, r-devel-windows-ix86+x86_64, r-patched-linux-x86_64, r-patched-solaris-sparc, r-patched-solaris-x86, r-release-linux-ix86, r-release-linux-x86_64, r-release-osx-x86_64-mavericks, r-release-osx-x86_64-snowleopard, r-release-windows-ix86+x86_64, r-oldrel-windows-ix86+x86_64

Version: 1.0.2
Check: Rd line widths
Result: NOTE
    Rd file 'hotspots.Rd':
     \usage lines wider than 90 characters:
     outliers(x, p = 0.99, tail = "positive", distribution = "t", var.est = "mad", center.est = "mean")
    
    These lines will be truncated in the PDF manual.
Flavors: r-devel-linux-x86_64-debian-clang, r-devel-linux-x86_64-debian-gcc, r-devel-linux-x86_64-fedora-clang, r-devel-linux-x86_64-fedora-gcc, r-patched-linux-x86_64, r-release-linux-x86_64