CRAN Package Check Results for Package hotspots

Last updated on 2016-07-30 06:47:41.

Flavor Version Tinstall Tcheck Ttotal Status Flags
r-devel-linux-x86_64-debian-clang 1.0.2 0.60 10.39 10.99 NOTE
r-devel-linux-x86_64-debian-gcc 1.0.2 0.60 10.28 10.88 NOTE
r-devel-linux-x86_64-fedora-clang 1.0.2 18.05 NOTE
r-devel-linux-x86_64-fedora-gcc 1.0.2 20.18 NOTE
r-devel-osx-x86_64-clang 1.0.2 16.91 NOTE
r-devel-windows-ix86+x86_64 1.0.2 3.00 28.00 31.00 NOTE
r-patched-linux-x86_64 1.0.2 0.82 12.51 13.32 NOTE
r-patched-solaris-sparc 1.0.2 112.20 NOTE
r-patched-solaris-x86 1.0.2 25.10 NOTE
r-release-linux-x86_64 1.0.2 0.87 12.21 13.08 NOTE
r-release-osx-x86_64-mavericks 1.0.2 NOTE
r-release-windows-ix86+x86_64 1.0.2 4.00 34.00 38.00 NOTE
r-oldrel-windows-ix86+x86_64 1.0.2 5.00 35.00 40.00 NOTE

Check Details

Version: 1.0.2
Check: DESCRIPTION meta-information
Result: NOTE
    Malformed Description field: should contain one or more complete sentences.
Flavors: r-devel-linux-x86_64-debian-clang, r-devel-linux-x86_64-debian-gcc, r-devel-linux-x86_64-fedora-clang, r-devel-linux-x86_64-fedora-gcc, r-devel-osx-x86_64-clang, r-devel-windows-ix86+x86_64, r-patched-linux-x86_64, r-patched-solaris-sparc, r-patched-solaris-x86, r-release-linux-x86_64, r-release-osx-x86_64-mavericks, r-release-windows-ix86+x86_64, r-oldrel-windows-ix86+x86_64

Version: 1.0.2
Check: S3 generic/method consistency
Result: NOTE
    Found the following apparent S3 methods exported but not registered:
     plot.hotspots print.hotspots print.summary.hotspots summary.hotspots
    See section ‘Registering S3 methods’ in the ‘Writing R Extensions’
    manual.
Flavors: r-devel-linux-x86_64-debian-clang, r-devel-linux-x86_64-debian-gcc, r-devel-linux-x86_64-fedora-clang, r-devel-linux-x86_64-fedora-gcc, r-devel-osx-x86_64-clang, r-patched-linux-x86_64, r-patched-solaris-sparc, r-patched-solaris-x86, r-release-linux-x86_64

Version: 1.0.2
Check: R code for possible problems
Result: NOTE
    print.summary.hotspots: warning in sort(x$data, dec = TRUE): partial
     argument match of ‘dec’ to ‘decreasing’
    print.summary.hotspots: warning in sort(x$disprop$positive, dec =
     TRUE): partial argument match of ‘dec’ to ‘decreasing’
    print.summary.hotspots: warning in sort(x$disprop$negative, dec =
     TRUE): partial argument match of ‘dec’ to ‘decreasing’
    Lchs: no visible global function definition for ‘plot’
    Lchs: no visible global function definition for ‘points’
    disprop: no visible global function definition for ‘median’
    hotspots: no visible global function definition for ‘median’
    hotspots: no visible global function definition for ‘qnorm’
    hotspots: no visible global function definition for ‘qt’
    plot.hotspots: no visible global function definition for ‘par’
    summary.hotspots: no visible global function definition for ‘median’
    Undefined global functions or variables:
     median par plot points qnorm qt
    Consider adding
     importFrom("graphics", "par", "plot", "points")
     importFrom("stats", "median", "qnorm", "qt")
    to your NAMESPACE file.
Flavors: r-devel-linux-x86_64-debian-clang, r-devel-linux-x86_64-debian-gcc, r-devel-linux-x86_64-fedora-clang, r-devel-linux-x86_64-fedora-gcc, r-devel-osx-x86_64-clang, r-devel-windows-ix86+x86_64, r-patched-linux-x86_64, r-patched-solaris-sparc, r-patched-solaris-x86, r-release-linux-x86_64, r-release-osx-x86_64-mavericks, r-release-windows-ix86+x86_64

Version: 1.0.2
Check: Rd line widths
Result: NOTE
    Rd file 'hotspots.Rd':
     \usage lines wider than 90 characters:
     outliers(x, p = 0.99, tail = "positive", distribution = "t", var.est = "mad", center.est = "mean")
    
    These lines will be truncated in the PDF manual.
Flavors: r-devel-linux-x86_64-debian-clang, r-devel-linux-x86_64-debian-gcc, r-devel-linux-x86_64-fedora-clang, r-devel-linux-x86_64-fedora-gcc, r-patched-linux-x86_64, r-release-linux-x86_64

Version: 1.0.2
Check: R code for possible problems
Result: NOTE
    print.summary.hotspots: warning in sort(x$data, dec = TRUE): partial
     argument match of 'dec' to 'decreasing'
    print.summary.hotspots: warning in sort(x$disprop$positive, dec =
     TRUE): partial argument match of 'dec' to 'decreasing'
    print.summary.hotspots: warning in sort(x$disprop$negative, dec =
     TRUE): partial argument match of 'dec' to 'decreasing'
Flavor: r-oldrel-windows-ix86+x86_64