CRAN Package Check Results for Package hqmisc

Last updated on 2020-10-27 13:49:23 CET.

Flavor Version Tinstall Tcheck Ttotal Status Flags
r-devel-linux-x86_64-debian-clang 0.1-1 2.03 19.99 22.02 NOTE
r-devel-linux-x86_64-debian-gcc 0.1-1 1.40 15.74 17.14 NOTE
r-devel-linux-x86_64-fedora-clang 0.1-1 35.93 NOTE
r-devel-linux-x86_64-fedora-gcc 0.1-1 26.26 NOTE
r-devel-windows-ix86+x86_64 0.1-1 4.00 33.00 37.00 NOTE
r-patched-linux-x86_64 0.1-1 NOTE
r-patched-solaris-x86 0.1-1 39.40 NOTE
r-release-linux-x86_64 0.1-1 1.91 19.45 21.36 NOTE
r-release-macos-x86_64 0.1-1 NOTE
r-release-windows-ix86+x86_64 0.1-1 3.00 28.00 31.00 NOTE
r-oldrel-macos-x86_64 0.1-1 NOTE
r-oldrel-windows-ix86+x86_64 0.1-1 4.00 37.00 41.00 NOTE

Check Details

Version: 0.1-1
Check: R code for possible problems
Result: NOTE
    bracket: no visible global function definition for 'segments'
    Undefined global functions or variables:
     segments
    Consider adding
     importFrom("graphics", "segments")
    to your NAMESPACE file.
Flavors: r-devel-linux-x86_64-debian-clang, r-devel-linux-x86_64-debian-gcc, r-devel-linux-x86_64-fedora-clang, r-devel-linux-x86_64-fedora-gcc, r-devel-windows-ix86+x86_64, r-patched-linux-x86_64, r-patched-solaris-x86, r-release-linux-x86_64, r-release-macos-x86_64, r-release-windows-ix86+x86_64, r-oldrel-macos-x86_64, r-oldrel-windows-ix86+x86_64