CRAN Package Check Results for Package hrbrthemes

Last updated on 2018-07-17 06:48:06 CEST.

Flavor Version Tinstall Tcheck Ttotal Status Flags
r-devel-linux-x86_64-debian-clang 0.5.0 4.21 44.58 48.79 WARN
r-devel-linux-x86_64-debian-gcc 0.5.0 3.18 38.93 42.11 WARN
r-devel-linux-x86_64-fedora-clang 0.5.0 65.61 WARN
r-devel-linux-x86_64-fedora-gcc 0.5.0 57.95 WARN
r-devel-windows-ix86+x86_64 0.5.0 14.00 63.00 77.00 WARN
r-patched-linux-x86_64 0.5.0 3.79 43.22 47.01 OK
r-patched-solaris-x86 0.5.0 84.10 OK
r-release-linux-x86_64 0.5.0 3.74 43.16 46.90 OK
r-release-windows-ix86+x86_64 0.5.0 14.00 68.00 82.00 OK
r-release-osx-x86_64 0.5.0 OK
r-oldrel-windows-ix86+x86_64 0.5.0 7.00 104.00 111.00 OK
r-oldrel-osx-x86_64 0.5.0 OK

Check Details

Version: 0.5.0
Check: for unstated dependencies in ‘tests’
Result: WARN
    '::' or ':::' import not declared from: ‘gdtools’
    'library' or 'require' call not declared from: ‘purrr’
Flavors: r-devel-linux-x86_64-debian-clang, r-devel-linux-x86_64-debian-gcc, r-devel-linux-x86_64-fedora-clang, r-devel-linux-x86_64-fedora-gcc, r-devel-windows-ix86+x86_64