CRAN Package Check Results for Package hrbrthemes

Last updated on 2018-01-16 07:47:33 CET.

Flavor Version Tinstall Tcheck Ttotal Status Flags
r-devel-linux-x86_64-debian-clang 0.1.0 1.82 34.34 36.16 ERROR
r-devel-linux-x86_64-debian-gcc 0.1.0 1.51 30.44 31.95 ERROR
r-devel-linux-x86_64-fedora-clang 0.1.0 52.89 OK
r-devel-linux-x86_64-fedora-gcc 0.1.0 47.84 OK
r-devel-windows-ix86+x86_64 0.1.0 5.00 58.00 63.00 OK
r-patched-linux-x86_64 0.1.0 1.84 37.55 39.39 ERROR
r-patched-solaris-x86 0.1.0 76.90 OK
r-release-linux-x86_64 0.1.0 1.64 38.12 39.76 ERROR
r-release-windows-ix86+x86_64 0.1.0 8.00 57.00 65.00 OK
r-release-osx-x86_64 0.1.0 OK
r-oldrel-windows-ix86+x86_64 0.1.0 6.00 46.00 52.00 OK
r-oldrel-osx-x86_64 0.1.0 OK

Check Details

Version: 0.1.0
Check: tests
Result: ERROR
     Running ‘test-all.R’ [3s/3s]
    Running the tests in ‘tests/test-all.R’ failed.
    Complete output:
     > library(testthat)
     > test_check("hrbrthemes")
     Loading required package: hrbrthemes
     ── 1. Error: we can do something (@test-hrbrthemes.R#60) ──────────────────────
     cannot open the connection
     1: import_roboto_condensed() at testthat/test-hrbrthemes.R:60
     2: suppressWarnings(suppressMessages(extrafont::font_import(rc_font_dir, prompt = FALSE)))
     3: withCallingHandlers(expr, warning = function(w) invokeRestart("muffleWarning"))
     4: suppressMessages(extrafont::font_import(rc_font_dir, prompt = FALSE))
     5: withCallingHandlers(expr, message = function(c) invokeRestart("muffleMessage"))
     6: extrafont::font_import(rc_font_dir, prompt = FALSE)
     7: ttf_import(paths, recursive, pattern)
     8: ttf_extract(ttfiles)
     9: gzcopy_exclude(paste(tmpfiles[i], ".afm", sep = ""), paste(outfiles[i], ".afm.gz",
     sep = ""), delete = TRUE, exclusions = c("^Characters"))
     10: gzfile(dest, "w")
    
     ══ testthat results ═══════════════════════════════════════════════════════════
     OK: 3 SKIPPED: 0 FAILED: 1
     1. Error: we can do something (@test-hrbrthemes.R#60)
    
     Error: testthat unit tests failed
     Execution halted
Flavor: r-devel-linux-x86_64-debian-clang

Version: 0.1.0
Check: tests
Result: ERROR
     Running ‘test-all.R’ [2s/3s]
    Running the tests in ‘tests/test-all.R’ failed.
    Complete output:
     > library(testthat)
     > test_check("hrbrthemes")
     Loading required package: hrbrthemes
     ── 1. Error: we can do something (@test-hrbrthemes.R#60) ──────────────────────
     cannot open the connection
     1: import_roboto_condensed() at testthat/test-hrbrthemes.R:60
     2: suppressWarnings(suppressMessages(extrafont::font_import(rc_font_dir, prompt = FALSE)))
     3: withCallingHandlers(expr, warning = function(w) invokeRestart("muffleWarning"))
     4: suppressMessages(extrafont::font_import(rc_font_dir, prompt = FALSE))
     5: withCallingHandlers(expr, message = function(c) invokeRestart("muffleMessage"))
     6: extrafont::font_import(rc_font_dir, prompt = FALSE)
     7: ttf_import(paths, recursive, pattern)
     8: ttf_extract(ttfiles)
     9: gzcopy_exclude(paste(tmpfiles[i], ".afm", sep = ""), paste(outfiles[i], ".afm.gz",
     sep = ""), delete = TRUE, exclusions = c("^Characters"))
     10: gzfile(dest, "w")
    
     ══ testthat results ═══════════════════════════════════════════════════════════
     OK: 3 SKIPPED: 0 FAILED: 1
     1. Error: we can do something (@test-hrbrthemes.R#60)
    
     Error: testthat unit tests failed
     Execution halted
Flavor: r-devel-linux-x86_64-debian-gcc

Version: 0.1.0
Check: tests
Result: ERROR
     Running ‘test-all.R’ [3s/4s]
    Running the tests in ‘tests/test-all.R’ failed.
    Complete output:
     > library(testthat)
     > test_check("hrbrthemes")
     Loading required package: hrbrthemes
     ── 1. Error: we can do something (@test-hrbrthemes.R#60) ──────────────────────
     cannot open the connection
     1: import_roboto_condensed() at testthat/test-hrbrthemes.R:60
     2: suppressWarnings(suppressMessages(extrafont::font_import(rc_font_dir, prompt = FALSE)))
     3: withCallingHandlers(expr, warning = function(w) invokeRestart("muffleWarning"))
     4: suppressMessages(extrafont::font_import(rc_font_dir, prompt = FALSE))
     5: withCallingHandlers(expr, message = function(c) invokeRestart("muffleMessage"))
     6: extrafont::font_import(rc_font_dir, prompt = FALSE)
     7: ttf_import(paths, recursive, pattern)
     8: ttf_extract(ttfiles)
     9: gzcopy_exclude(paste(tmpfiles[i], ".afm", sep = ""), paste(outfiles[i], ".afm.gz",
     sep = ""), delete = TRUE, exclusions = c("^Characters"))
     10: gzfile(dest, "w")
    
     ══ testthat results ═══════════════════════════════════════════════════════════
     OK: 3 SKIPPED: 0 FAILED: 1
     1. Error: we can do something (@test-hrbrthemes.R#60)
    
     Error: testthat unit tests failed
     Execution halted
Flavors: r-patched-linux-x86_64, r-release-linux-x86_64