CRAN Package Check Results for Package hrcomprisk

Last updated on 2024-06-13 18:49:52 CEST.

Flavor Version Tinstall Tcheck Ttotal Status Flags
r-devel-linux-x86_64-debian-clang 0.1.1 9.93 109.85 119.78 OK
r-devel-linux-x86_64-debian-gcc 0.1.1 6.68 76.03 82.71 ERROR
r-devel-linux-x86_64-fedora-clang 0.1.1 141.02 OK
r-devel-linux-x86_64-fedora-gcc 0.1.1 148.95 OK
r-devel-windows-x86_64 0.1.1 7.00 90.00 97.00 OK
r-patched-linux-x86_64 0.1.1 7.34 100.87 108.21 OK
r-release-linux-x86_64 0.1.1 7.94 102.64 110.58 OK
r-release-macos-arm64 0.1.1 46.00 OK
r-release-macos-x86_64 0.1.1 91.00 OK
r-release-windows-x86_64 0.1.1 7.00 103.00 110.00 OK
r-oldrel-macos-arm64 0.1.1 53.00 OK
r-oldrel-macos-x86_64 0.1.1 82.00 OK
r-oldrel-windows-x86_64 0.1.1 9.00 109.00 118.00 OK

Check Details

Version: 0.1.1
Check: package dependencies
Result: NOTE Package suggested but not available for checking: ‘testthat’ Flavor: r-devel-linux-x86_64-debian-gcc

Version: 0.1.1
Check: tests
Result: ERROR Running ‘testthat.R’ [0s/1s] Running the tests in ‘tests/testthat.R’ failed. Complete output: > library(testthat) Error in library(testthat) : there is no package called 'testthat' Execution halted Flavor: r-devel-linux-x86_64-debian-gcc