CRAN Package Check Results for Package hrqglas

Last updated on 2021-11-30 02:51:01 CET.

Flavor Version Tinstall Tcheck Ttotal Status Flags
r-devel-linux-x86_64-debian-clang 1.0.1 8.71 61.49 70.20 OK
r-devel-linux-x86_64-debian-gcc 1.0.1 6.29 47.61 53.90 OK
r-devel-linux-x86_64-fedora-clang 1.0.1 95.46 NOTE
r-devel-linux-x86_64-fedora-gcc 1.0.1 86.49 NOTE
r-devel-windows-x86_64-new-UL 1.0.1 18.00 97.00 115.00 OK
r-devel-windows-x86_64-new-TK 1.0.1 NOTE
r-devel-windows-x86_64-old 1.0.1 14.00 65.00 79.00 OK
r-patched-linux-x86_64 1.0.1 9.16 59.98 69.14 OK
r-patched-solaris-x86 1.0.1 120.90 NOTE
r-release-linux-x86_64 1.0.1 8.80 61.26 70.06 OK
r-release-macos-arm64 1.0.1 NOTE
r-release-macos-x86_64 1.0.1 NOTE
r-release-windows-ix86+x86_64 1.0.1 21.00 80.00 101.00 OK
r-oldrel-macos-x86_64 1.0.1 NOTE
r-oldrel-windows-ix86+x86_64 1.0.1 15.00 105.00 120.00 OK

Check Details

Version: 1.0.1
Check: dependencies in R code
Result: NOTE
    Namespace in Imports field not imported from: ‘Rcpp’
     All declared Imports should be used.
Flavors: r-devel-linux-x86_64-fedora-clang, r-devel-linux-x86_64-fedora-gcc, r-devel-windows-x86_64-new-TK, r-patched-solaris-x86, r-release-macos-arm64, r-release-macos-x86_64, r-oldrel-macos-x86_64