CRAN Package Check Results for Package hsdar

Last updated on 2022-10-06 00:50:15 CEST.

Flavor Version Tinstall Tcheck Ttotal Status Flags
r-devel-linux-x86_64-debian-clang 1.0.4 97.74 593.16 690.90 NOTE
r-devel-linux-x86_64-debian-gcc 1.0.4 81.50 425.71 507.21 NOTE
r-devel-linux-x86_64-fedora-clang 1.0.4 888.77 NOTE
r-devel-linux-x86_64-fedora-gcc 1.0.4 867.90 NOTE
r-devel-windows-x86_64 1.0.4 140.00 641.00 781.00 NOTE
r-patched-linux-x86_64 1.0.4 98.20 562.38 660.58 OK
r-release-linux-x86_64 1.0.4 81.46 557.30 638.76 OK
r-release-macos-arm64 1.0.4 197.00 NOTE
r-release-macos-x86_64 1.0.4 350.00 NOTE
r-release-windows-x86_64 1.0.4 164.00 615.00 779.00 NOTE
r-oldrel-macos-arm64 1.0.4 134.00 NOTE
r-oldrel-macos-x86_64 1.0.4 267.00 NOTE
r-oldrel-windows-ix86+x86_64 1.0.4 204.00 780.00 984.00 WARN

Check Details

Version: 1.0.4
Check: Rd files
Result: NOTE
    checkRd: (-1) attributes_speclib.Rd:73: Escaped LaTeX specials: \$
    checkRd: (-1) get_reflectance.Rd:34: Escaped LaTeX specials: \&
Flavors: r-devel-linux-x86_64-debian-clang, r-devel-linux-x86_64-debian-gcc, r-devel-linux-x86_64-fedora-clang, r-devel-linux-x86_64-fedora-gcc, r-devel-windows-x86_64

Version: 1.0.4
Check: installed package size
Result: NOTE
     installed size is 6.1Mb
     sub-directories of 1Mb or more:
     R 2.1Mb
     doc 2.5Mb
Flavors: r-devel-linux-x86_64-fedora-clang, r-devel-windows-x86_64, r-release-macos-arm64, r-release-macos-x86_64, r-release-windows-x86_64, r-oldrel-macos-arm64, r-oldrel-macos-x86_64, r-oldrel-windows-ix86+x86_64

Version: 1.0.4
Check: PDF version of manual
Result: WARN
    LaTeX errors when creating PDF version.
    This typically indicates Rd problems.
Flavor: r-oldrel-windows-ix86+x86_64