Last updated on 2023-10-01 19:57:47 CEST.
Flavor | Version | Tinstall | Tcheck | Ttotal | Status | Flags |
---|---|---|---|---|---|---|
r-devel-linux-x86_64-debian-clang | 2.4.1 | 6.34 | 117.51 | 123.85 | NOTE | |
r-devel-linux-x86_64-debian-gcc | 2.4.1 | 5.81 | 89.76 | 95.57 | NOTE | |
r-devel-linux-x86_64-fedora-clang | 2.4.1 | 143.27 | NOTE | |||
r-devel-linux-x86_64-fedora-gcc | 2.4.1 | 165.48 | NOTE | |||
r-devel-windows-x86_64 | 2.4.1 | 8.00 | 115.00 | 123.00 | NOTE | |
r-patched-linux-x86_64 | 2.4.1 | 5.86 | 116.14 | 122.00 | OK | |
r-release-linux-x86_64 | 2.4.1 | 5.16 | 117.15 | 122.31 | OK | |
r-release-macos-arm64 | 2.4.1 | 59.00 | OK | |||
r-release-macos-x86_64 | 2.4.1 | 94.00 | OK | |||
r-release-windows-x86_64 | 2.4.1 | 11.00 | 142.00 | 153.00 | OK | |
r-oldrel-macos-arm64 | 2.4.1 | 48.00 | OK | |||
r-oldrel-macos-x86_64 | 2.4.1 | 62.00 | OK | |||
r-oldrel-windows-x86_64 | 2.4.1 | 12.00 | 136.00 | 148.00 | OK |
Version: 2.4.1
Check: Rd \usage sections
Result: NOTE
Documented arguments not in \usage in documentation object 'prGetStyle':
‘styles’
Functions with \usage entries need to have the appropriate \alias
entries, and all their arguments documented.
The \usage entries must correspond to syntactically valid R code.
See chapter ‘Writing R documentation files’ in the ‘Writing R
Extensions’ manual.
Flavors: r-devel-linux-x86_64-debian-clang, r-devel-linux-x86_64-debian-gcc, r-devel-linux-x86_64-fedora-clang, r-devel-linux-x86_64-fedora-gcc, r-devel-windows-x86_64