CRAN Package Check Results for Package htmltools

Last updated on 2019-03-23 15:47:56 CET.

Flavor Version Tinstall Tcheck Ttotal Status Flags
r-devel-linux-x86_64-debian-clang 0.3.6 15.02 28.77 43.79 OK
r-devel-linux-x86_64-debian-gcc 0.3.6 11.70 23.08 34.78 OK
r-devel-linux-x86_64-fedora-clang 0.3.6 60.58 OK
r-devel-linux-x86_64-fedora-gcc 0.3.6 55.62 OK
r-devel-windows-ix86+x86_64 0.3.6 42.00 86.00 128.00 OK
r-patched-linux-x86_64 0.3.6 13.27 26.55 39.82 OK
r-patched-solaris-x86 0.3.6 67.30 OK
r-release-linux-x86_64 0.3.6 0.39 2.11 2.50 ERROR
r-release-windows-ix86+x86_64 0.3.6 30.00 66.00 96.00 OK
r-release-osx-x86_64 0.3.6 OK
r-oldrel-windows-ix86+x86_64 0.3.6 34.00 78.00 112.00 OK
r-oldrel-osx-x86_64 0.3.6 OK

Check Details

Version: 0.3.6
Check: whether package can be installed
Result: ERROR
    Installation failed.
Flavor: r-release-linux-x86_64