CRAN Package Check Results for Package hts

Last updated on 2018-04-21 10:46:53 CEST.

Flavor Version Tinstall Tcheck Ttotal Status Flags
r-devel-linux-x86_64-debian-clang 5.1.5 24.28 89.70 113.98 OK
r-devel-linux-x86_64-debian-gcc 5.1.5 22.25 70.35 92.60 OK
r-devel-linux-x86_64-fedora-clang 5.1.5 143.80 OK
r-devel-linux-x86_64-fedora-gcc 5.1.5 137.79 OK
r-devel-windows-ix86+x86_64 5.1.5 61.00 219.00 280.00 OK
r-devel-osx-x86_64 5.1.5 OK
r-patched-linux-x86_64 5.1.5 26.43 86.88 113.31 OK
r-patched-solaris-x86 5.1.5 187.60 OK
r-release-linux-x86_64 5.1.5 26.96 90.97 117.93 OK
r-release-windows-ix86+x86_64 5.1.5 64.00 157.00 221.00 OK
r-release-osx-x86_64 5.1.5 OK
r-oldrel-windows-ix86+x86_64 5.1.5 1.00 5.00 6.00 ERROR

Check Details

Version: 5.1.5
Check: package dependencies
Result: ERROR
    Package required but not available: 'forecast'
    
    See section 'The DESCRIPTION file' in the 'Writing R Extensions'
    manual.
Flavor: r-oldrel-windows-ix86+x86_64