CRAN Package Check Results for Package hts

Last updated on 2017-03-29 16:50:38.

Flavor Version Tinstall Tcheck Ttotal Status Flags
r-devel-linux-x86_64-debian-clang 5.0 16.07 53.55 69.62 NOTE
r-devel-linux-x86_64-debian-gcc 5.0 14.99 51.45 66.44 NOTE
r-devel-linux-x86_64-fedora-clang 5.0 150.02 NOTE --no-stop-on-test-error
r-devel-linux-x86_64-fedora-gcc 5.0 165.34 NOTE --no-stop-on-test-error
r-devel-macos-x86_64-clang 5.0 109.70 NOTE --no-stop-on-test-error
r-devel-windows-ix86+x86_64 5.0 38.00 149.00 187.00 OK
r-patched-linux-x86_64 5.0 13.08 52.18 65.27 NOTE
r-patched-solaris-sparc 5.0 806.30 OK
r-patched-solaris-x86 5.0 183.30 OK
r-release-linux-x86_64 5.0 12.59 47.89 60.48 OK
r-release-osx-x86_64-mavericks 5.0 OK
r-release-windows-ix86+x86_64 5.0 57.00 160.00 217.00 OK
r-oldrel-windows-ix86+x86_64 5.0 41.00 136.00 177.00 OK

Check Details

Version: 5.0
Check: compiled code
Result: NOTE
    File ‘hts/libs/hts.so’:
     Found no calls to: ‘R_registerRoutines’, ‘R_useDynamicSymbols’
    
    It is good practice to register native routines and to disable symbol
    search.
    
    See ‘Writing portable packages’ in the ‘Writing R Extensions’ manual.
Flavors: r-devel-linux-x86_64-debian-clang, r-devel-linux-x86_64-debian-gcc, r-patched-linux-x86_64

Version: 5.0
Flags: --no-stop-on-test-error
Check: compiled code
Result: NOTE
    File ‘hts/libs/hts.so’:
     Found no calls to: ‘R_registerRoutines’, ‘R_useDynamicSymbols’
    
    It is good practice to register native routines and to disable symbol
    search.
    
    See ‘Writing portable packages’ in the ‘Writing R Extensions’ manual.
Flavors: r-devel-linux-x86_64-fedora-clang, r-devel-linux-x86_64-fedora-gcc, r-devel-macos-x86_64-clang