CRAN Package Check Results for Package httpRequest

Last updated on 2016-12-03 03:47:17.

Flavor Version Tinstall Tcheck Ttotal Status Flags
r-devel-linux-x86_64-debian-clang 0.0.10 0.58 9.96 10.55 NOTE
r-devel-linux-x86_64-debian-gcc 0.0.10 0.56 9.67 10.23 NOTE
r-devel-linux-x86_64-fedora-clang 0.0.10 17.37 NOTE
r-devel-linux-x86_64-fedora-gcc 0.0.10 17.28 NOTE
r-devel-macos-x86_64-clang 0.0.10 16.00 NOTE
r-devel-windows-ix86+x86_64 0.0.10 5.00 34.00 39.00 NOTE
r-patched-linux-x86_64 0.0.10 0.60 8.45 9.05 NOTE
r-patched-solaris-sparc 0.0.10 85.70 NOTE
r-patched-solaris-x86 0.0.10 20.00 NOTE
r-release-linux-x86_64 0.0.10 0.55 8.26 8.81 NOTE
r-release-osx-x86_64-mavericks 0.0.10 NOTE
r-release-windows-ix86+x86_64 0.0.10 2.00 23.00 25.00 NOTE
r-oldrel-windows-ix86+x86_64 0.0.10 2.00 21.00 23.00 OK

Check Details

Version: 0.0.10
Check: R code for possible problems
Result: NOTE
    getToHost: no visible global function definition for ‘make.socket’
    getToHost: no visible global function definition for ‘write.socket’
    getToHost: no visible global function definition for ‘read.socket’
    getToHost: no visible global function definition for ‘close.socket’
    postToHost: no visible global function definition for ‘runif’
    simplePostToHost: no visible global function definition for
     ‘make.socket’
    simplePostToHost: no visible global function definition for
     ‘write.socket’
    simplePostToHost: no visible global function definition for
     ‘read.socket’
    simplePostToHost: no visible global function definition for
     ‘close.socket’
    Undefined global functions or variables:
     close.socket make.socket read.socket runif write.socket
    Consider adding
     importFrom("stats", "runif")
     importFrom("utils", "close.socket", "make.socket", "read.socket",
     "write.socket")
    to your NAMESPACE file.
Flavors: r-devel-linux-x86_64-debian-clang, r-devel-linux-x86_64-debian-gcc, r-devel-linux-x86_64-fedora-clang, r-devel-linux-x86_64-fedora-gcc, r-devel-macos-x86_64-clang, r-devel-windows-ix86+x86_64, r-patched-linux-x86_64, r-patched-solaris-sparc, r-patched-solaris-x86, r-release-linux-x86_64, r-release-osx-x86_64-mavericks, r-release-windows-ix86+x86_64