CRAN Package Check Results for Package httpRequest

Last updated on 2018-06-23 16:46:42 CEST.

Flavor Version Tinstall Tcheck Ttotal Status Flags
r-devel-linux-x86_64-debian-clang 0.0.10 0.91 16.92 17.83 NOTE
r-devel-linux-x86_64-debian-gcc 0.0.10 0.81 13.33 14.14 NOTE
r-devel-linux-x86_64-fedora-clang 0.0.10 21.04 NOTE
r-devel-linux-x86_64-fedora-gcc 0.0.10 19.40 NOTE
r-devel-windows-ix86+x86_64 0.0.10 3.00 28.00 31.00 NOTE
r-patched-linux-x86_64 0.0.10 0.97 15.80 16.77 NOTE
r-patched-solaris-x86 0.0.10 32.70 NOTE
r-release-linux-x86_64 0.0.10 0.91 15.64 16.55 NOTE
r-release-windows-ix86+x86_64 0.0.10 3.00 27.00 30.00 NOTE
r-release-osx-x86_64 0.0.10 NOTE
r-oldrel-windows-ix86+x86_64 0.0.10 2.00 25.00 27.00 NOTE
r-oldrel-osx-x86_64 0.0.10 NOTE

Check Details

Version: 0.0.10
Check: R code for possible problems
Result: NOTE
    getToHost: no visible global function definition for ‘make.socket’
    getToHost: no visible global function definition for ‘write.socket’
    getToHost: no visible global function definition for ‘read.socket’
    getToHost: no visible global function definition for ‘close.socket’
    postToHost: no visible global function definition for ‘runif’
    simplePostToHost: no visible global function definition for
     ‘make.socket’
    simplePostToHost: no visible global function definition for
     ‘write.socket’
    simplePostToHost: no visible global function definition for
     ‘read.socket’
    simplePostToHost: no visible global function definition for
     ‘close.socket’
    Undefined global functions or variables:
     close.socket make.socket read.socket runif write.socket
    Consider adding
     importFrom("stats", "runif")
     importFrom("utils", "close.socket", "make.socket", "read.socket",
     "write.socket")
    to your NAMESPACE file.
Flavors: r-devel-linux-x86_64-debian-clang, r-devel-linux-x86_64-debian-gcc, r-devel-linux-x86_64-fedora-clang, r-devel-linux-x86_64-fedora-gcc, r-devel-windows-ix86+x86_64, r-patched-linux-x86_64, r-patched-solaris-x86, r-release-linux-x86_64, r-release-windows-ix86+x86_64, r-release-osx-x86_64, r-oldrel-windows-ix86+x86_64, r-oldrel-osx-x86_64