CRAN Package Check Results for Package httpRequest

Last updated on 2015-09-04 08:50:34.

Flavor Version Tinstall Tcheck Ttotal Status Flags
r-devel-linux-x86_64-debian-clang 0.0.10 0.50 8.31 8.81 NOTE
r-devel-linux-x86_64-debian-gcc 0.0.10 0.45 8.10 8.56 NOTE
r-devel-linux-x86_64-fedora-clang 0.0.10 16.55 NOTE
r-devel-linux-x86_64-fedora-gcc 0.0.10 14.67 NOTE
r-devel-osx-x86_64-clang 0.0.10 16.54 OK
r-devel-windows-ix86+x86_64 0.0.10 2.00 24.00 26.00 NOTE
r-patched-linux-x86_64 0.0.10 0.54 8.26 8.80 OK
r-patched-solaris-sparc 0.0.10 106.30 OK
r-patched-solaris-x86 0.0.10 26.50 OK
r-release-linux-x86_64 0.0.10 0.56 8.17 8.72 OK
r-release-osx-x86_64-mavericks 0.0.10 OK
r-release-windows-ix86+x86_64 0.0.10 2.00 14.00 16.00 OK
r-oldrel-windows-ix86+x86_64 0.0.10 3.00 16.00 19.00 OK

Check Details

Version: 0.0.10
Check: R code for possible problems
Result: NOTE
    getToHost: no visible global function definition for ‘make.socket’
    getToHost: no visible global function definition for ‘write.socket’
    getToHost: no visible global function definition for ‘read.socket’
    getToHost: no visible global function definition for ‘close.socket’
    postToHost: no visible global function definition for ‘runif’
    simplePostToHost: no visible global function definition for
     ‘make.socket’
    simplePostToHost: no visible global function definition for
     ‘write.socket’
    simplePostToHost: no visible global function definition for
     ‘read.socket’
    simplePostToHost: no visible global function definition for
     ‘close.socket’
    Undefined global functions or variables:
     close.socket make.socket read.socket runif write.socket
    Consider adding
     importFrom("stats", "runif")
     importFrom("utils", "close.socket", "make.socket", "read.socket",
     "write.socket")
    to your NAMESPACE.
Flavors: r-devel-linux-x86_64-debian-clang, r-devel-linux-x86_64-debian-gcc, r-devel-linux-x86_64-fedora-clang, r-devel-linux-x86_64-fedora-gcc, r-devel-windows-ix86+x86_64