CRAN Package Check Results for Package httpRequest

Last updated on 2021-12-08 16:50:37 CET.

Flavor Version Tinstall Tcheck Ttotal Status Flags
r-devel-linux-x86_64-debian-clang 0.0.10 1.90 28.08 29.98 NOTE
r-devel-linux-x86_64-debian-gcc 0.0.10 1.58 22.73 24.31 NOTE
r-devel-linux-x86_64-fedora-clang 0.0.10 38.30 NOTE
r-devel-linux-x86_64-fedora-gcc 0.0.10 27.00 NOTE
r-devel-windows-x86_64-new-UL 0.0.10 5.00 51.00 56.00 NOTE
r-devel-windows-x86_64-new-TK 0.0.10 NOTE
r-devel-windows-x86_64-old 0.0.10 3.00 33.00 36.00 NOTE
r-patched-linux-x86_64 0.0.10 1.88 26.76 28.64 NOTE
r-release-linux-x86_64 0.0.10 1.94 26.78 28.72 NOTE
r-release-macos-arm64 0.0.10 NOTE
r-release-macos-x86_64 0.0.10 NOTE
r-release-windows-ix86+x86_64 0.0.10 4.00 26.00 30.00 NOTE
r-oldrel-macos-x86_64 0.0.10 NOTE
r-oldrel-windows-ix86+x86_64 0.0.10 4.00 25.00 29.00 NOTE

Check Details

Version: 0.0.10
Check: R code for possible problems
Result: NOTE
    getToHost: no visible global function definition for 'make.socket'
    getToHost: no visible global function definition for 'write.socket'
    getToHost: no visible global function definition for 'read.socket'
    getToHost: no visible global function definition for 'close.socket'
    postToHost: no visible global function definition for 'runif'
    simplePostToHost: no visible global function definition for
     'make.socket'
    simplePostToHost: no visible global function definition for
     'write.socket'
    simplePostToHost: no visible global function definition for
     'read.socket'
    simplePostToHost: no visible global function definition for
     'close.socket'
    Undefined global functions or variables:
     close.socket make.socket read.socket runif write.socket
    Consider adding
     importFrom("stats", "runif")
     importFrom("utils", "close.socket", "make.socket", "read.socket",
     "write.socket")
    to your NAMESPACE file.
Flavors: r-devel-linux-x86_64-debian-clang, r-devel-linux-x86_64-debian-gcc, r-devel-linux-x86_64-fedora-clang, r-devel-linux-x86_64-fedora-gcc, r-devel-windows-x86_64-new-UL, r-devel-windows-x86_64-new-TK, r-devel-windows-x86_64-old, r-patched-linux-x86_64, r-release-linux-x86_64, r-release-macos-arm64, r-release-macos-x86_64, r-release-windows-ix86+x86_64, r-oldrel-macos-x86_64, r-oldrel-windows-ix86+x86_64