CRAN Package Check Results for Package httpRequest

Last updated on 2016-05-31 15:46:53.

Flavor Version Tinstall Tcheck Ttotal Status Flags
r-devel-linux-x86_64-debian-gcc 0.0.10 0.51 8.44 8.95 NOTE
r-devel-linux-x86_64-fedora-clang 0.0.10 14.67 NOTE
r-devel-linux-x86_64-fedora-gcc 0.0.10 13.17 NOTE
r-devel-osx-x86_64-clang 0.0.10 18.42 NOTE
r-devel-windows-ix86+x86_64 0.0.10 2.00 24.00 26.00 NOTE
r-patched-linux-x86_64 0.0.10 0.60 9.26 9.86 NOTE
r-patched-solaris-sparc 0.0.10 85.60 NOTE
r-patched-solaris-x86 0.0.10 20.00 NOTE
r-release-linux-x86_64 0.0.10 0.52 8.37 8.89 NOTE
r-release-osx-x86_64-mavericks 0.0.10 NOTE
r-release-windows-ix86+x86_64 0.0.10 3.00 28.00 31.00 NOTE
r-oldrel-windows-ix86+x86_64 0.0.10 2.00 15.00 17.00 OK

Check Details

Version: 0.0.10
Check: R code for possible problems
Result: NOTE
    getToHost: no visible global function definition for ‘make.socket’
    getToHost: no visible global function definition for ‘write.socket’
    getToHost: no visible global function definition for ‘read.socket’
    getToHost: no visible global function definition for ‘close.socket’
    postToHost: no visible global function definition for ‘runif’
    simplePostToHost: no visible global function definition for
     ‘make.socket’
    simplePostToHost: no visible global function definition for
     ‘write.socket’
    simplePostToHost: no visible global function definition for
     ‘read.socket’
    simplePostToHost: no visible global function definition for
     ‘close.socket’
    Undefined global functions or variables:
     close.socket make.socket read.socket runif write.socket
    Consider adding
     importFrom("stats", "runif")
     importFrom("utils", "close.socket", "make.socket", "read.socket",
     "write.socket")
    to your NAMESPACE file.
Flavors: r-devel-linux-x86_64-debian-gcc, r-devel-linux-x86_64-fedora-clang, r-devel-linux-x86_64-fedora-gcc, r-devel-osx-x86_64-clang, r-devel-windows-ix86+x86_64, r-patched-linux-x86_64, r-patched-solaris-sparc, r-patched-solaris-x86, r-release-linux-x86_64, r-release-osx-x86_64-mavericks, r-release-windows-ix86+x86_64