CRAN Package Check Results for Package httpRequest

Last updated on 2015-06-30 12:47:18.

Flavor Version Tinstall Tcheck Ttotal Status Flags
r-devel-linux-x86_64-debian-clang 0.0.10 0.46 8.06 8.52 NOTE
r-devel-linux-x86_64-debian-gcc 0.0.10 0.48 7.93 8.41 NOTE
r-devel-linux-x86_64-fedora-clang 0.0.10 15.69 OK
r-devel-linux-x86_64-fedora-gcc 0.0.10 14.46 OK
r-devel-osx-x86_64-clang 0.0.10 17.80 OK
r-devel-windows-ix86+x86_64 0.0.10 4.00 24.00 28.00 OK
r-patched-linux-x86_64 0.0.10 0.49 8.35 8.84 OK
r-patched-solaris-sparc 0.0.10 100.50 OK
r-patched-solaris-x86 0.0.10 25.30 OK
r-release-linux-x86_64 0.0.10 0.53 8.47 9.00 OK
r-release-osx-x86_64-mavericks 0.0.10 OK
r-release-windows-ix86+x86_64 0.0.10 1.00 15.00 16.00 OK
r-oldrel-windows-ix86+x86_64 0.0.10 3.00 16.00 19.00 OK

Check Details

Version: 0.0.10
Check: R code for possible problems
Result: NOTE
    getToHost: no visible global function definition for ‘make.socket’
    getToHost: no visible global function definition for ‘write.socket’
    getToHost: no visible global function definition for ‘read.socket’
    getToHost: no visible global function definition for ‘close.socket’
    postToHost: no visible global function definition for ‘runif’
    simplePostToHost: no visible global function definition for
     ‘make.socket’
    simplePostToHost: no visible global function definition for
     ‘write.socket’
    simplePostToHost: no visible global function definition for
     ‘read.socket’
    simplePostToHost: no visible global function definition for
     ‘close.socket’
Flavors: r-devel-linux-x86_64-debian-clang, r-devel-linux-x86_64-debian-gcc