CRAN Package Check Results for Package httpgd

Last updated on 2021-12-07 18:52:00 CET.

Flavor Version Tinstall Tcheck Ttotal Status Flags
r-devel-linux-x86_64-debian-clang 1.2.1 186.59 43.74 230.33 OK
r-devel-linux-x86_64-debian-gcc 1.2.1 168.58 34.74 203.32 OK
r-devel-linux-x86_64-fedora-clang 1.2.1 352.23 NOTE
r-devel-linux-x86_64-fedora-gcc 1.2.1 355.87 OK
r-devel-windows-x86_64-new-UL 1.2.1 269.00 209.00 478.00 ERROR
r-devel-windows-x86_64-new-TK 1.2.1 OK
r-devel-windows-x86_64-old 1.2.1 248.00 88.00 336.00 NOTE
r-patched-linux-x86_64 1.2.1 190.82 41.89 232.71 OK
r-release-linux-x86_64 1.2.1 181.81 42.27 224.08 OK
r-release-macos-arm64 1.2.1 NOTE
r-release-macos-x86_64 1.2.1 NOTE
r-release-windows-ix86+x86_64 1.2.1 367.00 106.00 473.00 NOTE
r-oldrel-macos-x86_64 1.2.1 NOTE
r-oldrel-windows-ix86+x86_64 1.2.1 486.00 119.00 605.00 NOTE

Check Details

Version: 1.2.1
Check: installed package size
Result: NOTE
     installed size is 32.5Mb
     sub-directories of 1Mb or more:
     libs 32.2Mb
Flavors: r-devel-linux-x86_64-fedora-clang, r-devel-windows-x86_64-new-UL, r-devel-windows-x86_64-old, r-release-macos-arm64, r-release-macos-x86_64, r-release-windows-ix86+x86_64, r-oldrel-macos-x86_64, r-oldrel-windows-ix86+x86_64

Version: 1.2.1
Check: tests
Result: ERROR
     Running 'testthat.R' [4s]
    Running the tests in 'tests/testthat.R' failed.
    Complete output:
     > library(testthat)
     > library(httpgd)
     >
     > test_check("httpgd")
     ══ Skipped tests ═══════════════════════════════════════════════════════════════
     • On Windows (1)
    
     ══ Failed tests ════════════════════════════════════════════════════════════════
     ── Failure (test-svglite-text-fonts.R:7:3): font sets weight/style ─────────────
     style_attr(text, "font-weight") not equal to c(NA, "bold", NA, "bold").
     2/4 mismatches
     x[2]: NA
     y[2]: "bold"
    
     x[4]: NA
     y[4]: "bold"
    
     [ FAIL 1 | WARN 1 | SKIP 1 | PASS 101 ]
     Error: Test failures
     Execution halted
Flavor: r-devel-windows-x86_64-new-UL