CRAN Package Check Results for Package httptest2

Last updated on 2022-09-30 03:54:57 CEST.

Flavor Version Tinstall Tcheck Ttotal Status Flags
r-devel-linux-x86_64-debian-clang 0.1.0 3.21 59.36 62.57 OK
r-devel-linux-x86_64-debian-gcc 0.1.0 3.61 44.77 48.38 OK
r-devel-linux-x86_64-fedora-clang 0.1.0 97.10 OK
r-devel-linux-x86_64-fedora-gcc 0.1.0 87.37 OK
r-devel-windows-x86_64 0.1.0 40.00 104.00 144.00 OK
r-patched-linux-x86_64 0.1.0 4.25 57.88 62.13 OK
r-release-linux-x86_64 0.1.0 3.75 56.37 60.12 OK
r-release-macos-arm64 0.1.0 28.00 OK
r-release-macos-x86_64 0.1.0 56.00 OK
r-release-windows-x86_64 0.1.0 43.00 108.00 151.00 OK
r-oldrel-macos-arm64 0.1.0 25.00 OK
r-oldrel-macos-x86_64 0.1.0 40.00 OK
r-oldrel-windows-ix86+x86_64 0.1.0 10.00 104.00 114.00 WARN

Check Details

Version: 0.1.0
Check: for unstated dependencies in ‘tests’
Result: WARN
    Warning: unable to access index for repository https://bioconductor.org/packages/3.14/bioc/src/contrib:
     cannot open URL 'https://bioconductor.org/packages/3.14/bioc/src/contrib/PACKAGES'
    Warning: unable to access index for repository https://bioconductor.org/packages/3.14/data/annotation/src/contrib:
     cannot open URL 'https://bioconductor.org/packages/3.14/data/annotation/src/contrib/PACKAGES'
    Warning: unable to access index for repository https://bioconductor.org/packages/3.14/data/experiment/src/contrib:
     cannot open URL 'https://bioconductor.org/packages/3.14/data/experiment/src/contrib/PACKAGES'
Flavor: r-oldrel-windows-ix86+x86_64