CRAN Package Check Results for Package httpuv

Last updated on 2015-07-05 17:47:30.

Flavor Version Tinstall Tcheck Ttotal Status Flags
r-devel-linux-x86_64-debian-clang 1.3.2 23.20 14.94 38.14 NOTE
r-devel-linux-x86_64-debian-gcc 1.3.2 26.04 14.64 40.68 NOTE
r-devel-linux-x86_64-fedora-clang 1.3.2 81.94 NOTE
r-devel-linux-x86_64-fedora-gcc 1.3.2 73.63 NOTE
r-devel-osx-x86_64-clang 1.3.2 66.43 NOTE
r-devel-windows-ix86+x86_64 1.3.2 130.00 58.00 188.00 NOTE
r-patched-linux-x86_64 1.3.2 26.10 14.49 40.59 NOTE
r-patched-solaris-sparc 1.3.2 497.20 NOTE
r-patched-solaris-x86 1.3.2 100.00 NOTE
r-release-linux-x86_64 1.3.2 26.78 14.28 41.05 NOTE
r-release-osx-x86_64-mavericks 1.3.2 NOTE
r-release-windows-ix86+x86_64 1.3.2 190.00 40.00 230.00 NOTE
r-oldrel-windows-ix86+x86_64 1.3.2 211.00 56.00 267.00 NOTE

Check Details

Version: 1.3.2
Check: R code for possible problems
Result: NOTE
    rookCall: no visible global function definition for ‘packageVersion’
    Undefined global functions or variables:
     packageVersion
Flavors: r-devel-linux-x86_64-debian-clang, r-devel-linux-x86_64-debian-gcc, r-devel-linux-x86_64-fedora-clang, r-devel-linux-x86_64-fedora-gcc, r-devel-windows-ix86+x86_64

Version: 1.3.2
Check: for GNU extensions in Makefiles
Result: NOTE
    GNU make is a SystemRequirements.
Flavors: r-devel-linux-x86_64-debian-clang, r-devel-linux-x86_64-debian-gcc, r-devel-linux-x86_64-fedora-clang, r-devel-linux-x86_64-fedora-gcc, r-devel-osx-x86_64-clang, r-devel-windows-ix86+x86_64, r-patched-linux-x86_64, r-patched-solaris-sparc, r-patched-solaris-x86, r-release-linux-x86_64, r-release-osx-x86_64-mavericks, r-release-windows-ix86+x86_64, r-oldrel-windows-ix86+x86_64