CRAN Package Check Results for Package httpuv

Last updated on 2017-06-23 04:47:06.

Flavor Version Tinstall Tcheck Ttotal Status Flags
r-devel-linux-x86_64-debian-clang 1.3.3 31.76 16.99 48.75 NOTE
r-devel-linux-x86_64-debian-gcc 1.3.3 30.96 16.47 47.43 NOTE
r-devel-linux-x86_64-fedora-clang 1.3.3 94.95 NOTE
r-devel-linux-x86_64-fedora-gcc 1.3.3 85.38 NOTE
r-devel-windows-ix86+x86_64 1.3.3 239.00 59.00 298.00 WARN
r-patched-linux-x86_64 1.3.3 27.61 17.17 44.78 NOTE
r-patched-solaris-sparc 1.3.3 440.80 NOTE
r-patched-solaris-x86 1.3.3 91.80 NOTE
r-release-linux-x86_64 1.3.3 27.43 16.69 44.11 NOTE
r-release-windows-ix86+x86_64 1.3.3 270.00 82.00 352.00 NOTE
r-release-osx-x86_64 1.3.3 NOTE
r-oldrel-windows-ix86+x86_64 1.3.3 251.00 52.00 303.00 NOTE
r-oldrel-osx-x86_64 1.3.3 NOTE

Check Details

Version: 1.3.3
Check: for GNU extensions in Makefiles
Result: NOTE
    GNU make is a SystemRequirements.
Flavors: r-devel-linux-x86_64-debian-clang, r-devel-linux-x86_64-debian-gcc, r-devel-linux-x86_64-fedora-clang, r-devel-linux-x86_64-fedora-gcc, r-devel-windows-ix86+x86_64, r-patched-linux-x86_64, r-patched-solaris-sparc, r-patched-solaris-x86, r-release-linux-x86_64, r-release-windows-ix86+x86_64, r-release-osx-x86_64, r-oldrel-windows-ix86+x86_64, r-oldrel-osx-x86_64

Version: 1.3.3
Check: compiled code
Result: NOTE
    File ‘httpuv/libs/httpuv.so’:
     Found no calls to: ‘R_registerRoutines’, ‘R_useDynamicSymbols’
    
    It is good practice to register native routines and to disable symbol
    search.
    
    See ‘Writing portable packages’ in the ‘Writing R Extensions’ manual.
Flavors: r-devel-linux-x86_64-debian-clang, r-devel-linux-x86_64-debian-gcc, r-devel-linux-x86_64-fedora-clang, r-devel-linux-x86_64-fedora-gcc, r-patched-linux-x86_64, r-release-linux-x86_64

Version: 1.3.3
Check: whether package can be installed
Result: WARN
    Found the following significant warnings:
     ./libuv/include/uv-private/uv-win.h:326:5: warning: ISO C++ prohibits anonymous structs [-Wpedantic]
     ./libuv/include/uv-private/uv-win.h:379:42: warning: ISO C++ prohibits anonymous structs [-Wpedantic]
     ./libuv/include/uv-private/uv-win.h:380:42: warning: ISO C++ prohibits anonymous structs [-Wpedantic]
     ./libuv/include/uv-private/uv-win.h:397:35: warning: ISO C++ prohibits anonymous structs [-Wpedantic]
     ./libuv/include/uv-private/uv-win.h:398:39: warning: ISO C++ prohibits anonymous structs [-Wpedantic]
     ./libuv/include/uv-private/uv-win.h:455:5: warning: ISO C++ prohibits anonymous structs [-Wpedantic]
     ./libuv/include/uv-private/uv-win.h:469:5: warning: ISO C++ prohibits anonymous structs [-Wpedantic]
     ./libuv/include/uv-private/uv-win.h:435:36: warning: ISO C++ prohibits anonymous structs [-Wpedantic]
     ./libuv/include/uv-private/uv-win.h:436:40: warning: ISO C++ prohibits anonymous structs [-Wpedantic]
     ./libuv/include/uv-private/uv-win.h:556:5: warning: ISO C++ prohibits anonymous structs [-Wpedantic]
     ./libuv/include/uv-private/uv-win.h:560:5: warning: ISO C++ prohibits anonymous structs [-Wpedantic]
Flavor: r-devel-windows-ix86+x86_64