CRAN Package Check Results for Package httpuv

Last updated on 2016-05-28 17:38:36.

Flavor Version Tinstall Tcheck Ttotal Status Flags
r-devel-linux-x86_64-debian-gcc 1.3.3 33.76 14.43 48.18 NOTE
r-devel-linux-x86_64-fedora-clang 1.3.3 83.04 NOTE
r-devel-linux-x86_64-fedora-gcc 1.3.3 72.38 NOTE
r-devel-osx-x86_64-clang 1.3.3 81.91 NOTE
r-devel-windows-ix86+x86_64 1.3.3 162.00 39.00 201.00 NOTE
r-patched-linux-x86_64 1.3.3 25.47 14.52 39.99 NOTE
r-patched-solaris-sparc 1.3.3 407.10 NOTE
r-patched-solaris-x86 1.3.3 79.90 NOTE
r-release-linux-x86_64 1.3.3 25.14 14.95 40.09 NOTE
r-release-osx-x86_64-mavericks 1.3.3 NOTE
r-release-windows-ix86+x86_64 1.3.3 389.00 38.00 427.00 NOTE
r-oldrel-windows-ix86+x86_64 1.3.3 123.00 64.00 187.00 NOTE

Check Details

Version: 1.3.3
Check: for GNU extensions in Makefiles
Result: NOTE
    GNU make is a SystemRequirements.
Flavors: r-devel-linux-x86_64-debian-gcc, r-devel-linux-x86_64-fedora-clang, r-devel-linux-x86_64-fedora-gcc, r-devel-osx-x86_64-clang, r-devel-windows-ix86+x86_64, r-patched-linux-x86_64, r-patched-solaris-sparc, r-patched-solaris-x86, r-release-linux-x86_64, r-release-osx-x86_64-mavericks, r-release-windows-ix86+x86_64, r-oldrel-windows-ix86+x86_64