CRAN Package Check Results for Package httpuv

Last updated on 2018-04-24 10:47:05 CEST.

Flavor Version Tinstall Tcheck Ttotal Status Flags
r-devel-linux-x86_64-debian-clang 1.4.1 133.28 23.66 156.94 NOTE
r-devel-linux-x86_64-debian-gcc 1.4.1 105.21 22.39 127.60 NOTE
r-devel-linux-x86_64-fedora-clang 1.4.1 226.93 NOTE
r-devel-linux-x86_64-fedora-gcc 1.4.1 208.57 NOTE
r-devel-windows-ix86+x86_64 1.4.1 349.00 80.00 429.00 NOTE
r-patched-linux-x86_64 1.4.1 123.02 27.32 150.34 NOTE
r-patched-solaris-x86 1.4.1 177.70 NOTE
r-release-linux-x86_64 1.4.1 130.36 27.09 157.45 NOTE
r-release-windows-ix86+x86_64 1.4.1 349.00 80.00 429.00 NOTE
r-release-osx-x86_64 1.4.0 NOTE
r-oldrel-windows-ix86+x86_64 1.4.0 365.00 75.00 440.00 NOTE
r-oldrel-osx-x86_64 1.4.0 NOTE

Check Details

Version: 1.4.1
Check: for GNU extensions in Makefiles
Result: NOTE
    GNU make is a SystemRequirements.
Flavors: r-devel-linux-x86_64-debian-clang, r-devel-linux-x86_64-debian-gcc, r-devel-linux-x86_64-fedora-clang, r-devel-linux-x86_64-fedora-gcc, r-devel-windows-ix86+x86_64, r-patched-linux-x86_64, r-patched-solaris-x86, r-release-linux-x86_64, r-release-windows-ix86+x86_64

Version: 1.4.1
Check: installed package size
Result: NOTE
     installed size is 5.7Mb
     sub-directories of 1Mb or more:
     libs 5.4Mb
Flavors: r-devel-linux-x86_64-fedora-clang, r-devel-linux-x86_64-fedora-gcc

Version: 1.4.0
Check: installed package size
Result: NOTE
     installed size is 5.2Mb
     sub-directories of 1Mb or more:
     libs 5.0Mb
Flavors: r-release-osx-x86_64, r-oldrel-osx-x86_64

Version: 1.4.0
Check: for GNU extensions in Makefiles
Result: NOTE
    GNU make is a SystemRequirements.
Flavors: r-release-osx-x86_64, r-oldrel-windows-ix86+x86_64, r-oldrel-osx-x86_64