CRAN Package Check Results for Package httpuv

Last updated on 2016-07-31 02:47:08.

Flavor Version Tinstall Tcheck Ttotal Status Flags
r-devel-linux-x86_64-debian-clang 1.3.3 31.84 13.95 45.78 NOTE
r-devel-linux-x86_64-debian-gcc 1.3.3 32.20 13.79 45.99 NOTE
r-devel-linux-x86_64-fedora-clang 1.3.3 84.18 NOTE
r-devel-linux-x86_64-fedora-gcc 1.3.3 77.65 NOTE
r-devel-osx-x86_64-clang 1.3.3 64.56 NOTE
r-devel-windows-ix86+x86_64 1.3.3 169.00 34.00 203.00 NOTE
r-patched-linux-x86_64 1.3.3 26.92 13.71 40.63 NOTE
r-patched-solaris-sparc 1.3.3 416.30 NOTE
r-patched-solaris-x86 1.3.3 79.70 NOTE
r-release-linux-x86_64 1.3.3 30.00 16.54 46.55 NOTE
r-release-osx-x86_64-mavericks 1.3.3 NOTE
r-release-windows-ix86+x86_64 1.3.3 221.00 48.00 269.00 NOTE
r-oldrel-windows-ix86+x86_64 1.3.3 174.00 58.00 232.00 NOTE

Check Details

Version: 1.3.3
Check: for GNU extensions in Makefiles
Result: NOTE
    GNU make is a SystemRequirements.
Flavors: r-devel-linux-x86_64-debian-clang, r-devel-linux-x86_64-debian-gcc, r-devel-linux-x86_64-fedora-clang, r-devel-linux-x86_64-fedora-gcc, r-devel-osx-x86_64-clang, r-devel-windows-ix86+x86_64, r-patched-linux-x86_64, r-patched-solaris-sparc, r-patched-solaris-x86, r-release-linux-x86_64, r-release-osx-x86_64-mavericks, r-release-windows-ix86+x86_64, r-oldrel-windows-ix86+x86_64