CRAN Package Check Results for Package httpuv

Last updated on 2017-02-26 19:53:49.

Flavor Version Tinstall Tcheck Ttotal Status Flags
r-devel-linux-x86_64-debian-clang 1.3.3 29.38 16.57 45.95 NOTE
r-devel-linux-x86_64-debian-gcc 1.3.3 29.66 16.51 46.17 NOTE
r-devel-linux-x86_64-fedora-clang 1.3.3 96.25 NOTE --no-stop-on-test-error
r-devel-linux-x86_64-fedora-gcc 1.3.3 86.10 NOTE --no-stop-on-test-error
r-devel-macos-x86_64-clang 1.3.3 70.19 NOTE --no-stop-on-test-error
r-devel-windows-ix86+x86_64 1.3.3 166.00 102.00 268.00 WARN
r-patched-linux-x86_64 1.3.3 25.26 13.46 38.72 NOTE
r-patched-solaris-sparc 1.3.3 413.10 NOTE
r-patched-solaris-x86 1.3.3 84.10 NOTE
r-release-linux-x86_64 1.3.3 25.10 13.50 38.59 NOTE
r-release-osx-x86_64-mavericks 1.3.3 NOTE
r-release-windows-ix86+x86_64 1.3.3 249.00 70.00 319.00 NOTE
r-oldrel-windows-ix86+x86_64 1.3.3 227.00 79.00 306.00 NOTE

Check Details

Version: 1.3.3
Check: for GNU extensions in Makefiles
Result: NOTE
    GNU make is a SystemRequirements.
Flavors: r-devel-linux-x86_64-debian-clang, r-devel-linux-x86_64-debian-gcc, r-devel-windows-ix86+x86_64, r-patched-linux-x86_64, r-patched-solaris-sparc, r-patched-solaris-x86, r-release-linux-x86_64, r-release-osx-x86_64-mavericks, r-release-windows-ix86+x86_64, r-oldrel-windows-ix86+x86_64

Version: 1.3.3
Check: compiled code
Result: NOTE
    File ‘httpuv/libs/httpuv.so’:
     Found no calls to: ‘R_registerRoutines’, ‘R_useDynamicSymbols’
    
    It is good practice to register native routines and to disable symbol
    search.
    
    See ‘Writing portable packages’ in the ‘Writing R Extensions’ manual.
Flavors: r-devel-linux-x86_64-debian-clang, r-devel-linux-x86_64-debian-gcc

Version: 1.3.3
Flags: --no-stop-on-test-error
Check: for GNU extensions in Makefiles
Result: NOTE
    GNU make is a SystemRequirements.
Flavors: r-devel-linux-x86_64-fedora-clang, r-devel-linux-x86_64-fedora-gcc, r-devel-macos-x86_64-clang

Version: 1.3.3
Flags: --no-stop-on-test-error
Check: compiled code
Result: NOTE
    File ‘httpuv/libs/httpuv.so’:
     Found no calls to: ‘R_registerRoutines’, ‘R_useDynamicSymbols’
    
    It is good practice to register native routines and to disable symbol
    search.
    
    See ‘Writing portable packages’ in the ‘Writing R Extensions’ manual.
Flavors: r-devel-linux-x86_64-fedora-clang, r-devel-linux-x86_64-fedora-gcc, r-devel-macos-x86_64-clang

Version: 1.3.3
Check: whether package can be installed
Result: WARN
    Found the following significant warnings:
     ./libuv/include/uv-private/uv-win.h:326:5: warning: ISO C++ prohibits anonymous structs [-Wpedantic]
     ./libuv/include/uv-private/uv-win.h:379:42: warning: ISO C++ prohibits anonymous structs [-Wpedantic]
     ./libuv/include/uv-private/uv-win.h:380:42: warning: ISO C++ prohibits anonymous structs [-Wpedantic]
     ./libuv/include/uv-private/uv-win.h:397:35: warning: ISO C++ prohibits anonymous structs [-Wpedantic]
     ./libuv/include/uv-private/uv-win.h:398:39: warning: ISO C++ prohibits anonymous structs [-Wpedantic]
     ./libuv/include/uv-private/uv-win.h:455:5: warning: ISO C++ prohibits anonymous structs [-Wpedantic]
     ./libuv/include/uv-private/uv-win.h:469:5: warning: ISO C++ prohibits anonymous structs [-Wpedantic]
     ./libuv/include/uv-private/uv-win.h:435:36: warning: ISO C++ prohibits anonymous structs [-Wpedantic]
     ./libuv/include/uv-private/uv-win.h:436:40: warning: ISO C++ prohibits anonymous structs [-Wpedantic]
     ./libuv/include/uv-private/uv-win.h:556:5: warning: ISO C++ prohibits anonymous structs [-Wpedantic]
     ./libuv/include/uv-private/uv-win.h:560:5: warning: ISO C++ prohibits anonymous structs [-Wpedantic]
Flavor: r-devel-windows-ix86+x86_64