CRAN Package Check Results for Package httpuv

Last updated on 2016-12-05 17:49:19.

Flavor Version Tinstall Tcheck Ttotal Status Flags
r-devel-linux-x86_64-debian-clang 1.3.3 28.53 15.89 44.42 NOTE
r-devel-linux-x86_64-debian-gcc 1.3.3 29.42 15.79 45.21 NOTE
r-devel-linux-x86_64-fedora-clang 1.3.3 88.33 NOTE --no-stop-on-test-error
r-devel-linux-x86_64-fedora-gcc 1.3.3 81.32 NOTE --no-stop-on-test-error
r-devel-macos-x86_64-clang 1.3.3 69.47 NOTE
r-devel-windows-ix86+x86_64 1.3.3 158.00 60.00 218.00 WARN
r-patched-linux-x86_64 1.3.3 24.97 13.75 38.72 NOTE
r-patched-solaris-sparc 1.3.3 416.30 NOTE
r-patched-solaris-x86 1.3.3 80.20 NOTE
r-release-linux-x86_64 1.3.3 24.84 13.71 38.55 NOTE
r-release-osx-x86_64-mavericks 1.3.3 NOTE
r-release-windows-ix86+x86_64 1.3.3 254.00 35.00 289.00 NOTE
r-oldrel-windows-ix86+x86_64 1.3.3 192.00 49.00 241.00 NOTE

Check Details

Version: 1.3.3
Check: for GNU extensions in Makefiles
Result: NOTE
    GNU make is a SystemRequirements.
Flavors: r-devel-linux-x86_64-debian-clang, r-devel-linux-x86_64-debian-gcc, r-devel-macos-x86_64-clang, r-devel-windows-ix86+x86_64, r-patched-linux-x86_64, r-patched-solaris-sparc, r-patched-solaris-x86, r-release-linux-x86_64, r-release-osx-x86_64-mavericks, r-release-windows-ix86+x86_64, r-oldrel-windows-ix86+x86_64

Version: 1.3.3
Flags: --no-stop-on-test-error
Check: for GNU extensions in Makefiles
Result: NOTE
    GNU make is a SystemRequirements.
Flavors: r-devel-linux-x86_64-fedora-clang, r-devel-linux-x86_64-fedora-gcc

Version: 1.3.3
Check: whether package can be installed
Result: WARN
    Found the following significant warnings:
     ./libuv/include/uv-private/uv-win.h:326:5: warning: ISO C++ prohibits anonymous structs [-Wpedantic]
     ./libuv/include/uv-private/uv-win.h:379:42: warning: ISO C++ prohibits anonymous structs [-Wpedantic]
     ./libuv/include/uv-private/uv-win.h:380:42: warning: ISO C++ prohibits anonymous structs [-Wpedantic]
     ./libuv/include/uv-private/uv-win.h:397:35: warning: ISO C++ prohibits anonymous structs [-Wpedantic]
     ./libuv/include/uv-private/uv-win.h:398:39: warning: ISO C++ prohibits anonymous structs [-Wpedantic]
     ./libuv/include/uv-private/uv-win.h:455:5: warning: ISO C++ prohibits anonymous structs [-Wpedantic]
     ./libuv/include/uv-private/uv-win.h:469:5: warning: ISO C++ prohibits anonymous structs [-Wpedantic]
     ./libuv/include/uv-private/uv-win.h:435:36: warning: ISO C++ prohibits anonymous structs [-Wpedantic]
     ./libuv/include/uv-private/uv-win.h:436:40: warning: ISO C++ prohibits anonymous structs [-Wpedantic]
     ./libuv/include/uv-private/uv-win.h:556:5: warning: ISO C++ prohibits anonymous structs [-Wpedantic]
     ./libuv/include/uv-private/uv-win.h:560:5: warning: ISO C++ prohibits anonymous structs [-Wpedantic]
Flavor: r-devel-windows-ix86+x86_64