CRAN Package Check Results for Package httpuv

Last updated on 2016-02-13 23:47:05.

Flavor Version Tinstall Tcheck Ttotal Status Flags
r-devel-linux-x86_64-debian-gcc 1.3.3 24.61 13.86 38.47 NOTE
r-devel-linux-x86_64-fedora-clang 1.3.3 79.89 NOTE
r-devel-linux-x86_64-fedora-gcc 1.3.3 71.65 NOTE
r-devel-osx-x86_64-clang 1.3.3 76.92 NOTE
r-devel-windows-ix86+x86_64 1.3.3 177.00 42.00 219.00 NOTE
r-patched-linux-x86_64 1.3.3 24.61 15.03 39.64 NOTE
r-patched-solaris-sparc 1.3.3 434.70 NOTE
r-patched-solaris-x86 1.3.3 84.20 NOTE
r-release-linux-x86_64 1.3.3 24.92 14.96 39.87 NOTE
r-release-osx-x86_64-mavericks 1.3.3 NOTE
r-release-windows-ix86+x86_64 1.3.3 183.00 44.00 227.00 NOTE
r-oldrel-windows-ix86+x86_64 1.3.3 218.00 48.00 266.00 NOTE

Check Details

Version: 1.3.3
Check: for GNU extensions in Makefiles
Result: NOTE
    GNU make is a SystemRequirements.
Flavors: r-devel-linux-x86_64-debian-gcc, r-devel-linux-x86_64-fedora-clang, r-devel-linux-x86_64-fedora-gcc, r-devel-osx-x86_64-clang, r-devel-windows-ix86+x86_64, r-patched-linux-x86_64, r-patched-solaris-sparc, r-patched-solaris-x86, r-release-linux-x86_64, r-release-osx-x86_64-mavericks, r-release-windows-ix86+x86_64, r-oldrel-windows-ix86+x86_64