CRAN Package Check Results for Package httpuv

Last updated on 2017-10-19 19:47:07.

Flavor Version Tinstall Tcheck Ttotal Status Flags
r-devel-linux-x86_64-debian-clang 1.3.5 35.08 15.43 50.51 NOTE
r-devel-linux-x86_64-debian-gcc 1.3.5 38.61 16.67 55.28 NOTE
r-devel-linux-x86_64-fedora-clang 1.3.5 100.76 NOTE
r-devel-linux-x86_64-fedora-gcc 1.3.5 92.77 NOTE
r-devel-windows-ix86+x86_64 1.3.5 167.00 51.00 218.00 NOTE
r-patched-linux-x86_64 1.3.5 35.10 16.43 51.53 NOTE
r-patched-solaris-x86 1.3.5 97.20 NOTE
r-release-linux-x86_64 1.3.5 34.52 16.56 51.08 NOTE
r-release-windows-ix86+x86_64 1.3.5 271.00 50.00 321.00 NOTE
r-release-osx-x86_64 1.3.5 NOTE
r-oldrel-windows-ix86+x86_64 1.3.5 245.00 63.00 308.00 NOTE
r-oldrel-osx-x86_64 1.3.5 NOTE

Check Details

Version: 1.3.5
Check: for GNU extensions in Makefiles
Result: NOTE
    GNU make is a SystemRequirements.
Flavors: r-devel-linux-x86_64-debian-clang, r-devel-linux-x86_64-debian-gcc, r-devel-linux-x86_64-fedora-clang, r-devel-linux-x86_64-fedora-gcc, r-devel-windows-ix86+x86_64, r-patched-linux-x86_64, r-patched-solaris-x86, r-release-linux-x86_64, r-release-windows-ix86+x86_64, r-release-osx-x86_64, r-oldrel-windows-ix86+x86_64, r-oldrel-osx-x86_64