CRAN Package Check Results for Package httpuv

Last updated on 2017-12-13 07:48:27 CET.

Flavor Version Tinstall Tcheck Ttotal Status Flags
r-devel-linux-x86_64-debian-clang 1.3.5 47.20 21.91 69.11 NOTE
r-devel-linux-x86_64-debian-gcc 1.3.5 39.36 18.58 57.94 NOTE
r-devel-linux-x86_64-fedora-clang 1.3.5 96.93 NOTE
r-devel-linux-x86_64-fedora-gcc 1.3.5 90.60 NOTE
r-devel-windows-ix86+x86_64 1.3.5 267.00 51.00 318.00 NOTE
r-patched-linux-x86_64 1.3.5 47.77 23.58 71.35 NOTE
r-patched-solaris-x86 1.3.5 96.70 NOTE
r-release-linux-x86_64 1.3.5 47.25 23.14 70.39 NOTE
r-release-windows-ix86+x86_64 1.3.5 174.00 70.00 244.00 NOTE
r-release-osx-x86_64 1.3.5 NOTE
r-oldrel-windows-ix86+x86_64 1.3.5 269.00 58.00 327.00 NOTE
r-oldrel-osx-x86_64 1.3.5 NOTE

Check Details

Version: 1.3.5
Check: for GNU extensions in Makefiles
Result: NOTE
    GNU make is a SystemRequirements.
Flavors: r-devel-linux-x86_64-debian-clang, r-devel-linux-x86_64-debian-gcc, r-devel-linux-x86_64-fedora-clang, r-devel-linux-x86_64-fedora-gcc, r-devel-windows-ix86+x86_64, r-patched-linux-x86_64, r-patched-solaris-x86, r-release-linux-x86_64, r-release-windows-ix86+x86_64, r-release-osx-x86_64, r-oldrel-windows-ix86+x86_64, r-oldrel-osx-x86_64