CRAN Package Check Results for Package httpuv

Last updated on 2018-02-25 09:50:21 CET.

Flavor Version Tinstall Tcheck Ttotal Status Flags
r-devel-linux-x86_64-debian-clang 1.3.5 52.53 24.24 76.77 WARN
r-devel-linux-x86_64-debian-gcc 1.3.5 40.38 19.30 59.68 WARN
r-devel-linux-x86_64-fedora-clang 1.3.5 107.10 WARN
r-devel-linux-x86_64-fedora-gcc 1.3.5 93.37 WARN
r-devel-windows-ix86+x86_64 1.3.5 258.00 80.00 338.00 NOTE
r-patched-linux-x86_64 1.3.5 48.03 23.90 71.93 NOTE
r-patched-solaris-x86 1.3.5 104.30 NOTE
r-release-linux-x86_64 1.3.5 49.38 23.65 73.03 NOTE
r-release-windows-ix86+x86_64 1.3.5 186.00 76.00 262.00 NOTE
r-release-osx-x86_64 1.3.5 NOTE
r-oldrel-windows-ix86+x86_64 1.3.5 182.00 58.00 240.00 NOTE
r-oldrel-osx-x86_64 1.3.5 NOTE

Check Details

Version: 1.3.5
Check: for GNU extensions in Makefiles
Result: NOTE
    GNU make is a SystemRequirements.
Flavors: r-devel-linux-x86_64-debian-clang, r-devel-linux-x86_64-debian-gcc, r-devel-linux-x86_64-fedora-clang, r-devel-linux-x86_64-fedora-gcc, r-devel-windows-ix86+x86_64, r-patched-linux-x86_64, r-patched-solaris-x86, r-release-linux-x86_64, r-release-windows-ix86+x86_64, r-release-osx-x86_64, r-oldrel-windows-ix86+x86_64, r-oldrel-osx-x86_64

Version: 1.3.5
Check: compilation flags used
Result: WARN
    Compilation used the following non-portable flag(s):
     ‘-Wno-unused-parameter’
    including flag(s) suppressing warnings
Flavors: r-devel-linux-x86_64-debian-clang, r-devel-linux-x86_64-debian-gcc, r-devel-linux-x86_64-fedora-clang, r-devel-linux-x86_64-fedora-gcc