CRAN Package Check Results for Package httpuv

Last updated on 2015-03-27 17:50:22.

Flavor Version Tinstall Tcheck Ttotal Status Flags
r-devel-linux-x86_64-debian-clang 1.3.2 23.14 15.00 38.14 NOTE
r-devel-linux-x86_64-debian-gcc 1.3.2 25.77 14.36 40.13 NOTE
r-devel-linux-x86_64-fedora-clang 1.3.2 82.64 NOTE
r-devel-linux-x86_64-fedora-gcc 1.3.2 74.76 NOTE
r-devel-osx-x86_64-clang 1.3.2 69.12 NOTE
r-prerel-windows-ix86+x86_64 1.3.2 138.00 39.00 177.00 NOTE
r-prerel-linux-x86_64 1.3.2 27.26 14.37 41.63 NOTE
r-prerel-solaris-sparc 1.3.2 504.00 NOTE
r-prerel-solaris-x86 1.3.2 99.60 NOTE
r-release-linux-x86_64 1.3.2 26.24 16.14 42.38 NOTE
r-release-osx-x86_64-mavericks 1.3.2 NOTE
r-release-osx-x86_64-snowleopard 1.3.2 OK
r-release-windows-ix86+x86_64 1.3.2 191.00 45.00 236.00 NOTE
r-oldrel-windows-ix86+x86_64 1.3.2 157.00 44.00 201.00 OK

Check Details

Version: 1.3.2
Check: for GNU extensions in Makefiles
Result: NOTE
    GNU make is a SystemRequirements.
Flavors: r-devel-linux-x86_64-debian-clang, r-devel-linux-x86_64-debian-gcc, r-devel-linux-x86_64-fedora-clang, r-devel-linux-x86_64-fedora-gcc, r-devel-osx-x86_64-clang, r-prerel-windows-ix86+x86_64, r-prerel-linux-x86_64, r-prerel-solaris-sparc, r-prerel-solaris-x86, r-release-linux-x86_64, r-release-osx-x86_64-mavericks, r-release-windows-ix86+x86_64