Last updated on 2022-07-03 18:50:28 CEST.
Flavor | Version | Tinstall | Tcheck | Ttotal | Status | Flags |
---|---|---|---|---|---|---|
r-devel-linux-x86_64-debian-clang | 1.6.5 | 204.76 | 44.44 | 249.20 | NOTE | |
r-devel-linux-x86_64-debian-gcc | 1.6.5 | 163.19 | 34.90 | 198.09 | NOTE | |
r-devel-linux-x86_64-fedora-clang | 1.6.5 | 424.10 | NOTE | |||
r-devel-linux-x86_64-fedora-gcc | 1.6.5 | 367.93 | NOTE | |||
r-devel-windows-x86_64 | 1.6.5 | 278.00 | 113.00 | 391.00 | NOTE | |
r-patched-linux-x86_64 | 1.6.5 | 178.92 | 43.12 | 222.04 | NOTE | |
r-release-linux-x86_64 | 1.6.5 | 175.18 | 42.86 | 218.04 | NOTE | |
r-release-macos-arm64 | 1.6.5 | 124.00 | NOTE | |||
r-release-macos-x86_64 | 1.6.5 | 185.00 | NOTE | |||
r-release-windows-x86_64 | 1.6.5 | 322.00 | 113.00 | 435.00 | NOTE | |
r-oldrel-macos-arm64 | 1.6.5 | 133.00 | NOTE | |||
r-oldrel-macos-x86_64 | 1.6.5 | 194.00 | NOTE | |||
r-oldrel-windows-ix86+x86_64 | 1.6.5 | 584.00 | 105.00 | 689.00 | NOTE |
Version: 1.6.5
Check: for GNU extensions in Makefiles
Result: NOTE
GNU make is a SystemRequirements.
Flavors: r-devel-linux-x86_64-debian-clang, r-devel-linux-x86_64-debian-gcc, r-devel-linux-x86_64-fedora-clang, r-devel-linux-x86_64-fedora-gcc, r-devel-windows-x86_64, r-patched-linux-x86_64, r-release-linux-x86_64, r-release-macos-arm64, r-release-macos-x86_64, r-release-windows-x86_64, r-oldrel-macos-arm64, r-oldrel-macos-x86_64, r-oldrel-windows-ix86+x86_64
Version: 1.6.5
Check: installed package size
Result: NOTE
installed size is 6.7Mb
sub-directories of 1Mb or more:
libs 6.3Mb
Flavors: r-devel-linux-x86_64-fedora-clang, r-release-macos-arm64, r-release-macos-x86_64, r-oldrel-macos-arm64, r-oldrel-macos-x86_64