CRAN Package Check Results for Package httpuv

Last updated on 2015-09-03 09:46:59.

Flavor Version Tinstall Tcheck Ttotal Status Flags
r-devel-linux-x86_64-debian-clang 1.3.3 23.12 13.82 36.93 NOTE
r-devel-linux-x86_64-debian-gcc 1.3.3 25.74 14.71 40.45 NOTE
r-devel-linux-x86_64-fedora-clang 1.3.3 82.81 NOTE
r-devel-linux-x86_64-fedora-gcc 1.3.3 75.31 NOTE
r-devel-osx-x86_64-clang 1.3.3 70.15 NOTE
r-devel-windows-ix86+x86_64 1.3.3 182.00 47.00 229.00 NOTE
r-patched-linux-x86_64 1.3.3 26.12 14.97 41.09 NOTE
r-patched-solaris-sparc 1.3.3 408.40 NOTE
r-patched-solaris-x86 1.3.3 90.40 NOTE
r-release-linux-x86_64 1.3.3 25.96 14.65 40.60 NOTE
r-release-osx-x86_64-mavericks 1.3.3 NOTE
r-release-windows-ix86+x86_64 1.3.3 191.00 42.00 233.00 NOTE
r-oldrel-windows-ix86+x86_64 1.3.3 202.00 50.00 252.00 NOTE

Check Details

Version: 1.3.3
Check: for GNU extensions in Makefiles
Result: NOTE
    GNU make is a SystemRequirements.
Flavors: r-devel-linux-x86_64-debian-clang, r-devel-linux-x86_64-debian-gcc, r-devel-linux-x86_64-fedora-clang, r-devel-linux-x86_64-fedora-gcc, r-devel-osx-x86_64-clang, r-devel-windows-ix86+x86_64, r-patched-linux-x86_64, r-patched-solaris-sparc, r-patched-solaris-x86, r-release-linux-x86_64, r-release-osx-x86_64-mavericks, r-release-windows-ix86+x86_64, r-oldrel-windows-ix86+x86_64