CRAN Package Check Results for Package httpuv

Last updated on 2015-08-04 23:48:15.

Flavor Version Tinstall Tcheck Ttotal Status Flags
r-devel-linux-x86_64-debian-clang 1.3.3 23.00 14.63 37.63 NOTE
r-devel-linux-x86_64-debian-gcc 1.3.2 25.87 15.17 41.04 NOTE
r-devel-linux-x86_64-fedora-clang 1.3.3 61.36 NOTE
r-devel-linux-x86_64-fedora-gcc 1.3.3 62.81 NOTE
r-devel-osx-x86_64-clang 1.3.3 72.01 NOTE
r-devel-windows-ix86+x86_64 1.3.3 138.00 57.00 195.00 NOTE
r-patched-linux-x86_64 1.3.3 26.55 14.55 41.10 NOTE
r-patched-solaris-sparc 1.3.3 408.40 NOTE
r-patched-solaris-x86 1.3.3 80.00 NOTE
r-release-linux-x86_64 1.3.2 26.35 14.16 40.51 NOTE
r-release-osx-x86_64-mavericks 1.3.2 NOTE
r-release-windows-ix86+x86_64 1.3.3 138.00 61.00 199.00 NOTE
r-oldrel-windows-ix86+x86_64 1.3.3 136.00 68.00 204.00 NOTE

Check Details

Version: 1.3.3
Check: for GNU extensions in Makefiles
Result: NOTE
    GNU make is a SystemRequirements.
Flavors: r-devel-linux-x86_64-debian-clang, r-devel-linux-x86_64-fedora-clang, r-devel-linux-x86_64-fedora-gcc, r-devel-osx-x86_64-clang, r-devel-windows-ix86+x86_64, r-patched-linux-x86_64, r-patched-solaris-sparc, r-patched-solaris-x86, r-release-windows-ix86+x86_64, r-oldrel-windows-ix86+x86_64

Version: 1.3.2
Check: R code for possible problems
Result: NOTE
    rookCall: no visible global function definition for ‘packageVersion’
    Undefined global functions or variables:
     packageVersion
    Consider adding
     importFrom("utils", "packageVersion")
    to your NAMESPACE.
Flavor: r-devel-linux-x86_64-debian-gcc

Version: 1.3.2
Check: for GNU extensions in Makefiles
Result: NOTE
    GNU make is a SystemRequirements.
Flavors: r-devel-linux-x86_64-debian-gcc, r-release-linux-x86_64, r-release-osx-x86_64-mavericks