CRAN Package Check Results for Package httpuv

Last updated on 2015-05-06 17:47:54.

Flavor Version Tinstall Tcheck Ttotal Status Flags
r-devel-linux-x86_64-debian-clang 1.3.2 24.60 15.21 39.81 NOTE
r-devel-linux-x86_64-debian-gcc 1.3.2 26.68 15.72 42.41 NOTE
r-devel-linux-x86_64-fedora-clang 1.3.2 81.71 NOTE
r-devel-linux-x86_64-fedora-gcc 1.3.2 74.06 NOTE
r-devel-osx-x86_64-clang 1.3.2 71.00 NOTE
r-devel-windows-ix86+x86_64 1.3.2 129.00 39.00 168.00 NOTE
r-patched-linux-x86_64 1.3.2 26.32 14.94 41.26 NOTE
r-patched-solaris-sparc 1.3.2 504.00 NOTE
r-patched-solaris-x86 1.3.2 100.40 NOTE
r-release-linux-x86_64 1.3.2 26.43 15.27 41.70 NOTE
r-release-osx-x86_64-mavericks 1.3.2 NOTE
r-release-osx-x86_64-snowleopard 1.3.2 NOTE
r-release-windows-ix86+x86_64 1.3.2 123.00 41.00 164.00 NOTE
r-oldrel-windows-ix86+x86_64 1.3.2 97.00 43.00 140.00 NOTE

Check Details

Version: 1.3.2
Check: for GNU extensions in Makefiles
Result: NOTE
    GNU make is a SystemRequirements.
Flavors: r-devel-linux-x86_64-debian-clang, r-devel-linux-x86_64-debian-gcc, r-devel-linux-x86_64-fedora-clang, r-devel-linux-x86_64-fedora-gcc, r-devel-osx-x86_64-clang, r-devel-windows-ix86+x86_64, r-patched-linux-x86_64, r-patched-solaris-sparc, r-patched-solaris-x86, r-release-linux-x86_64, r-release-osx-x86_64-mavericks, r-release-osx-x86_64-snowleopard, r-release-windows-ix86+x86_64, r-oldrel-windows-ix86+x86_64