CRAN Package Check Results for Package httpuv

Last updated on 2017-08-18 11:47:54.

Flavor Version Tinstall Tcheck Ttotal Status Flags
r-devel-linux-x86_64-debian-clang 1.3.5 34.74 16.08 50.82 NOTE
r-devel-linux-x86_64-debian-gcc 1.3.5 36.18 16.15 52.33 NOTE
r-devel-linux-x86_64-fedora-clang 1.3.5 98.09 NOTE
r-devel-linux-x86_64-fedora-gcc 1.3.5 90.33 NOTE
r-devel-windows-ix86+x86_64 1.3.5 176.00 77.00 253.00 NOTE
r-patched-linux-x86_64 1.3.5 35.23 16.27 51.49 NOTE
r-patched-solaris-x86 1.3.5 96.70 NOTE
r-release-linux-x86_64 1.3.5 34.97 16.64 51.61 NOTE
r-release-windows-ix86+x86_64 1.3.5 261.00 70.00 331.00 NOTE
r-release-osx-x86_64 1.3.5 NOTE
r-oldrel-windows-ix86+x86_64 1.3.5 179.00 61.00 240.00 NOTE
r-oldrel-osx-x86_64 1.3.5 NOTE

Check Details

Version: 1.3.5
Check: for GNU extensions in Makefiles
Result: NOTE
    GNU make is a SystemRequirements.
Flavors: r-devel-linux-x86_64-debian-clang, r-devel-linux-x86_64-debian-gcc, r-devel-linux-x86_64-fedora-clang, r-devel-linux-x86_64-fedora-gcc, r-devel-windows-ix86+x86_64, r-patched-linux-x86_64, r-patched-solaris-x86, r-release-linux-x86_64, r-release-windows-ix86+x86_64, r-release-osx-x86_64, r-oldrel-windows-ix86+x86_64, r-oldrel-osx-x86_64