CRAN Package Check Results for Package httpuv

Last updated on 2016-08-29 10:47:15.

Flavor Version Tinstall Tcheck Ttotal Status Flags
r-devel-linux-x86_64-debian-clang 1.3.3 28.26 13.83 42.08 NOTE
r-devel-linux-x86_64-debian-gcc 1.3.3 28.56 13.75 42.31 NOTE
r-devel-linux-x86_64-fedora-clang 1.3.3 83.93 NOTE
r-devel-linux-x86_64-fedora-gcc 1.3.3 75.01 NOTE
r-devel-osx-x86_64-clang 1.3.3 65.03 NOTE
r-devel-windows-ix86+x86_64 1.3.3 246.00 35.00 281.00 NOTE
r-patched-linux-x86_64 1.3.3 24.82 13.83 38.64 NOTE
r-patched-solaris-sparc 1.3.3 416.30 NOTE
r-patched-solaris-x86 1.3.3 80.40 NOTE
r-release-linux-x86_64 1.3.3 25.94 14.39 40.33 NOTE
r-release-osx-x86_64-mavericks 1.3.3 NOTE
r-release-windows-ix86+x86_64 1.3.3 436.00 43.00 479.00 NOTE
r-oldrel-windows-ix86+x86_64 1.3.3 201.00 71.00 272.00 NOTE

Check Details

Version: 1.3.3
Check: for GNU extensions in Makefiles
Result: NOTE
    GNU make is a SystemRequirements.
Flavors: r-devel-linux-x86_64-debian-clang, r-devel-linux-x86_64-debian-gcc, r-devel-linux-x86_64-fedora-clang, r-devel-linux-x86_64-fedora-gcc, r-devel-osx-x86_64-clang, r-devel-windows-ix86+x86_64, r-patched-linux-x86_64, r-patched-solaris-sparc, r-patched-solaris-x86, r-release-linux-x86_64, r-release-osx-x86_64-mavericks, r-release-windows-ix86+x86_64, r-oldrel-windows-ix86+x86_64