CRAN Package Check Results for Package httpuv

Last updated on 2015-02-01 11:47:13.

Flavor Version Tinstall Tcheck Ttotal Status Flags
r-devel-linux-x86_64-debian-clang 1.3.2 22.38 14.24 36.62 NOTE
r-devel-linux-x86_64-debian-gcc 1.3.2 27.04 14.09 41.14 NOTE
r-devel-linux-x86_64-fedora-clang 1.3.2 84.97 NOTE
r-devel-linux-x86_64-fedora-gcc 1.3.2 73.10 NOTE
r-devel-osx-x86_64-clang 1.3.2 71.62 NOTE
r-devel-windows-ix86+x86_64 1.3.2 160.00 42.00 202.00 NOTE
r-patched-linux-x86_64 1.3.2 26.21 16.60 42.81 NOTE
r-patched-solaris-sparc 1.3.2 521.00 OK
r-patched-solaris-x86 1.3.2 107.80 NOTE
r-release-linux-ix86 1.3.2 32.00 23.88 55.88 OK
r-release-linux-x86_64 1.3.2 26.11 16.00 42.11 OK
r-release-osx-x86_64-mavericks 1.3.2 NOTE
r-release-osx-x86_64-snowleopard 1.3.2 OK
r-release-windows-ix86+x86_64 1.3.2 123.00 43.00 166.00 OK
r-oldrel-windows-ix86+x86_64 1.3.2 124.00 45.00 169.00 OK

Check Details

Version: 1.3.2
Check: for GNU extensions in Makefiles
Result: NOTE
    GNU make is a SystemRequirements.
Flavors: r-devel-linux-x86_64-debian-clang, r-devel-linux-x86_64-debian-gcc, r-devel-linux-x86_64-fedora-clang, r-devel-linux-x86_64-fedora-gcc, r-devel-osx-x86_64-clang, r-devel-windows-ix86+x86_64, r-patched-linux-x86_64, r-patched-solaris-x86, r-release-osx-x86_64-mavericks