CRAN Package Check Results for Package httpuv

Last updated on 2016-06-24 23:47:32.

Flavor Version Tinstall Tcheck Ttotal Status Flags
r-devel-linux-x86_64-debian-gcc 1.3.3 35.15 15.01 50.15 NOTE
r-devel-linux-x86_64-fedora-clang 1.3.3 83.70 NOTE
r-devel-linux-x86_64-fedora-gcc 1.3.3 72.28 NOTE
r-devel-osx-x86_64-clang 1.3.3 65.97 NOTE
r-devel-windows-ix86+x86_64 1.3.3 226.00 48.00 274.00 NOTE
r-patched-linux-x86_64 1.3.3 26.94 14.36 41.30 NOTE
r-patched-solaris-x86 1.3.3 80.80 NOTE
r-release-linux-x86_64 1.3.3 26.50 15.66 42.17 NOTE
r-release-osx-x86_64-mavericks 1.3.3 NOTE
r-release-windows-ix86+x86_64 1.3.3 248.00 34.00 282.00 NOTE
r-oldrel-windows-ix86+x86_64 1.3.3 205.00 60.00 265.00 NOTE

Check Details

Version: 1.3.3
Check: for GNU extensions in Makefiles
Result: NOTE
    GNU make is a SystemRequirements.
Flavors: r-devel-linux-x86_64-debian-gcc, r-devel-linux-x86_64-fedora-clang, r-devel-linux-x86_64-fedora-gcc, r-devel-osx-x86_64-clang, r-devel-windows-ix86+x86_64, r-patched-linux-x86_64, r-patched-solaris-sparc, r-patched-solaris-x86, r-release-linux-x86_64, r-release-osx-x86_64-mavericks, r-release-windows-ix86+x86_64, r-oldrel-windows-ix86+x86_64

Version: 1.3.3
Check: installed package size
Result: NOTE
     installed size is 5.8Mb
     sub-directories of 1Mb or more:
     libs 5.6Mb
Flavors: r-patched-solaris-sparc, r-patched-solaris-x86