CRAN Package Check Results for Package httr

Last updated on 2015-04-18 10:00:12.

Flavor Version Tinstall Tcheck Ttotal Status Flags
r-devel-linux-x86_64-debian-clang 0.6.1 1.49 56.25 57.74 NOTE
r-devel-linux-x86_64-debian-gcc 0.6.1 1.39 48.50 49.89 NOTE
r-devel-linux-x86_64-fedora-clang 0.6.1 43.89 NOTE
r-devel-linux-x86_64-fedora-gcc 0.6.1 41.82 NOTE
r-devel-osx-x86_64-clang 0.6.1 66.67 NOTE
r-prerel-windows-ix86+x86_64 0.6.1 10.00 88.00 98.00 NOTE
r-prerel-linux-x86_64 0.6.1 1.38 49.50 50.89 NOTE
r-prerel-solaris-sparc 0.6.1 263.70 NOTE
r-prerel-solaris-x86 0.6.1 48.30 ERROR
r-release-linux-x86_64 0.6.1 1.40 49.32 50.72 NOTE
r-release-osx-x86_64-mavericks 0.6.1 NOTE
r-release-osx-x86_64-snowleopard 0.6.1 NOTE
r-release-windows-ix86+x86_64 0.6.1 6.00 100.00 106.00 NOTE
r-oldrel-windows-ix86+x86_64 0.6.1 6.00 110.00 116.00 NOTE

Check Details

Version: 0.6.1
Check: dependencies in R code
Result: NOTE
    Namespace in Imports field not imported from: ‘R6’
     All declared Imports should be used.
Flavors: r-devel-linux-x86_64-debian-clang, r-devel-linux-x86_64-debian-gcc, r-devel-linux-x86_64-fedora-clang, r-devel-linux-x86_64-fedora-gcc, r-devel-osx-x86_64-clang, r-prerel-windows-ix86+x86_64, r-prerel-linux-x86_64, r-prerel-solaris-sparc, r-prerel-solaris-x86, r-release-linux-x86_64, r-release-windows-ix86+x86_64

Version: 0.6.1
Check: tests
Result: ERROR
    Running the tests in ‘tests/testthat.R’ failed.
    Last 13 lines of output:
     OAuth: server side : ..
     Request : .........
     Response : ........
     SSL : ..
     URL parsing and building : .............
    
    
     1. Failure(@test-config.r#21): basic authentication works ----------------------
     r$status not equal to 401
     Mean relative difference: 0.5012469
    
     Error: Test failures
     Execution halted
Flavor: r-prerel-solaris-x86

Version: 0.6.1
Check: dependencies in R code
Result: NOTE
    Namespace in Imports field not imported from: ‘R6’
     All declared Imports should be used.
    See the information on DESCRIPTION files in the chapter ‘Creating R
    packages’ of the ‘Writing R Extensions’ manual.
Flavors: r-release-osx-x86_64-mavericks, r-release-osx-x86_64-snowleopard, r-oldrel-windows-ix86+x86_64