CRAN Package Check Results for Package httr

Last updated on 2015-03-02 13:47:05.

Flavor Version Tinstall Tcheck Ttotal Status Flags
r-devel-linux-x86_64-debian-clang 0.6.1 1.69 47.81 49.50 NOTE
r-devel-linux-x86_64-debian-gcc 0.6.1 1.40 47.35 48.75 NOTE
r-devel-linux-x86_64-fedora-clang 0.6.1 45.09 NOTE
r-devel-linux-x86_64-fedora-gcc 0.6.1 42.15 NOTE
r-devel-osx-x86_64-clang 0.6.1 75.53 NOTE
r-devel-windows-ix86+x86_64 0.6.1 14.00 99.00 113.00 NOTE
r-patched-linux-x86_64 0.6.1 1.68 49.92 51.60 NOTE
r-patched-solaris-sparc 0.6.1 262.00 NOTE
r-patched-solaris-x86 0.6.1 65.20 NOTE
r-release-linux-ix86 0.6.1 2.08 59.19 61.26 NOTE
r-release-linux-x86_64 0.6.1 1.48 49.44 50.92 NOTE
r-release-osx-x86_64-mavericks 0.6.1 NOTE
r-release-osx-x86_64-snowleopard 0.6.1 NOTE
r-release-windows-ix86+x86_64 0.6.1 18.00 111.00 129.00 NOTE
r-oldrel-windows-ix86+x86_64 0.6.1 7.00 93.00 100.00 NOTE

Check Details

Version: 0.6.1
Check: dependencies in R code
Result: NOTE
    Namespace in Imports field not imported from: ‘R6’
     All declared Imports should be used.
Flavors: r-devel-linux-x86_64-debian-clang, r-devel-linux-x86_64-debian-gcc, r-devel-linux-x86_64-fedora-clang, r-devel-linux-x86_64-fedora-gcc, r-devel-osx-x86_64-clang, r-devel-windows-ix86+x86_64, r-patched-linux-x86_64, r-patched-solaris-x86

Version: 0.6.1
Check: dependencies in R code
Result: NOTE
    Namespace in Imports field not imported from: ‘R6’
     All declared Imports should be used.
    See the information on DESCRIPTION files in the chapter ‘Creating R
    packages’ of the ‘Writing R Extensions’ manual.
Flavors: r-patched-solaris-sparc, r-release-linux-ix86, r-release-linux-x86_64, r-release-osx-x86_64-mavericks, r-release-osx-x86_64-snowleopard, r-release-windows-ix86+x86_64, r-oldrel-windows-ix86+x86_64