CRAN Package Check Results for Package httr

Last updated on 2017-09-21 04:47:11.

Flavor Version Tinstall Tcheck Ttotal Status Flags
r-devel-linux-x86_64-debian-clang 1.3.1 1.19 57.31 58.50 OK
r-devel-linux-x86_64-debian-gcc 1.3.1 1.28 57.04 58.32 OK
r-devel-linux-x86_64-fedora-clang 1.3.1 51.82 OK
r-devel-linux-x86_64-fedora-gcc 1.3.1 48.40 OK
r-devel-windows-ix86+x86_64 1.3.1 4.00 82.00 86.00 OK
r-patched-linux-x86_64 1.3.1 1.35 60.98 62.34 OK
r-patched-solaris-x86 1.3.1 57.10 OK
r-release-linux-x86_64 1.3.1 1.33 56.44 57.77 OK
r-release-windows-ix86+x86_64 1.3.1 5.00 84.00 89.00 OK
r-release-osx-x86_64 1.3.1 OK
r-oldrel-windows-ix86+x86_64 1.3.1 4.00 80.00 84.00 OK
r-oldrel-osx-x86_64 1.3.1 WARN

Check Details

Version: 1.3.1
Check: re-building of vignette outputs
Result: WARN
    Error in re-building vignettes:
     ...
    Warning in engine$weave(file, quiet = quiet, encoding = enc) :
     Pandoc (>= 1.12.3) and/or pandoc-citeproc not available. Falling back to R Markdown v1.
    Quitting from lines 89-97 (api-packages.Rmd)
    Error: processing vignette 'api-packages.Rmd' failed with diagnostics:
    Failed connect to api.github.com:443; Operation now in progress
    Execution halted
Flavor: r-oldrel-osx-x86_64