CRAN Package Check Results for Package httr

Last updated on 2015-07-01 19:47:47.

Flavor Version Tinstall Tcheck Ttotal Status Flags
r-devel-linux-x86_64-debian-clang 1.0.0 1.21 45.27 46.48 NOTE
r-devel-linux-x86_64-debian-gcc 1.0.0 1.16 42.56 43.72 NOTE
r-devel-linux-x86_64-fedora-clang 1.0.0 38.31 NOTE
r-devel-linux-x86_64-fedora-gcc 1.0.0 36.59 NOTE
r-devel-osx-x86_64-clang 1.0.0 63.97 OK
r-devel-windows-ix86+x86_64 1.0.0 5.00 55.00 60.00 NOTE
r-patched-linux-x86_64 1.0.0 1.16 43.71 44.87 OK
r-patched-solaris-sparc 1.0.0 216.30 OK
r-patched-solaris-x86 1.0.0 56.70 OK
r-release-linux-x86_64 1.0.0 1.14 43.08 44.22 OK
r-release-osx-x86_64-mavericks 1.0.0 OK
r-release-windows-ix86+x86_64 1.0.0 5.00 57.00 62.00 OK
r-oldrel-windows-ix86+x86_64 1.0.0 6.00 62.00 68.00 OK

Check Details

Version: 1.0.0
Check: R code for possible problems
Result: NOTE
    BROWSE: no visible global function definition for ‘browseURL’
    default_ua: no visible global function definition for ‘packageVersion’
    guess_cache: no visible global function definition for ‘menu’
    handle_url: no visible global function definition for ‘modifyList’
    modify_url: no visible global function definition for ‘modifyList’
    progress_bar : show_progress: no visible global function definition for
     ‘flush.console’
    progress_bar : show_progress: no visible global function definition for
     ‘txtProgressBar’
    progress_bar : show_progress: no visible global function definition for
     ‘setTxtProgressBar’
    ref: no visible global function definition for ‘capture.output’
    refresh_oauth2.0: no visible global function definition for
     ‘modifyList’
Flavors: r-devel-linux-x86_64-debian-clang, r-devel-linux-x86_64-debian-gcc, r-devel-linux-x86_64-fedora-clang, r-devel-linux-x86_64-fedora-gcc, r-devel-windows-ix86+x86_64