CRAN Package Check Results for Package httr

Last updated on 2015-05-30 03:48:40.

Flavor Version Tinstall Tcheck Ttotal Status Flags
r-devel-linux-x86_64-debian-clang 0.6.1 1.48 44.48 45.95 ERROR
r-devel-linux-x86_64-debian-gcc 0.6.1 1.41 45.45 46.86 ERROR
r-devel-linux-x86_64-fedora-clang 0.6.1 43.62 NOTE
r-devel-linux-x86_64-fedora-gcc 0.6.1 40.16 NOTE
r-devel-osx-x86_64-clang 0.6.1 64.48 NOTE
r-devel-windows-ix86+x86_64 0.6.1 8.00 87.00 95.00 NOTE
r-patched-linux-x86_64 0.6.1 2.19 55.35 57.54 ERROR
r-patched-solaris-sparc 0.6.1 265.70 ERROR
r-patched-solaris-x86 0.6.1 59.90 ERROR
r-release-linux-x86_64 0.6.1 1.41 45.53 46.94 ERROR
r-release-osx-x86_64-mavericks 0.6.1 NOTE
r-release-osx-x86_64-snowleopard 0.6.1 ERROR
r-release-windows-ix86+x86_64 0.6.1 9.00 90.00 99.00 NOTE
r-oldrel-windows-ix86+x86_64 0.6.1 8.00 97.00 105.00 NOTE

Check Details

Version: 0.6.1
Check: dependencies in R code
Result: NOTE
    Namespace in Imports field not imported from: ‘R6’
     All declared Imports should be used.
Flavors: r-devel-linux-x86_64-debian-clang, r-devel-linux-x86_64-debian-gcc, r-devel-linux-x86_64-fedora-clang, r-devel-linux-x86_64-fedora-gcc, r-devel-osx-x86_64-clang, r-devel-windows-ix86+x86_64, r-patched-linux-x86_64, r-patched-solaris-sparc, r-patched-solaris-x86, r-release-linux-x86_64, r-release-osx-x86_64-mavericks, r-release-windows-ix86+x86_64, r-oldrel-windows-ix86+x86_64

Version: 0.6.1
Check: tests
Result: ERROR
    Running the tests in ‘tests/testthat.R’ failed.
    Last 13 lines of output:
     > library(testthat)
     > test_check("httr")
     Loading required package: httr
     1. Failure (at test-config.r#21): basic authentication works -------------------
     r$status not equal to 401
     401 - 200 == 201
    
     testthat results ================================================================
     OK: 84 SKIPPED: 2 FAILED: 1
     1. Failure (at test-config.r#21): basic authentication works
    
     Error: testthat unit tests failed
     Execution halted
Flavors: r-devel-linux-x86_64-debian-clang, r-devel-linux-x86_64-debian-gcc, r-patched-linux-x86_64, r-patched-solaris-x86, r-release-linux-x86_64

Version: 0.6.1
Check: tests
Result: ERROR
    Running the tests in ‘tests/testthat.R’ failed.
    Last 13 lines of output:
     OAuth: server side : ..
     Request : .........
     Response : ........
     SSL : ..
     URL parsing and building : .............
    
    
     1. Failure(@test-config.r#21): basic authentication works ----------------------
     r$status not equal to 401
     Mean relative difference: 0.5012469
    
     Error: Test failures
     Execution halted
Flavor: r-patched-solaris-sparc

Version: 0.6.1
Check: package dependencies
Result: ERROR
    Package required but not available: ‘R6’
    
    Packages suggested but not available for checking: ‘knitr’ ‘XML’
    
    VignetteBuilder package required for checking but not installed: ‘knitr’
    
    See section ‘The DESCRIPTION file’ in the ‘Writing R Extensions’
    manual.
Flavor: r-release-osx-x86_64-snowleopard