CRAN Package Check Results for Package httr

Last updated on 2015-01-30 01:48:05.

Flavor Version Tinstall Tcheck Ttotal Status Flags
r-devel-linux-x86_64-debian-clang 0.6.1 1.44 51.50 52.94 NOTE
r-devel-linux-x86_64-debian-gcc 0.6.1 1.39 47.90 49.29 NOTE
r-devel-linux-x86_64-fedora-clang 0.6.1 49.03 NOTE
r-devel-linux-x86_64-fedora-gcc 0.6.1 45.79 NOTE
r-devel-osx-x86_64-clang 0.6.1 78.94 NOTE
r-devel-windows-ix86+x86_64 0.6.1 8.00 83.00 91.00 NOTE
r-patched-linux-x86_64 0.6.1 1.72 49.74 51.47 NOTE
r-patched-solaris-sparc 0.6.1 262.00 NOTE
r-patched-solaris-x86 0.6.1 65.10 NOTE
r-release-linux-ix86 0.6.1 2.09 56.33 58.42 NOTE
r-release-linux-x86_64 0.6.1 1.54 57.55 59.09 NOTE
r-release-osx-x86_64-mavericks 0.6.1 NOTE
r-release-osx-x86_64-snowleopard 0.6.1 NOTE
r-release-windows-ix86+x86_64 0.6.1 8.00 93.00 101.00 NOTE
r-oldrel-windows-ix86+x86_64 0.6.1 9.00 96.00 105.00 NOTE

Check Details

Version: 0.6.1
Check: dependencies in R code
Result: NOTE
    Namespace in Imports field not imported from: ‘R6’
     All declared Imports should be used.
Flavors: r-devel-linux-x86_64-debian-clang, r-devel-linux-x86_64-debian-gcc, r-devel-linux-x86_64-fedora-clang, r-devel-linux-x86_64-fedora-gcc, r-devel-osx-x86_64-clang, r-devel-windows-ix86+x86_64

Version: 0.6.1
Check: dependencies in R code
Result: NOTE
    Namespace in Imports field not imported from: ‘R6’
     All declared Imports should be used.
    See the information on DESCRIPTION files in the chapter ‘Creating R
    packages’ of the ‘Writing R Extensions’ manual.
Flavors: r-patched-linux-x86_64, r-patched-solaris-sparc, r-patched-solaris-x86, r-release-linux-ix86, r-release-linux-x86_64, r-release-osx-x86_64-mavericks, r-release-osx-x86_64-snowleopard, r-release-windows-ix86+x86_64, r-oldrel-windows-ix86+x86_64