CRAN Package Check Results for Package httr

Last updated on 2017-11-25 11:55:22 CET.

Flavor Version Tinstall Tcheck Ttotal Status Flags
r-devel-linux-x86_64-debian-clang 1.3.1 1.81 96.05 97.85 OK
r-devel-linux-x86_64-debian-gcc 1.3.1 1.53 92.28 93.81 OK
r-devel-linux-x86_64-fedora-clang 1.3.1 47.13 OK
r-devel-linux-x86_64-fedora-gcc 1.3.1 49.53 OK
r-devel-windows-ix86+x86_64 1.3.1 4.00 75.00 79.00 OK
r-patched-linux-x86_64 1.3.1 1.53 94.80 96.33 OK
r-patched-solaris-x86 1.3.1 56.30 OK
r-release-linux-x86_64 1.3.1 1.77 94.07 95.84 OK
r-release-windows-ix86+x86_64 1.3.1 5.00 83.00 88.00 OK
r-release-osx-x86_64 1.3.1 OK
r-oldrel-windows-ix86+x86_64 1.3.1 4.00 77.00 81.00 OK
r-oldrel-osx-x86_64 1.3.1 WARN

Check Details

Version: 1.3.1
Check: re-building of vignette outputs
Result: WARN
    Error in re-building vignettes:
     ...
    Warning in engine$weave(file, quiet = quiet, encoding = enc) :
     Pandoc (>= 1.12.3) and/or pandoc-citeproc not available. Falling back to R Markdown v1.
    Quitting from lines 89-97 (api-packages.Rmd)
    Error: processing vignette 'api-packages.Rmd' failed with diagnostics:
    Failed connect to api.github.com:443; Operation now in progress
    Execution halted
Flavor: r-oldrel-osx-x86_64