CRAN Package Check Results for Package httr

Last updated on 2018-02-23 14:49:27 CET.

Flavor Version Tinstall Tcheck Ttotal Status Flags
r-devel-linux-x86_64-debian-clang 1.3.1 4.77 37.96 42.73 OK
r-devel-linux-x86_64-debian-gcc 1.3.1 3.78 30.40 34.18 OK
r-devel-linux-x86_64-fedora-clang 1.3.1 50.52 OK
r-devel-linux-x86_64-fedora-gcc 1.3.1 48.64 OK
r-devel-windows-ix86+x86_64 1.3.1 12.00 93.00 105.00 OK
r-patched-linux-x86_64 1.3.1 1.36 42.06 43.42 OK
r-patched-solaris-x86 1.3.1 55.60 ERROR
r-release-linux-x86_64 1.3.1 1.67 42.20 43.87 OK
r-release-windows-ix86+x86_64 1.3.1 6.00 99.00 105.00 OK
r-release-osx-x86_64 1.3.1 OK
r-oldrel-windows-ix86+x86_64 1.3.1 5.00 75.00 80.00 OK
r-oldrel-osx-x86_64 1.3.1 WARN

Check Details

Version: 1.3.1
Check: tests
Result: ERROR
     Running ‘testthat.R’ [4s/35s]
    Running the tests in ‘tests/testthat.R’ failed.
    Complete output:
     > library(testthat)
     > test_check("httr")
     Loading required package: httr
     ── 1. Error: SSL certificates verified as expected (@test-ssl.R#5) ────────────
     Timeout was reached: Operation timed out after 10000 milliseconds with 0 out of 0 bytes received
     1: expect_equal(status_code(GET("https://firefox.com")), 200L) at testthat/test-ssl.R:5
     2: quasi_label(enquo(object), label)
     3: eval_bare(get_expr(quo), get_env(quo))
     4: status_code(GET("https://firefox.com"))
     5: GET("https://firefox.com")
     6: request_perform(req, hu$handle$handle)
     7: request_fetch(req$output, req$url, handle)
     8: request_fetch.write_memory(req$output, req$url, handle)
     9: curl::curl_fetch_memory(url, handle = handle)
    
     ══ testthat results ═══════════════════════════════════════════════════════════
     OK: 138 SKIPPED: 2 FAILED: 1
     1. Error: SSL certificates verified as expected (@test-ssl.R#5)
    
     Error: testthat unit tests failed
     Execution halted
Flavor: r-patched-solaris-x86

Version: 1.3.1
Check: re-building of vignette outputs
Result: WARN
    Error in re-building vignettes:
     ...
    Warning in engine$weave(file, quiet = quiet, encoding = enc) :
     Pandoc (>= 1.12.3) and/or pandoc-citeproc not available. Falling back to R Markdown v1.
    Quitting from lines 89-97 (api-packages.Rmd)
    Error: processing vignette 'api-packages.Rmd' failed with diagnostics:
    Failed connect to api.github.com:443; Operation now in progress
    Execution halted
Flavor: r-oldrel-osx-x86_64