CRAN Package Check Results for Package httr

Last updated on 2015-08-30 09:47:27.

Flavor Version Tinstall Tcheck Ttotal Status Flags
r-devel-linux-x86_64-debian-clang 1.0.0 1.24 45.33 46.58 NOTE
r-devel-linux-x86_64-debian-gcc 1.0.0 1.13 42.65 43.78 NOTE
r-devel-linux-x86_64-fedora-clang 1.0.0 39.17 NOTE
r-devel-linux-x86_64-fedora-gcc 1.0.0 37.93 NOTE
r-devel-osx-x86_64-clang 1.0.0 66.56 OK
r-devel-windows-ix86+x86_64 1.0.0 9.00 61.00 70.00 NOTE
r-patched-linux-x86_64 1.0.0 1.18 47.50 48.68 OK
r-patched-solaris-sparc 1.0.0 253.20 OK
r-patched-solaris-x86 1.0.0 60.20 OK
r-release-linux-x86_64 1.0.0 1.25 43.80 45.05 OK
r-release-osx-x86_64-mavericks 1.0.0 OK
r-release-windows-ix86+x86_64 1.0.0 8.00 84.00 92.00 OK
r-oldrel-windows-ix86+x86_64 1.0.0 10.00 84.00 94.00 OK

Check Details

Version: 1.0.0
Check: R code for possible problems
Result: NOTE
    BROWSE: no visible global function definition for ‘browseURL’
    default_ua: no visible global function definition for ‘packageVersion’
    guess_cache: no visible global function definition for ‘menu’
    handle_url: no visible global function definition for ‘modifyList’
    modify_url: no visible global function definition for ‘modifyList’
    progress_bar : show_progress: no visible global function definition for
     ‘flush.console’
    progress_bar : show_progress: no visible global function definition for
     ‘txtProgressBar’
    progress_bar : show_progress: no visible global function definition for
     ‘setTxtProgressBar’
    ref: no visible global function definition for ‘capture.output’
    refresh_oauth2.0: no visible global function definition for
     ‘modifyList’
    Undefined global functions or variables:
     browseURL capture.output flush.console menu modifyList packageVersion
     setTxtProgressBar txtProgressBar
    Consider adding
     importFrom("utils", "browseURL", "capture.output", "flush.console",
     "menu", "modifyList", "packageVersion", "setTxtProgressBar",
     "txtProgressBar")
    to your NAMESPACE.
Flavors: r-devel-linux-x86_64-debian-clang, r-devel-linux-x86_64-debian-gcc, r-devel-linux-x86_64-fedora-clang, r-devel-linux-x86_64-fedora-gcc, r-devel-windows-ix86+x86_64