CRAN Package Check Results for Package httr

Last updated on 2014-04-25 05:47:17.

Flavor Version Tinstall Tcheck Ttotal Status Flags
r-devel-linux-x86_64-debian-clang 0.3 1.75 51.01 52.76 OK
r-devel-linux-x86_64-debian-gcc 0.3 1.96 43.98 45.94 OK
r-devel-linux-x86_64-fedora-clang 0.3 51.18 OK
r-devel-linux-x86_64-fedora-gcc 0.3 35.29 OK
r-devel-osx-x86_64-clang 0.3 60.47 OK
r-devel-osx-x86_64-gcc 0.3 NOTE
r-devel-windows-ix86+x86_64 0.3 5.00 65.00 70.00 OK
r-patched-linux-x86_64 0.3 1.73 42.03 43.76 OK
r-patched-solaris-sparc 0.3 265.70 OK
r-patched-solaris-x86 0.3 67.80 OK
r-release-linux-ix86 0.3 3.00 66.00 69.00 OK
r-release-linux-x86_64 0.3 1.69 43.46 45.14 OK
r-release-osx-x86_64-mavericks 0.3 OK
r-release-osx-x86_64-snowleopard 0.3 OK
r-release-windows-ix86+x86_64 0.3 5.00 60.00 65.00 OK
r-oldrel-windows-ix86+x86_64 0.3 5.00 53.00 58.00 OK

Check Details

Version: 0.3
Check: package dependencies
Result: NOTE
    Package suggested but not available for checking: ‘XML’
Flavor: r-devel-osx-x86_64-gcc

Version: 0.3
Check: Rd cross-references
Result: NOTE
    Package unavailable to check Rd xrefs: ‘XML’
Flavor: r-devel-osx-x86_64-gcc