CRAN Package Check Results for Package httr

Last updated on 2017-07-25 03:49:25.

Flavor Version Tinstall Tcheck Ttotal Status Flags
r-devel-linux-x86_64-debian-clang 1.2.1 1.20 69.81 71.01 OK
r-devel-linux-x86_64-debian-gcc 1.2.1 1.26 64.50 65.75 OK
r-devel-linux-x86_64-fedora-clang 1.2.1 46.72 OK
r-devel-linux-x86_64-fedora-gcc 1.2.1 43.21 OK
r-devel-windows-ix86+x86_64 1.2.1 5.00 110.00 115.00 OK
r-patched-linux-x86_64 1.2.1 1.17 67.51 68.69 OK
r-patched-solaris-x86 1.2.1 54.10 OK
r-release-linux-x86_64 1.2.1 1.37 73.68 75.05 OK
r-release-windows-ix86+x86_64 1.2.1 4.00 126.00 130.00 ERROR
r-release-osx-x86_64 1.2.1 OK
r-oldrel-windows-ix86+x86_64 1.2.1 5.00 74.00 79.00 OK
r-oldrel-osx-x86_64 1.2.1 OK

Check Details

Version: 1.2.1
Check: tests
Result: ERROR
     Running 'testthat.R' [20s]
    Running the tests in 'tests/testthat.R' failed.
    Last 13 lines of output:
     > library(testthat)
     > test_check("httr")
     Loading required package: httr
     1. Failure: NULL elements are automatically dropped (@test-body.r#72) ----------
     out$form not equal to list(x = "1").
     target is NULL, current is list
    
    
     testthat results ================================================================
     OK: 113 SKIPPED: 2 FAILED: 1
     1. Failure: NULL elements are automatically dropped (@test-body.r#72)
    
     Error: testthat unit tests failed
     Execution halted
Flavor: r-release-windows-ix86+x86_64