CRAN Package Check Results for Package httr

Last updated on 2016-05-04 17:49:56.

Flavor Version Tinstall Tcheck Ttotal Status Flags
r-devel-linux-x86_64-debian-gcc 1.1.0 1.24 164.89 166.13 ERROR
r-devel-linux-x86_64-fedora-clang 1.1.0 34.35 OK
r-devel-linux-x86_64-fedora-gcc 1.1.0 33.06 OK
r-devel-osx-x86_64-clang 1.1.0 63.27 OK
r-devel-windows-ix86+x86_64 1.1.0 5.00 79.00 84.00 OK
r-patched-linux-x86_64 1.1.0 1.24 44.68 45.92 OK
r-patched-solaris-sparc 1.1.0 210.10 OK
r-patched-solaris-x86 1.1.0 46.80 OK
r-release-linux-x86_64 1.1.0 1.21 172.64 173.86 ERROR
r-release-osx-x86_64-mavericks 1.1.0 OK
r-release-windows-ix86+x86_64 1.1.0 5.00 79.00 84.00 OK
r-oldrel-windows-ix86+x86_64 1.1.0 7.00 63.00 70.00 OK

Check Details

Version: 1.1.0
Check: tests
Result: ERROR
    Running the tests in ‘tests/testthat.R’ failed.
    Last 13 lines of output:
     Loading required package: httr
     1. Failure: digest authentication works (@test-config.r#25) --------------------
     r$status_code not equal to 401.
     1/1 mismatches
     [1] 504 - 401 == 103
    
    
     testthat results ================================================================
     OK: 107 SKIPPED: 2 FAILED: 1
     1. Failure: digest authentication works (@test-config.r#25)
    
     Error: testthat unit tests failed
     Execution halted
Flavor: r-devel-linux-x86_64-debian-gcc

Version: 1.1.0
Check: tests
Result: ERROR
    Running the tests in ‘tests/testthat.R’ failed.
    Last 13 lines of output:
     4: GET("https://firefox.com")
     5: request_perform(req, hu$handle$handle)
     6: request_fetch(req$output, req$url, handle)
     7: request_fetch.write_memory(req$output, req$url, handle)
     8: curl::curl_fetch_memory(url, handle = handle)
    
     testthat results ================================================================
     OK: 106 SKIPPED: 2 FAILED: 2
     1. Failure: empty list gives empty body (@test-body.r#38)
     2. Error: SSL certificates verified as expected (@test-ssl.R#5)
    
     Error: testthat unit tests failed
     Execution halted
Flavor: r-release-linux-x86_64