CRAN Package Check Results for Package httr

Last updated on 2014-12-23 03:49:43.

Flavor Version Tinstall Tcheck Ttotal Status Flags
r-devel-linux-x86_64-debian-clang 0.6.0 1.65 53.39 55.04 NOTE
r-devel-linux-x86_64-debian-gcc 0.6.0 1.54 50.85 52.39 NOTE
r-devel-linux-x86_64-fedora-clang 0.6.0 50.99 NOTE
r-devel-linux-x86_64-fedora-gcc 0.6.0 49.31 NOTE
r-devel-osx-x86_64-clang 0.6.0 80.24 NOTE
r-devel-windows-ix86+x86_64 0.6.0 8.00 92.00 100.00 NOTE
r-patched-linux-x86_64 0.6.0 1.54 50.42 51.97 NOTE
r-patched-solaris-sparc 0.6.0 264.10 NOTE
r-patched-solaris-x86 0.6.0 64.20 NOTE
r-release-linux-ix86 0.6.0 2.08 57.46 59.54 NOTE
r-release-linux-x86_64 0.6.0 1.62 50.97 52.59 NOTE
r-release-osx-x86_64-mavericks 0.6.0 NOTE
r-release-osx-x86_64-snowleopard 0.6.0 NOTE
r-release-windows-ix86+x86_64 0.6.0 8.00 91.00 99.00 NOTE
r-oldrel-windows-ix86+x86_64 0.6.0 8.00 98.00 106.00 NOTE

Check Details

Version: 0.6.0
Check: dependencies in R code
Result: NOTE
    Namespace in Imports field not imported from: ‘R6’
     All declared Imports should be used.
    See the information on DESCRIPTION files in the chapter ‘Creating R
    packages’ of the ‘Writing R Extensions’ manual.
Flavors: r-devel-linux-x86_64-debian-clang, r-devel-linux-x86_64-debian-gcc, r-devel-linux-x86_64-fedora-clang, r-devel-linux-x86_64-fedora-gcc, r-devel-osx-x86_64-clang, r-devel-windows-ix86+x86_64, r-patched-linux-x86_64, r-patched-solaris-sparc, r-patched-solaris-x86, r-release-linux-ix86, r-release-linux-x86_64, r-release-osx-x86_64-mavericks, r-release-osx-x86_64-snowleopard, r-release-windows-ix86+x86_64, r-oldrel-windows-ix86+x86_64