CRAN Package Check Results for Package huge

Last updated on 2015-03-06 03:46:36.

Flavor Version Tinstall Tcheck Ttotal Status Flags
r-devel-linux-x86_64-debian-clang 1.2.6 4.10 64.46 68.56 NOTE
r-devel-linux-x86_64-debian-gcc 1.2.6 3.90 67.14 71.04 NOTE
r-devel-linux-x86_64-fedora-clang 1.2.6 131.28 NOTE
r-devel-linux-x86_64-fedora-gcc 1.2.6 128.94 NOTE
r-devel-osx-x86_64-clang 1.2.6 101.19 NOTE
r-devel-windows-ix86+x86_64 1.2.6 16.00 122.00 138.00 NOTE
r-patched-linux-x86_64 1.2.6 5.02 73.36 78.38 NOTE
r-patched-solaris-sparc 1.2.6 811.80 NOTE
r-patched-solaris-x86 1.2.6 211.20 NOTE
r-release-linux-ix86 1.2.6 5.64 82.19 87.83 NOTE
r-release-linux-x86_64 1.2.6 5.46 72.81 78.27 NOTE
r-release-osx-x86_64-mavericks 1.2.6 NOTE
r-release-osx-x86_64-snowleopard 1.2.6 OK
r-release-windows-ix86+x86_64 1.2.6 18.00 136.00 154.00 NOTE
r-oldrel-windows-ix86+x86_64 1.2.6 17.00 199.00 216.00 OK

Check Details

Version: 1.2.6
Check: compiled code
Result: NOTE
    File ‘huge/libs/huge.so’:
     Found ‘rand’, possibly from ‘rand’ (C)
     Object: ‘SFGen.o’
     Found ‘srand’, possibly from ‘srand’ (C)
     Object: ‘SFGen.o’
    
    Compiled code should not call entry points which might terminate R nor
    write to stdout/stderr instead of to the console, nor the system RNG.
    
    See ‘Writing portable packages’ in the ‘Writing R Extensions’ manual.
Flavors: r-devel-linux-x86_64-debian-clang, r-devel-linux-x86_64-debian-gcc, r-devel-linux-x86_64-fedora-clang, r-devel-linux-x86_64-fedora-gcc, r-patched-linux-x86_64, r-patched-solaris-sparc, r-patched-solaris-x86

Version: 1.2.6
Check: compiled code
Result: NOTE
    File ‘huge/libs/huge.so’:
     Found ‘_rand’, possibly from ‘rand’ (C)
     Object: ‘SFGen.o’
     Found ‘_srand’, possibly from ‘srand’ (C)
     Object: ‘SFGen.o’
    
    Compiled code should not call entry points which might terminate R nor
    write to stdout/stderr instead of to the console, nor the system RNG.
    
    See ‘Writing portable packages’ in the ‘Writing R Extensions’ manual.
Flavors: r-devel-osx-x86_64-clang, r-release-osx-x86_64-mavericks

Version: 1.2.6
Check: compiled code
Result: NOTE
    File 'huge/libs/i386/huge.dll':
     Found 'rand', possibly from 'rand' (C)
     Object: 'SFGen.o'
     Found 'srand', possibly from 'srand' (C)
     Object: 'SFGen.o'
    File 'huge/libs/x64/huge.dll':
     Found 'rand', possibly from 'rand' (C)
     Object: 'SFGen.o'
     Found 'srand', possibly from 'srand' (C)
     Object: 'SFGen.o'
    
    Compiled code should not call entry points which might terminate R nor
    write to stdout/stderr instead of to the console, nor the system RNG.
    
    See 'Writing portable packages' in the 'Writing R Extensions' manual.
Flavor: r-devel-windows-ix86+x86_64

Version: 1.2.6
Check: compiled code
Result: NOTE
    File ‘huge/libs/huge.so’:
     Found ‘rand’, possibly from ‘rand’ (C)
     Object: ‘SFGen.o’
     Found ‘srand’, possibly from ‘srand’ (C)
     Object: ‘SFGen.o’
    
    Compiled code should not call entry points which might terminate R nor
    write to stdout/stderr instead of to the console, nor the C RNG.
    
    See ‘Writing portable packages’ in the ‘Writing R Extensions’ manual.
Flavors: r-release-linux-ix86, r-release-linux-x86_64

Version: 1.2.6
Check: compiled code
Result: NOTE
    File 'huge/libs/i386/huge.dll':
     Found 'rand', possibly from 'rand' (C)
     Object: 'SFGen.o'
     Found 'srand', possibly from 'srand' (C)
     Object: 'SFGen.o'
    File 'huge/libs/x64/huge.dll':
     Found 'rand', possibly from 'rand' (C)
     Object: 'SFGen.o'
     Found 'srand', possibly from 'srand' (C)
     Object: 'SFGen.o'
    
    Compiled code should not call entry points which might terminate R nor
    write to stdout/stderr instead of to the console, nor the C RNG.
    
    See 'Writing portable packages' in the 'Writing R Extensions' manual.
Flavor: r-release-windows-ix86+x86_64