CRAN Package Check Results for Package huge

Last updated on 2014-12-20 15:46:27.

Flavor Version Tinstall Tcheck Ttotal Status Flags
r-devel-linux-x86_64-debian-clang 1.2.6 4.72 70.72 75.44 NOTE
r-devel-linux-x86_64-debian-gcc 1.2.6 4.59 70.40 74.98 NOTE
r-devel-linux-x86_64-fedora-clang 1.2.6 164.28 NOTE
r-devel-linux-x86_64-fedora-gcc 1.2.6 157.68 NOTE
r-devel-osx-x86_64-clang 1.2.6 119.01 NOTE
r-devel-windows-ix86+x86_64 1.2.6 18.00 135.00 153.00 NOTE
r-patched-linux-x86_64 1.2.6 4.98 71.84 76.82 NOTE
r-patched-solaris-sparc 1.2.6 945.70 NOTE
r-patched-solaris-x86 1.2.6 214.50 NOTE
r-release-linux-ix86 1.2.6 5.56 71.42 76.98 NOTE
r-release-linux-x86_64 1.2.6 4.88 72.60 77.49 NOTE
r-release-osx-x86_64-mavericks 1.2.6 OK
r-release-osx-x86_64-snowleopard 1.2.6 OK
r-release-windows-ix86+x86_64 1.2.6 21.00 135.00 156.00 NOTE
r-oldrel-windows-ix86+x86_64 1.2.6 17.00 141.00 158.00 OK

Check Details

Version: 1.2.6
Check: compiled code
Result: NOTE
    File ‘huge/libs/huge.so’:
     Found ‘rand’, possibly from ‘rand’ (C)
     Object: ‘SFGen.o’
     Found ‘srand’, possibly from ‘srand’ (C)
     Object: ‘SFGen.o’
    
    Compiled code should not call entry points which might terminate R nor
    write to stdout/stderr instead of to the console, nor the system RNG.
    
    See ‘Writing portable packages’ in the ‘Writing R Extensions’ manual.
Flavors: r-devel-linux-x86_64-debian-clang, r-devel-linux-x86_64-debian-gcc, r-devel-linux-x86_64-fedora-clang, r-devel-linux-x86_64-fedora-gcc, r-patched-linux-x86_64, r-patched-solaris-sparc, r-patched-solaris-x86

Version: 1.2.6
Check: compiled code
Result: NOTE
    File ‘huge/libs/huge.so’:
     Found ‘_rand’, possibly from ‘rand’ (C)
     Object: ‘SFGen.o’
     Found ‘_srand’, possibly from ‘srand’ (C)
     Object: ‘SFGen.o’
    
    Compiled code should not call entry points which might terminate R nor
    write to stdout/stderr instead of to the console, nor the system RNG.
    
    See ‘Writing portable packages’ in the ‘Writing R Extensions’ manual.
Flavor: r-devel-osx-x86_64-clang

Version: 1.2.6
Check: compiled code
Result: NOTE
    File 'huge/libs/i386/huge.dll':
     Found 'rand', possibly from 'rand' (C)
     Object: 'SFGen.o'
     Found 'srand', possibly from 'srand' (C)
     Object: 'SFGen.o'
    File 'huge/libs/x64/huge.dll':
     Found 'rand', possibly from 'rand' (C)
     Object: 'SFGen.o'
     Found 'srand', possibly from 'srand' (C)
     Object: 'SFGen.o'
    
    Compiled code should not call entry points which might terminate R nor
    write to stdout/stderr instead of to the console, nor the system RNG.
    
    See 'Writing portable packages' in the 'Writing R Extensions' manual.
Flavor: r-devel-windows-ix86+x86_64

Version: 1.2.6
Check: compiled code
Result: NOTE
    File ‘huge/libs/huge.so’:
     Found ‘rand’, possibly from ‘rand’ (C)
     Object: ‘SFGen.o’
     Found ‘srand’, possibly from ‘srand’ (C)
     Object: ‘SFGen.o’
    
    Compiled code should not call entry points which might terminate R nor
    write to stdout/stderr instead of to the console, nor the C RNG.
    
    See ‘Writing portable packages’ in the ‘Writing R Extensions’ manual.
Flavors: r-release-linux-ix86, r-release-linux-x86_64

Version: 1.2.6
Check: compiled code
Result: NOTE
    File 'huge/libs/i386/huge.dll':
     Found 'rand', possibly from 'rand' (C)
     Object: 'SFGen.o'
     Found 'srand', possibly from 'srand' (C)
     Object: 'SFGen.o'
    File 'huge/libs/x64/huge.dll':
     Found 'rand', possibly from 'rand' (C)
     Object: 'SFGen.o'
     Found 'srand', possibly from 'srand' (C)
     Object: 'SFGen.o'
    
    Compiled code should not call entry points which might terminate R nor
    write to stdout/stderr instead of to the console, nor the C RNG.
    
    See 'Writing portable packages' in the 'Writing R Extensions' manual.
Flavor: r-release-windows-ix86+x86_64