CRAN Package Check Results for Package huge

Last updated on 2018-06-21 21:49:56 CEST.

Flavor Version Tinstall Tcheck Ttotal Status Flags
r-devel-linux-x86_64-debian-clang 1.2.7 7.72 90.49 98.21 NOTE
r-devel-linux-x86_64-debian-gcc 1.2.7 6.82 82.55 89.37 NOTE
r-devel-linux-x86_64-fedora-clang 1.2.7 130.15 NOTE
r-devel-linux-x86_64-fedora-gcc 1.2.7 127.32 NOTE
r-devel-windows-ix86+x86_64 1.2.7 25.00 168.00 193.00 OK
r-patched-linux-x86_64 1.2.7 6.44 91.79 98.23 NOTE
r-patched-solaris-x86 1.2.7 187.70 OK
r-release-linux-x86_64 1.2.7 7.18 89.72 96.90 NOTE
r-release-windows-ix86+x86_64 1.2.7 18.00 138.00 156.00 OK
r-release-osx-x86_64 1.2.7 OK
r-oldrel-windows-ix86+x86_64 1.2.7 20.00 130.00 150.00 OK
r-oldrel-osx-x86_64 1.2.7 OK

Check Details

Version: 1.2.7
Check: compiled code
Result: NOTE
    File ‘huge/libs/huge.so’:
     Found no calls to: ‘R_registerRoutines’, ‘R_useDynamicSymbols’
    
    It is good practice to register native routines and to disable symbol
    search.
    
    See ‘Writing portable packages’ in the ‘Writing R Extensions’ manual.
Flavors: r-devel-linux-x86_64-debian-clang, r-devel-linux-x86_64-debian-gcc, r-devel-linux-x86_64-fedora-clang, r-devel-linux-x86_64-fedora-gcc, r-patched-linux-x86_64, r-release-linux-x86_64