CRAN Package Check Results for Package huge

Last updated on 2017-09-22 20:47:16.

Flavor Version Tinstall Tcheck Ttotal Status Flags
r-devel-linux-x86_64-debian-clang 1.2.7 3.91 61.79 65.70 NOTE
r-devel-linux-x86_64-debian-gcc 1.2.7 3.83 58.11 61.93 NOTE
r-devel-linux-x86_64-fedora-clang 1.2.7 134.18 NOTE
r-devel-linux-x86_64-fedora-gcc 1.2.7 131.08 NOTE
r-devel-windows-ix86+x86_64 1.2.7 14.00 128.00 142.00 OK
r-patched-linux-x86_64 1.2.7 3.82 58.18 61.99 NOTE
r-patched-solaris-x86 1.2.7 174.00 OK
r-release-linux-x86_64 1.2.7 4.02 56.94 60.96 NOTE
r-release-windows-ix86+x86_64 1.2.7 15.00 138.00 153.00 OK
r-release-osx-x86_64 1.2.7 OK
r-oldrel-windows-ix86+x86_64 1.2.7 14.00 120.00 134.00 OK
r-oldrel-osx-x86_64 1.2.7 OK

Check Details

Version: 1.2.7
Check: compiled code
Result: NOTE
    File ‘huge/libs/huge.so’:
     Found no calls to: ‘R_registerRoutines’, ‘R_useDynamicSymbols’
    
    It is good practice to register native routines and to disable symbol
    search.
    
    See ‘Writing portable packages’ in the ‘Writing R Extensions’ manual.
Flavors: r-devel-linux-x86_64-debian-clang, r-devel-linux-x86_64-debian-gcc, r-devel-linux-x86_64-fedora-clang, r-devel-linux-x86_64-fedora-gcc, r-patched-linux-x86_64, r-release-linux-x86_64