CRAN Package Check Results for Package huge

Last updated on 2015-08-30 09:47:27.

Flavor Version Tinstall Tcheck Ttotal Status Flags
r-devel-linux-x86_64-debian-clang 1.2.6 3.80 67.61 71.41 NOTE
r-devel-linux-x86_64-debian-gcc 1.2.6 4.28 62.07 66.35 NOTE
r-devel-linux-x86_64-fedora-clang 1.2.6 132.65 NOTE
r-devel-linux-x86_64-fedora-gcc 1.2.6 128.30 NOTE
r-devel-osx-x86_64-clang 1.2.6 96.53 NOTE
r-devel-windows-ix86+x86_64 1.2.6 26.00 146.00 172.00 NOTE
r-patched-linux-x86_64 1.2.6 3.98 64.90 68.87 NOTE
r-patched-solaris-sparc 1.2.6 686.20 NOTE
r-patched-solaris-x86 1.2.6 189.10 NOTE
r-release-linux-x86_64 1.2.6 4.37 65.74 70.11 NOTE
r-release-osx-x86_64-mavericks 1.2.6 NOTE
r-release-windows-ix86+x86_64 1.2.6 24.00 189.00 213.00 NOTE
r-oldrel-windows-ix86+x86_64 1.2.6 32.00 210.00 242.00 NOTE

Check Details

Version: 1.2.6
Check: R code for possible problems
Result: NOTE
    huge.ct: no visible global function definition for ‘cor’
    huge.ct: no visible global function definition for ‘flush.console’
    huge.generator: no visible global function definition for ‘runif’
    huge.generator: no visible global function definition for ‘cor’
    huge.generator: no visible global function definition for ‘par’
    huge.generator: no visible global function definition for ‘gray.colors’
    huge.generator: no visible global function definition for ‘plot’
    huge.glasso: no visible global function definition for ‘cor’
    huge.glasso: no visible global function definition for ‘flush.console’
    huge.mb: no visible global function definition for ‘cor’
    huge.mb: no visible global function definition for ‘flush.console’
    huge.mb: no visible global function definition for ‘new’
    huge.npn: no visible global function definition for ‘qnorm’
    huge.npn: no visible global function definition for ‘sd’
    huge.npn: no visible global function definition for ‘cor’
    huge.plot: no visible global function definition for ‘postscript’
    huge.plot: no visible global function definition for ‘par’
    huge.plot: no visible global function definition for ‘plot’
    huge.plot: no visible global function definition for ‘dev.off’
    huge.roc: no visible global function definition for ‘par’
    huge.roc: no visible global function definition for ‘plot’
    huge.select: no visible global function definition for ‘flush.console’
    huge.select: no visible global function definition for ‘cor’
    plot.huge: no visible global function definition for ‘par’
    plot.huge: no visible global function definition for ‘plot’
    plot.huge: no visible global function definition for ‘lines’
    plot.roc: no visible global function definition for ‘par’
    plot.roc: no visible global function definition for ‘plot’
    plot.select: no visible global function definition for ‘par’
    plot.select: no visible global function definition for ‘plot’
    plot.select: no visible global function definition for ‘lines’
    plot.sim: no visible global function definition for ‘gray.colors’
    plot.sim: no visible global function definition for ‘plot’
    Undefined global functions or variables:
     cor dev.off flush.console gray.colors lines new par plot postscript
     qnorm runif sd
    Consider adding
     importFrom("grDevices", "dev.off", "gray.colors", "postscript")
     importFrom("graphics", "lines", "par", "plot")
     importFrom("methods", "new")
     importFrom("stats", "cor", "qnorm", "runif", "sd")
     importFrom("utils", "flush.console")
    to your NAMESPACE (and ensure that your DESCRIPTION Imports field
    contains 'methods').
Flavors: r-devel-linux-x86_64-debian-clang, r-devel-linux-x86_64-debian-gcc, r-devel-linux-x86_64-fedora-clang, r-devel-linux-x86_64-fedora-gcc, r-devel-windows-ix86+x86_64

Version: 1.2.6
Check: compiled code
Result: NOTE
    File ‘huge/libs/huge.so’:
     Found ‘rand’, possibly from ‘rand’ (C)
     Object: ‘SFGen.o’
     Found ‘srand’, possibly from ‘srand’ (C)
     Object: ‘SFGen.o’
    
    Compiled code should not call entry points which might terminate R nor
    write to stdout/stderr instead of to the console, nor the system RNG.
    
    See ‘Writing portable packages’ in the ‘Writing R Extensions’ manual.
Flavors: r-devel-linux-x86_64-debian-clang, r-devel-linux-x86_64-debian-gcc, r-devel-linux-x86_64-fedora-clang, r-devel-linux-x86_64-fedora-gcc, r-patched-linux-x86_64, r-patched-solaris-sparc, r-patched-solaris-x86, r-release-linux-x86_64

Version: 1.2.6
Check: compiled code
Result: NOTE
    File ‘huge/libs/huge.so’:
     Found ‘_rand’, possibly from ‘rand’ (C)
     Object: ‘SFGen.o’
     Found ‘_srand’, possibly from ‘srand’ (C)
     Object: ‘SFGen.o’
    
    Compiled code should not call entry points which might terminate R nor
    write to stdout/stderr instead of to the console, nor the system RNG.
    
    See ‘Writing portable packages’ in the ‘Writing R Extensions’ manual.
Flavors: r-devel-osx-x86_64-clang, r-release-osx-x86_64-mavericks

Version: 1.2.6
Check: compiled code
Result: NOTE
    File 'huge/libs/i386/huge.dll':
     Found 'rand', possibly from 'rand' (C)
     Object: 'SFGen.o'
     Found 'srand', possibly from 'srand' (C)
     Object: 'SFGen.o'
    File 'huge/libs/x64/huge.dll':
     Found 'rand', possibly from 'rand' (C)
     Object: 'SFGen.o'
     Found 'srand', possibly from 'srand' (C)
     Object: 'SFGen.o'
    
    Compiled code should not call entry points which might terminate R nor
    write to stdout/stderr instead of to the console, nor the system RNG.
    
    See 'Writing portable packages' in the 'Writing R Extensions' manual.
Flavors: r-devel-windows-ix86+x86_64, r-release-windows-ix86+x86_64, r-oldrel-windows-ix86+x86_64