CRAN Package Check Results for Package huge

Last updated on 2017-03-30 19:47:48.

Flavor Version Tinstall Tcheck Ttotal Status Flags
r-devel-linux-x86_64-debian-clang 1.2.7 4.08 58.24 62.32 NOTE
r-devel-linux-x86_64-debian-gcc 1.2.7 3.82 57.24 61.06 NOTE
r-devel-linux-x86_64-fedora-clang 1.2.7 130.21 NOTE --no-stop-on-test-error
r-devel-linux-x86_64-fedora-gcc 1.2.7 127.62 NOTE --no-stop-on-test-error
r-devel-macos-x86_64-clang 1.2.7 90.11 NOTE --no-stop-on-test-error
r-devel-windows-ix86+x86_64 1.2.7 18.00 144.00 162.00 OK
r-patched-linux-x86_64 1.2.7 4.08 59.91 63.99 NOTE
r-patched-solaris-sparc 1.2.7 665.70 OK
r-release-linux-x86_64 1.2.7 3.87 52.71 56.58 OK
r-release-osx-x86_64-mavericks 1.2.7 OK
r-release-windows-ix86+x86_64 1.2.7 39.00 110.00 149.00 OK
r-oldrel-windows-ix86+x86_64 1.2.7 25.00 124.00 149.00 OK

Check Details

Version: 1.2.7
Check: compiled code
Result: NOTE
    File ‘huge/libs/huge.so’:
     Found no calls to: ‘R_registerRoutines’, ‘R_useDynamicSymbols’
    
    It is good practice to register native routines and to disable symbol
    search.
    
    See ‘Writing portable packages’ in the ‘Writing R Extensions’ manual.
Flavors: r-devel-linux-x86_64-debian-clang, r-devel-linux-x86_64-debian-gcc, r-patched-linux-x86_64

Version: 1.2.7
Flags: --no-stop-on-test-error
Check: compiled code
Result: NOTE
    File ‘huge/libs/huge.so’:
     Found no calls to: ‘R_registerRoutines’, ‘R_useDynamicSymbols’
    
    It is good practice to register native routines and to disable symbol
    search.
    
    See ‘Writing portable packages’ in the ‘Writing R Extensions’ manual.
Flavors: r-devel-linux-x86_64-fedora-clang, r-devel-linux-x86_64-fedora-gcc, r-devel-macos-x86_64-clang