CRAN Package Check Results for Package huge

Last updated on 2017-05-27 20:46:19.

Flavor Version Tinstall Tcheck Ttotal Status Flags
r-devel-linux-x86_64-debian-clang 1.2.7 4.77 61.60 66.37 NOTE
r-devel-linux-x86_64-debian-gcc 1.2.7 3.94 57.76 61.70 NOTE
r-devel-linux-x86_64-fedora-clang 1.2.7 131.20 NOTE
r-devel-linux-x86_64-fedora-gcc 1.2.7 128.30 NOTE
r-devel-windows-ix86+x86_64 1.2.7 17.00 130.00 147.00 OK
r-patched-linux-x86_64 1.2.7 4.57 65.58 70.15 NOTE
r-patched-solaris-sparc 1.2.7 665.70 OK
r-patched-solaris-x86 1.2.7 170.60 OK
r-release-linux-x86_64 1.2.7 4.20 58.46 62.66 NOTE
r-release-windows-ix86+x86_64 1.2.7 14.00 122.00 136.00 OK
r-release-osx-x86_64 1.2.7 OK
r-oldrel-windows-ix86+x86_64 1.2.7 21.00 109.00 130.00 OK
r-oldrel-osx-x86_64 1.2.7 OK

Check Details

Version: 1.2.7
Check: compiled code
Result: NOTE
    File ‘huge/libs/huge.so’:
     Found no calls to: ‘R_registerRoutines’, ‘R_useDynamicSymbols’
    
    It is good practice to register native routines and to disable symbol
    search.
    
    See ‘Writing portable packages’ in the ‘Writing R Extensions’ manual.
Flavors: r-devel-linux-x86_64-debian-clang, r-devel-linux-x86_64-debian-gcc, r-devel-linux-x86_64-fedora-clang, r-devel-linux-x86_64-fedora-gcc, r-patched-linux-x86_64, r-release-linux-x86_64