CRAN Package Check Results for Package huge

Last updated on 2014-08-28 14:47:30.

Flavor Version Tinstall Tcheck Ttotal Status Flags
r-devel-linux-x86_64-debian-clang 1.2.6 4.51 66.44 70.95 NOTE
r-devel-linux-x86_64-debian-gcc 1.2.6 4.67 64.92 69.59 NOTE
r-devel-linux-x86_64-fedora-clang 1.2.6 179.01 NOTE
r-devel-linux-x86_64-fedora-gcc 1.2.6 164.14 NOTE
r-devel-osx-x86_64-clang 1.2.6 116.88 NOTE
r-devel-windows-ix86+x86_64 1.2.6 18.00 142.00 160.00 NOTE
r-patched-linux-x86_64 1.2.6 5.74 66.25 71.99 OK
r-patched-solaris-sparc 1.2.6 791.90 OK
r-patched-solaris-x86 1.2.6 236.30 OK
r-release-linux-ix86 1.2.6 5.85 74.72 80.57 OK
r-release-linux-x86_64 1.2.6 5.12 67.92 73.04 OK
r-release-osx-x86_64-mavericks 1.2.6 OK
r-release-osx-x86_64-snowleopard 1.2.6 OK
r-release-windows-ix86+x86_64 1.2.6 17.00 141.00 158.00 OK
r-oldrel-windows-ix86+x86_64 1.2.6 17.00 137.00 154.00 OK

Check Details

Version: 1.2.6
Check: compiled code
Result: NOTE
    File ‘/home/hornik/tmp/R.check/r-devel-clang/Work/build/Packages/huge/libs/huge.so’:
     Found ‘rand’, possibly from ‘rand’ (C)
     Object: ‘SFGen.o’
     Found ‘srand’, possibly from ‘srand’ (C)
     Object: ‘SFGen.o’
    
    Compiled code should not call entry points which might terminate R nor
    write to stdout/stderr instead of to the console, nor the C RNG.
    
    See ‘Writing portable packages’ in the ‘Writing R Extensions’ manual.
Flavor: r-devel-linux-x86_64-debian-clang

Version: 1.2.6
Check: compiled code
Result: NOTE
    File ‘/home/hornik/tmp/R.check/r-devel-gcc/Work/build/Packages/huge/libs/huge.so’:
     Found ‘rand’, possibly from ‘rand’ (C)
     Object: ‘SFGen.o’
     Found ‘srand’, possibly from ‘srand’ (C)
     Object: ‘SFGen.o’
    
    Compiled code should not call entry points which might terminate R nor
    write to stdout/stderr instead of to the console, nor the C RNG.
    
    See ‘Writing portable packages’ in the ‘Writing R Extensions’ manual.
Flavor: r-devel-linux-x86_64-debian-gcc

Version: 1.2.6
Check: compiled code
Result: NOTE
    File ‘/data/gannet/ripley/R/packages/tests-clang/huge.Rcheck/huge/libs/huge.so’:
     Found ‘rand’, possibly from ‘rand’ (C)
     Object: ‘SFGen.o’
     Found ‘srand’, possibly from ‘srand’ (C)
     Object: ‘SFGen.o’
    
    Compiled code should not call entry points which might terminate R nor
    write to stdout/stderr instead of to the console, nor the C RNG.
    
    See ‘Writing portable packages’ in the ‘Writing R Extensions’ manual.
Flavor: r-devel-linux-x86_64-fedora-clang

Version: 1.2.6
Check: compiled code
Result: NOTE
    File ‘/data/gannet/ripley/R/packages/tests-devel/huge.Rcheck/huge/libs/huge.so’:
     Found ‘rand’, possibly from ‘rand’ (C)
     Object: ‘SFGen.o’
     Found ‘srand’, possibly from ‘srand’ (C)
     Object: ‘SFGen.o’
    
    Compiled code should not call entry points which might terminate R nor
    write to stdout/stderr instead of to the console, nor the C RNG.
    
    See ‘Writing portable packages’ in the ‘Writing R Extensions’ manual.
Flavor: r-devel-linux-x86_64-fedora-gcc

Version: 1.2.6
Check: compiled code
Result: NOTE
    File ‘/Users/ripley/R/packages/tests-devel/huge.Rcheck/huge/libs/huge.so’:
     Found ‘_rand’, possibly from ‘rand’ (C)
     Object: ‘SFGen.o’
     Found ‘_srand’, possibly from ‘srand’ (C)
     Object: ‘SFGen.o’
    
    Compiled code should not call entry points which might terminate R nor
    write to stdout/stderr instead of to the console, nor the C RNG.
    
    See ‘Writing portable packages’ in the ‘Writing R Extensions’ manual.
Flavor: r-devel-osx-x86_64-clang

Version: 1.2.6
Check: compiled code
Result: NOTE
    File 'd:/Rcompile/CRANpkg/lib/3.2/huge/libs/i386/huge.dll':
     Found 'rand', possibly from 'rand' (C)
     Object: 'SFGen.o'
     Found 'srand', possibly from 'srand' (C)
     Object: 'SFGen.o'
    File 'd:/Rcompile/CRANpkg/lib/3.2/huge/libs/x64/huge.dll':
     Found 'rand', possibly from 'rand' (C)
     Object: 'SFGen.o'
     Found 'srand', possibly from 'srand' (C)
     Object: 'SFGen.o'
    
    Compiled code should not call entry points which might terminate R nor
    write to stdout/stderr instead of to the console, nor the C RNG.
    
    See 'Writing portable packages' in the 'Writing R Extensions' manual.
Flavor: r-devel-windows-ix86+x86_64