CRAN Package Check Results for Package huge

Last updated on 2014-09-02 08:47:16.

Flavor Version Tinstall Tcheck Ttotal Status Flags
r-devel-linux-x86_64-debian-clang 1.2.6 4.45 75.51 79.96 NOTE
r-devel-linux-x86_64-debian-gcc 1.2.6 4.63 66.34 70.97 NOTE
r-devel-linux-x86_64-fedora-clang 1.2.6 179.01 NOTE
r-devel-linux-x86_64-fedora-gcc 1.2.6 164.86 NOTE
r-devel-osx-x86_64-clang 1.2.6 115.75 NOTE
r-devel-windows-ix86+x86_64 1.2.6 18.00 141.00 159.00 NOTE
r-patched-linux-x86_64 1.2.6 6.41 66.33 72.74 OK
r-patched-solaris-sparc 1.2.6 791.90 OK
r-patched-solaris-x86 1.2.6 235.00 OK
r-release-linux-ix86 1.2.6 5.79 74.76 80.55 OK
r-release-linux-x86_64 1.2.6 5.19 67.68 72.88 OK
r-release-osx-x86_64-mavericks 1.2.6 OK
r-release-osx-x86_64-snowleopard 1.2.6 OK
r-release-windows-ix86+x86_64 1.2.6 18.00 139.00 157.00 OK
r-oldrel-windows-ix86+x86_64 1.2.6 17.00 133.00 150.00 OK

Check Details

Version: 1.2.6
Check: compiled code
Result: NOTE
    File ‘/home/hornik/tmp/R.check/r-devel-clang/Work/build/Packages/huge/libs/huge.so’:
     Found ‘rand’, possibly from ‘rand’ (C)
     Object: ‘SFGen.o’
     Found ‘srand’, possibly from ‘srand’ (C)
     Object: ‘SFGen.o’
    
    Compiled code should not call entry points which might terminate R nor
    write to stdout/stderr instead of to the console, nor the C RNG.
    
    See ‘Writing portable packages’ in the ‘Writing R Extensions’ manual.
Flavor: r-devel-linux-x86_64-debian-clang

Version: 1.2.6
Check: compiled code
Result: NOTE
    File ‘/home/hornik/tmp/R.check/r-devel-gcc/Work/build/Packages/huge/libs/huge.so’:
     Found ‘rand’, possibly from ‘rand’ (C)
     Object: ‘SFGen.o’
     Found ‘srand’, possibly from ‘srand’ (C)
     Object: ‘SFGen.o’
    
    Compiled code should not call entry points which might terminate R nor
    write to stdout/stderr instead of to the console, nor the C RNG.
    
    See ‘Writing portable packages’ in the ‘Writing R Extensions’ manual.
Flavor: r-devel-linux-x86_64-debian-gcc

Version: 1.2.6
Check: compiled code
Result: NOTE
    File ‘/data/gannet/ripley/R/packages/tests-clang/huge.Rcheck/huge/libs/huge.so’:
     Found ‘rand’, possibly from ‘rand’ (C)
     Object: ‘SFGen.o’
     Found ‘srand’, possibly from ‘srand’ (C)
     Object: ‘SFGen.o’
    
    Compiled code should not call entry points which might terminate R nor
    write to stdout/stderr instead of to the console, nor the C RNG.
    
    See ‘Writing portable packages’ in the ‘Writing R Extensions’ manual.
Flavor: r-devel-linux-x86_64-fedora-clang

Version: 1.2.6
Check: compiled code
Result: NOTE
    File ‘/data/gannet/ripley/R/packages/tests-devel/huge.Rcheck/huge/libs/huge.so’:
     Found ‘rand’, possibly from ‘rand’ (C)
     Object: ‘SFGen.o’
     Found ‘srand’, possibly from ‘srand’ (C)
     Object: ‘SFGen.o’
    
    Compiled code should not call entry points which might terminate R nor
    write to stdout/stderr instead of to the console, nor the C RNG.
    
    See ‘Writing portable packages’ in the ‘Writing R Extensions’ manual.
Flavor: r-devel-linux-x86_64-fedora-gcc

Version: 1.2.6
Check: compiled code
Result: NOTE
    File ‘/Users/ripley/R/packages/tests-devel/huge.Rcheck/huge/libs/huge.so’:
     Found ‘_rand’, possibly from ‘rand’ (C)
     Object: ‘SFGen.o’
     Found ‘_srand’, possibly from ‘srand’ (C)
     Object: ‘SFGen.o’
    
    Compiled code should not call entry points which might terminate R nor
    write to stdout/stderr instead of to the console, nor the C RNG.
    
    See ‘Writing portable packages’ in the ‘Writing R Extensions’ manual.
Flavor: r-devel-osx-x86_64-clang

Version: 1.2.6
Check: compiled code
Result: NOTE
    File 'd:/Rcompile/CRANpkg/lib/3.2/huge/libs/i386/huge.dll':
     Found 'rand', possibly from 'rand' (C)
     Object: 'SFGen.o'
     Found 'srand', possibly from 'srand' (C)
     Object: 'SFGen.o'
    File 'd:/Rcompile/CRANpkg/lib/3.2/huge/libs/x64/huge.dll':
     Found 'rand', possibly from 'rand' (C)
     Object: 'SFGen.o'
     Found 'srand', possibly from 'srand' (C)
     Object: 'SFGen.o'
    
    Compiled code should not call entry points which might terminate R nor
    write to stdout/stderr instead of to the console, nor the C RNG.
    
    See 'Writing portable packages' in the 'Writing R Extensions' manual.
Flavor: r-devel-windows-ix86+x86_64