CRAN Package Check Results for Package huge

Last updated on 2017-02-25 23:47:44.

Flavor Version Tinstall Tcheck Ttotal Status Flags
r-devel-linux-x86_64-debian-clang 1.2.7 4.12 57.32 61.44 NOTE
r-devel-linux-x86_64-debian-gcc 1.2.7 4.12 57.60 61.72 NOTE
r-devel-linux-x86_64-fedora-clang 1.2.7 162.94 NOTE --no-stop-on-test-error
r-devel-linux-x86_64-fedora-gcc 1.2.7 127.83 NOTE --no-stop-on-test-error
r-devel-macos-x86_64-clang 1.2.7 91.39 NOTE --no-stop-on-test-error
r-devel-windows-ix86+x86_64 1.2.7 25.00 161.00 186.00 OK
r-patched-linux-x86_64 1.2.7 3.79 49.95 53.74 OK
r-patched-solaris-sparc 1.2.7 584.70 OK
r-patched-solaris-x86 1.2.7 144.20 OK
r-release-linux-x86_64 1.2.7 3.71 49.57 53.28 OK
r-release-osx-x86_64-mavericks 1.2.7 OK
r-release-windows-ix86+x86_64 1.2.7 23.00 146.00 169.00 OK
r-oldrel-windows-ix86+x86_64 1.2.7 25.00 121.00 146.00 OK

Check Details

Version: 1.2.7
Check: compiled code
Result: NOTE
    File ‘huge/libs/huge.so’:
     Found no calls to: ‘R_registerRoutines’, ‘R_useDynamicSymbols’
    
    It is good practice to register native routines and to disable symbol
    search.
    
    See ‘Writing portable packages’ in the ‘Writing R Extensions’ manual.
Flavors: r-devel-linux-x86_64-debian-clang, r-devel-linux-x86_64-debian-gcc

Version: 1.2.7
Flags: --no-stop-on-test-error
Check: compiled code
Result: NOTE
    File ‘huge/libs/huge.so’:
     Found no calls to: ‘R_registerRoutines’, ‘R_useDynamicSymbols’
    
    It is good practice to register native routines and to disable symbol
    search.
    
    See ‘Writing portable packages’ in the ‘Writing R Extensions’ manual.
Flavors: r-devel-linux-x86_64-fedora-clang, r-devel-linux-x86_64-fedora-gcc, r-devel-macos-x86_64-clang