CRAN Package Check Results for Package huge

Last updated on 2015-04-25 06:46:20.

Flavor Version Tinstall Tcheck Ttotal Status Flags
r-devel-linux-x86_64-debian-clang 1.2.6 3.94 64.88 68.82 NOTE
r-devel-linux-x86_64-debian-gcc 1.2.6 3.98 64.48 68.46 NOTE
r-devel-linux-x86_64-fedora-clang 1.2.6 136.20 NOTE
r-devel-linux-x86_64-fedora-gcc 1.2.6 129.89 NOTE
r-devel-osx-x86_64-clang 1.2.6 101.09 NOTE
r-devel-windows-ix86+x86_64 1.2.6 16.00 128.00 144.00 NOTE
r-patched-linux-x86_64 1.2.6 3.99 64.10 68.10 NOTE
r-patched-solaris-sparc 1.2.6 660.90 NOTE
r-patched-solaris-x86 1.2.6 179.50 NOTE
r-release-linux-x86_64 1.2.6 4.50 65.49 69.99 NOTE
r-release-osx-x86_64-mavericks 1.2.6 NOTE
r-release-osx-x86_64-snowleopard 1.2.6 ERROR
r-release-windows-ix86+x86_64 1.2.6 17.00 130.00 147.00 NOTE
r-oldrel-windows-ix86+x86_64 1.2.6 16.00 141.00 157.00 NOTE

Check Details

Version: 1.2.6
Check: compiled code
Result: NOTE
    File 'huge/libs/i386/huge.dll':
     Found 'rand', possibly from 'rand' (C)
     Object: 'SFGen.o'
     Found 'srand', possibly from 'srand' (C)
     Object: 'SFGen.o'
    File 'huge/libs/x64/huge.dll':
     Found 'rand', possibly from 'rand' (C)
     Object: 'SFGen.o'
     Found 'srand', possibly from 'srand' (C)
     Object: 'SFGen.o'
    
    Compiled code should not call entry points which might terminate R nor
    write to stdout/stderr instead of to the console, nor the system RNG.
    
    See 'Writing portable packages' in the 'Writing R Extensions' manual.
Flavors: r-devel-windows-ix86+x86_64, r-release-windows-ix86+x86_64, r-oldrel-windows-ix86+x86_64

Version: 1.2.6
Check: compiled code
Result: NOTE
    File ‘huge/libs/huge.so’:
     Found ‘rand’, possibly from ‘rand’ (C)
     Object: ‘SFGen.o’
     Found ‘srand’, possibly from ‘srand’ (C)
     Object: ‘SFGen.o’
    
    Compiled code should not call entry points which might terminate R nor
    write to stdout/stderr instead of to the console, nor the system RNG.
    
    See ‘Writing portable packages’ in the ‘Writing R Extensions’ manual.
Flavor: r-patched-linux-x86_64