CRAN Package Check Results for Package huge

Last updated on 2017-11-22 22:57:19 CET.

Flavor Version Tinstall Tcheck Ttotal Status Flags
r-devel-linux-x86_64-debian-clang 1.2.7 4.16 55.35 59.51 NOTE
r-devel-linux-x86_64-debian-gcc 1.2.7 3.70 111.18 114.88 NOTE
r-devel-linux-x86_64-fedora-clang 1.2.7 101.08 NOTE
r-devel-linux-x86_64-fedora-gcc 1.2.7 149.50 NOTE
r-devel-windows-ix86+x86_64 1.2.7 16.00 130.00 146.00 OK
r-patched-linux-x86_64 1.2.7 4.42 58.66 63.08 NOTE
r-patched-solaris-x86 1.2.7 198.60 OK
r-release-linux-x86_64 1.2.7 3.89 58.87 62.76 NOTE
r-release-windows-ix86+x86_64 1.2.7 15.00 132.00 147.00 OK
r-release-osx-x86_64 1.2.7 OK
r-oldrel-windows-ix86+x86_64 1.2.7 14.00 116.00 130.00 OK
r-oldrel-osx-x86_64 1.2.7 OK

Check Details

Version: 1.2.7
Check: compiled code
Result: NOTE
    File ‘huge/libs/huge.so’:
     Found no calls to: ‘R_registerRoutines’, ‘R_useDynamicSymbols’
    
    It is good practice to register native routines and to disable symbol
    search.
    
    See ‘Writing portable packages’ in the ‘Writing R Extensions’ manual.
Flavors: r-devel-linux-x86_64-debian-clang, r-devel-linux-x86_64-debian-gcc, r-devel-linux-x86_64-fedora-clang, r-devel-linux-x86_64-fedora-gcc, r-patched-linux-x86_64, r-release-linux-x86_64