CRAN Package Check Results for Package huge

Last updated on 2014-10-25 05:48:39.

Flavor Version Tinstall Tcheck Ttotal Status Flags
r-devel-linux-x86_64-debian-clang 1.2.6 4.57 69.31 73.88 NOTE
r-devel-linux-x86_64-debian-gcc 1.2.6 4.72 68.24 72.97 NOTE
r-devel-linux-x86_64-fedora-clang 1.2.6 165.68 NOTE
r-devel-linux-x86_64-fedora-gcc 1.2.6 164.28 NOTE
r-devel-osx-x86_64-clang 1.2.6 116.91 NOTE
r-devel-windows-ix86+x86_64 1.2.6 16.00 107.00 123.00 ERROR
r-patched-linux-x86_64 1.2.6 6.99 73.09 80.08 NOTE
r-patched-solaris-sparc 1.2.6 768.60 NOTE
r-patched-solaris-x86 1.2.6 212.70 NOTE
r-release-linux-ix86 1.2.6 5.82 74.26 80.08 OK
r-release-linux-x86_64 1.2.6 5.06 72.01 77.08 OK
r-release-osx-x86_64-mavericks 1.2.6 OK
r-release-osx-x86_64-snowleopard 1.2.6 OK
r-release-windows-ix86+x86_64 1.2.6 16.00 137.00 153.00 OK
r-oldrel-windows-ix86+x86_64 1.2.6 21.00 137.00 158.00 OK

Check Details

Version: 1.2.6
Check: compiled code
Result: NOTE
    File ‘huge/libs/huge.so’:
     Found ‘rand’, possibly from ‘rand’ (C)
     Object: ‘SFGen.o’
     Found ‘srand’, possibly from ‘srand’ (C)
     Object: ‘SFGen.o’
    
    Compiled code should not call entry points which might terminate R nor
    write to stdout/stderr instead of to the console, nor the C RNG.
    
    See ‘Writing portable packages’ in the ‘Writing R Extensions’ manual.
Flavors: r-devel-linux-x86_64-debian-clang, r-devel-linux-x86_64-debian-gcc, r-devel-linux-x86_64-fedora-clang, r-devel-linux-x86_64-fedora-gcc, r-patched-linux-x86_64, r-patched-solaris-sparc, r-patched-solaris-x86

Version: 1.2.6
Check: compiled code
Result: NOTE
    File ‘huge/libs/huge.so’:
     Found ‘_rand’, possibly from ‘rand’ (C)
     Object: ‘SFGen.o’
     Found ‘_srand’, possibly from ‘srand’ (C)
     Object: ‘SFGen.o’
    
    Compiled code should not call entry points which might terminate R nor
    write to stdout/stderr instead of to the console, nor the C RNG.
    
    See ‘Writing portable packages’ in the ‘Writing R Extensions’ manual.
Flavor: r-devel-osx-x86_64-clang

Version: 1.2.6
Check: compiled code
Result: NOTE
    File 'huge/libs/i386/huge.dll':
     Found 'rand', possibly from 'rand' (C)
     Object: 'SFGen.o'
     Found 'srand', possibly from 'srand' (C)
     Object: 'SFGen.o'
    File 'huge/libs/x64/huge.dll':
     Found 'rand', possibly from 'rand' (C)
     Object: 'SFGen.o'
     Found 'srand', possibly from 'srand' (C)
     Object: 'SFGen.o'
    
    Compiled code should not call entry points which might terminate R nor
    write to stdout/stderr instead of to the console, nor the C RNG.
    
    See 'Writing portable packages' in the 'Writing R Extensions' manual.
Flavor: r-devel-windows-ix86+x86_64

Version: 1.2.6
Check: running examples for arch 'i386'
Result: ERROR
    Running examples in 'huge-Ex.R' failed
    The error most likely occurred in:
    
    > ### Name: huge.generator
    > ### Title: Data generator
    > ### Aliases: huge.generator
    >
    > ### ** Examples
    >
    > ## band graph with bandwidth 3
    > L = huge.generator(graph = "band", g = 3)
    Generating data from the multivariate normal distribution with the band graph structure....done.
    > plot(L)
    >
    > ## random sparse graph
    > L = huge.generator(vis = TRUE)
    Generating data from the multivariate normal distribution with the random graph structure....done.
    >
    > ## random dense graph
    > L = huge.generator(prob = 0.5, vis = TRUE)
    Generating data from the multivariate normal distribution with the random graph structure....done.
    >
    > ## hub graph with 6 hubs
    > L = huge.generator(graph = "hub", g = 6, vis = TRUE)
    Generating data from the multivariate normal distribution with the hub graph structure....done.
    >
    > ## hub graph with 8 clusters
    > L = huge.generator(graph = "cluster", g = 8, vis = TRUE)
    Generating data from the multivariate normal distribution with the cluster graph structure....done.
    >
    > ## scale-free graphs
    > L = huge.generator(graph="scale-free", vis = TRUE)
    Generating data from the multivariate normal distribution with the scale-free graph structure....Error in min(eigen(omega)$values) : invalid 'type' (complex) of argument
    Calls: huge.generator
    Execution halted
Flavor: r-devel-windows-ix86+x86_64