CRAN Package Check Results for Package huge

Last updated on 2018-04-21 05:48:54 CEST.

Flavor Version Tinstall Tcheck Ttotal Status Flags
r-devel-linux-x86_64-debian-clang 1.2.7 5.74 91.63 97.37 NOTE
r-devel-linux-x86_64-debian-gcc 1.2.7 5.77 74.56 80.33 NOTE
r-devel-linux-x86_64-fedora-clang 1.2.7 117.61 NOTE
r-devel-linux-x86_64-fedora-gcc 1.2.7 115.82 NOTE
r-devel-windows-ix86+x86_64 1.2.7 22.00 184.00 206.00 OK
r-devel-osx-x86_64 1.2.7 OK
r-patched-linux-x86_64 1.2.7 7.18 89.44 96.62 NOTE
r-patched-solaris-x86 1.2.7 169.60 OK
r-release-linux-x86_64 1.2.7 6.60 89.92 96.52 NOTE
r-release-windows-ix86+x86_64 1.2.7 20.00 139.00 159.00 OK
r-release-osx-x86_64 1.2.7 OK
r-oldrel-windows-ix86+x86_64 1.2.7 24.00 119.00 143.00 OK

Check Details

Version: 1.2.7
Check: compiled code
Result: NOTE
    File ‘huge/libs/huge.so’:
     Found no calls to: ‘R_registerRoutines’, ‘R_useDynamicSymbols’
    
    It is good practice to register native routines and to disable symbol
    search.
    
    See ‘Writing portable packages’ in the ‘Writing R Extensions’ manual.
Flavors: r-devel-linux-x86_64-debian-clang, r-devel-linux-x86_64-debian-gcc, r-devel-linux-x86_64-fedora-clang, r-devel-linux-x86_64-fedora-gcc, r-patched-linux-x86_64, r-release-linux-x86_64