CRAN Package Check Results for Package huge

Last updated on 2017-07-24 10:46:46.

Flavor Version Tinstall Tcheck Ttotal Status Flags
r-devel-linux-x86_64-debian-clang 1.2.7 4.48 74.54 79.01 NOTE
r-devel-linux-x86_64-debian-gcc 1.2.7 4.07 71.55 75.62 NOTE
r-devel-linux-x86_64-fedora-clang 1.2.7 135.84 NOTE
r-devel-linux-x86_64-fedora-gcc 1.2.7 130.07 NOTE
r-devel-windows-ix86+x86_64 1.2.7 24.00 140.00 164.00 OK
r-patched-linux-x86_64 1.2.7 4.42 70.93 75.35 NOTE
r-patched-solaris-x86 1.2.7 179.00 OK
r-release-linux-x86_64 1.2.7 4.47 72.05 76.52 NOTE
r-release-windows-ix86+x86_64 1.2.7 17.00 180.00 197.00 OK
r-release-osx-x86_64 1.2.7 OK
r-oldrel-windows-ix86+x86_64 1.2.7 14.00 115.00 129.00 OK
r-oldrel-osx-x86_64 1.2.7 OK

Check Details

Version: 1.2.7
Check: compiled code
Result: NOTE
    File ‘huge/libs/huge.so’:
     Found no calls to: ‘R_registerRoutines’, ‘R_useDynamicSymbols’
    
    It is good practice to register native routines and to disable symbol
    search.
    
    See ‘Writing portable packages’ in the ‘Writing R Extensions’ manual.
Flavors: r-devel-linux-x86_64-debian-clang, r-devel-linux-x86_64-debian-gcc, r-devel-linux-x86_64-fedora-clang, r-devel-linux-x86_64-fedora-gcc, r-patched-linux-x86_64, r-release-linux-x86_64