CRAN Package Check Results for Package huge

Last updated on 2014-04-23 12:48:19.

Flavor Version Tinstall Tcheck Ttotal Status Flags
r-devel-linux-x86_64-debian-clang 1.2.6 5.10 75.25 80.35 OK
r-devel-linux-x86_64-debian-gcc 1.2.6 4.91 68.48 73.40 OK
r-devel-linux-x86_64-fedora-clang 1.2.6 172.15 OK
r-devel-linux-x86_64-fedora-gcc 1.2.6 168.34 OK
r-devel-osx-x86_64-clang 1.2.6 113.48 OK
r-devel-osx-x86_64-gcc 1.2.6 ERROR
r-devel-windows-ix86+x86_64 1.2.6 19.00 131.00 150.00 OK
r-patched-linux-x86_64 1.2.6 5.54 68.17 73.71 OK
r-patched-solaris-sparc 1.2.6 779.20 OK
r-patched-solaris-x86 1.2.6 231.50 OK
r-release-linux-ix86 1.2.6 7.00 104.00 111.00 OK
r-release-linux-x86_64 1.2.6 6.22 74.49 80.70 OK
r-release-osx-x86_64-mavericks 1.2.6 WARN
r-release-osx-x86_64-snowleopard 1.2.6 OK
r-release-windows-ix86+x86_64 1.2.6 17.00 135.00 152.00 OK
r-oldrel-windows-ix86+x86_64 1.2.6 17.00 133.00 150.00 OK

Check Details

Version: 1.2.6
Check: package dependencies
Result: ERROR
    Package required but not available: ‘igraph’
    
    See the information on DESCRIPTION files in the chapter ‘Creating R
    packages’ of the ‘Writing R Extensions’ manual.
Flavor: r-devel-osx-x86_64-gcc

Version: 1.2.6
Check: PDF version of manual
Result: WARNING
    LaTeX errors when creating PDF version.
    This typically indicates Rd problems.
    LaTeX errors found:
    ! LaTeX Error: File `upquote.sty' not found.
    
    Type X to quit or <RETURN> to proceed,
    or enter new name. (Default extension: sty)
    
    eae8fea/Rd2.tex:8: ==> Fatal error occurred, no output PDF file produced!
Flavor: r-release-osx-x86_64-mavericks