CRAN Package Check Results for Package huge

Last updated on 2014-11-27 08:47:02.

Flavor Version Tinstall Tcheck Ttotal Status Flags
r-devel-linux-x86_64-debian-clang 1.2.6 5.59 69.66 75.25 NOTE
r-devel-linux-x86_64-debian-gcc 1.2.6 4.61 68.38 72.99 NOTE
r-devel-linux-x86_64-fedora-clang 1.2.6 169.13 NOTE
r-devel-linux-x86_64-fedora-gcc 1.2.6 192.81 NOTE
r-devel-osx-x86_64-clang 1.2.6 116.22 NOTE
r-devel-windows-ix86+x86_64 1.2.6 17.00 134.00 151.00 NOTE
r-patched-linux-x86_64 1.2.6 5.00 71.11 76.12 NOTE
r-patched-solaris-sparc 1.2.6 768.60 NOTE
r-patched-solaris-x86 1.2.6 211.80 NOTE
r-release-linux-ix86 1.2.6 5.52 71.71 77.24 NOTE
r-release-linux-x86_64 1.2.6 4.83 71.68 76.52 NOTE
r-release-osx-x86_64-mavericks 1.2.6 OK
r-release-osx-x86_64-snowleopard 1.2.6 OK
r-release-windows-ix86+x86_64 1.2.6 18.00 136.00 154.00 NOTE
r-oldrel-windows-ix86+x86_64 1.2.6 16.00 133.00 149.00 OK

Check Details

Version: 1.2.6
Check: compiled code
Result: NOTE
    File ‘huge/libs/huge.so’:
     Found ‘rand’, possibly from ‘rand’ (C)
     Object: ‘SFGen.o’
     Found ‘srand’, possibly from ‘srand’ (C)
     Object: ‘SFGen.o’
    
    Compiled code should not call entry points which might terminate R nor
    write to stdout/stderr instead of to the console, nor the C RNG.
    
    See ‘Writing portable packages’ in the ‘Writing R Extensions’ manual.
Flavors: r-devel-linux-x86_64-debian-clang, r-devel-linux-x86_64-debian-gcc, r-devel-linux-x86_64-fedora-clang, r-devel-linux-x86_64-fedora-gcc, r-patched-linux-x86_64, r-patched-solaris-sparc, r-patched-solaris-x86, r-release-linux-ix86, r-release-linux-x86_64

Version: 1.2.6
Check: compiled code
Result: NOTE
    File ‘huge/libs/huge.so’:
     Found ‘_rand’, possibly from ‘rand’ (C)
     Object: ‘SFGen.o’
     Found ‘_srand’, possibly from ‘srand’ (C)
     Object: ‘SFGen.o’
    
    Compiled code should not call entry points which might terminate R nor
    write to stdout/stderr instead of to the console, nor the C RNG.
    
    See ‘Writing portable packages’ in the ‘Writing R Extensions’ manual.
Flavor: r-devel-osx-x86_64-clang

Version: 1.2.6
Check: compiled code
Result: NOTE
    File 'huge/libs/i386/huge.dll':
     Found 'rand', possibly from 'rand' (C)
     Object: 'SFGen.o'
     Found 'srand', possibly from 'srand' (C)
     Object: 'SFGen.o'
    File 'huge/libs/x64/huge.dll':
     Found 'rand', possibly from 'rand' (C)
     Object: 'SFGen.o'
     Found 'srand', possibly from 'srand' (C)
     Object: 'SFGen.o'
    
    Compiled code should not call entry points which might terminate R nor
    write to stdout/stderr instead of to the console, nor the C RNG.
    
    See 'Writing portable packages' in the 'Writing R Extensions' manual.
Flavors: r-devel-windows-ix86+x86_64, r-release-windows-ix86+x86_64