CRAN Package Check Results for Package humanleague

Last updated on 2019-07-17 18:48:03 CEST.

Flavor Version Tinstall Tcheck Ttotal Status Flags
r-devel-linux-x86_64-debian-clang 2.1.0 92.68 24.87 117.55 OK
r-devel-linux-x86_64-debian-gcc 2.1.0 94.55 20.33 114.88 OK
r-devel-linux-x86_64-fedora-clang 2.1.0 150.13 NOTE
r-devel-linux-x86_64-fedora-gcc 2.1.0 250.52 OK
r-devel-windows-ix86+x86_64 2.1.0 206.00 67.00 273.00 OK
r-patched-linux-x86_64 2.1.0 100.50 24.88 125.38 OK
r-patched-solaris-x86 2.1.0 171.90 OK
r-release-linux-x86_64 2.1.0 96.61 24.72 121.33 OK
r-release-windows-ix86+x86_64 2.1.0 165.00 94.00 259.00 OK
r-release-osx-x86_64 2.1.0 NOTE
r-oldrel-windows-ix86+x86_64 2.1.0 161.00 82.00 243.00 OK
r-oldrel-osx-x86_64 2.1.0 NOTE

Additional issues

LTO

Check Details

Version: 2.1.0
Check: installed package size
Result: NOTE
     installed size is 8.0Mb
     sub-directories of 1Mb or more:
     libs 7.9Mb
Flavors: r-devel-linux-x86_64-fedora-clang, r-release-osx-x86_64, r-oldrel-osx-x86_64