CRAN Package Check Results for Package humanleague

Last updated on 2019-10-18 18:47:53 CEST.

Flavor Version Tinstall Tcheck Ttotal Status Flags
r-devel-linux-x86_64-debian-clang 2.1.0 101.08 24.78 125.86 OK
r-devel-linux-x86_64-debian-gcc 2.1.0 101.53 20.23 121.76 OK
r-devel-linux-x86_64-fedora-clang 2.1.0 157.04 NOTE
r-devel-linux-x86_64-fedora-gcc 2.1.0 218.97 OK
r-devel-windows-ix86+x86_64 2.1.0 213.00 69.00 282.00 OK
r-patched-linux-x86_64 2.1.0 94.60 23.86 118.46 OK
r-patched-solaris-x86 2.1.0 169.40 OK
r-release-linux-x86_64 2.1.0 91.03 24.35 115.38 OK
r-release-windows-ix86+x86_64 2.1.0 163.00 92.00 255.00 OK
r-release-osx-x86_64 2.1.0 NOTE
r-oldrel-windows-ix86+x86_64 2.1.0 157.00 62.00 219.00 OK
r-oldrel-osx-x86_64 2.1.0 NOTE

Additional issues

LTO

Check Details

Version: 2.1.0
Check: installed package size
Result: NOTE
     installed size is 9.9Mb
     sub-directories of 1Mb or more:
     libs 9.8Mb
Flavors: r-devel-linux-x86_64-fedora-clang, r-release-osx-x86_64, r-oldrel-osx-x86_64