CRAN Package Check Results for Package humanleague

Last updated on 2019-05-22 04:46:36 CEST.

Flavor Version Tinstall Tcheck Ttotal Status Flags
r-devel-linux-x86_64-debian-clang 2.1.0 96.82 24.88 121.70 OK
r-devel-linux-x86_64-debian-gcc 2.1.0 94.77 20.30 115.07 OK
r-devel-linux-x86_64-fedora-clang 2.1.0 157.99 NOTE
r-devel-linux-x86_64-fedora-gcc 2.1.0 175.79 OK
r-devel-windows-ix86+x86_64 2.1.0 148.00 87.00 235.00 OK
r-patched-linux-x86_64 2.1.0 99.83 24.76 124.59 OK
r-patched-solaris-x86 2.1.0 170.50 OK
r-release-linux-x86_64 2.1.0 101.34 25.14 126.48 OK
r-release-windows-ix86+x86_64 2.1.0 207.00 69.00 276.00 OK
r-release-osx-x86_64 2.1.0 NOTE
r-oldrel-windows-ix86+x86_64 2.1.0 143.00 64.00 207.00 OK
r-oldrel-osx-x86_64 2.1.0 NOTE

Additional issues

LTO

Check Details

Version: 2.1.0
Check: installed package size
Result: NOTE
     installed size is 8.0Mb
     sub-directories of 1Mb or more:
     libs 7.9Mb
Flavors: r-devel-linux-x86_64-fedora-clang, r-release-osx-x86_64, r-oldrel-osx-x86_64