CRAN Package Check Results for Package hwordcloud

Last updated on 2020-10-29 10:50:18 CET.

Flavor Version Tinstall Tcheck Ttotal Status Flags
r-devel-linux-x86_64-debian-clang 0.1.0 2.45 24.60 27.05 OK
r-devel-linux-x86_64-debian-gcc 0.1.0 1.97 19.63 21.60 OK
r-devel-linux-x86_64-fedora-clang 0.1.0 42.27 NOTE
r-devel-linux-x86_64-fedora-gcc 0.1.0 32.39 NOTE
r-devel-windows-ix86+x86_64 0.1.0 8.00 44.00 52.00 OK
r-patched-linux-x86_64 0.1.0 2.44 24.08 26.52 OK
r-patched-solaris-x86 0.1.0 48.50 WARN
r-release-linux-x86_64 0.1.0 2.34 23.64 25.98 OK
r-release-macos-x86_64 0.1.0 WARN
r-release-windows-ix86+x86_64 0.1.0 7.00 44.00 51.00 OK
r-oldrel-macos-x86_64 0.1.0 WARN
r-oldrel-windows-ix86+x86_64 0.1.0 4.00 41.00 45.00 OK

Check Details

Version: 0.1.0
Check: dependencies in R code
Result: NOTE
    Namespaces in Imports field not imported from:
     ‘colourpicker’ ‘shiny’ ‘wordcloud2’
     All declared Imports should be used.
Flavors: r-devel-linux-x86_64-fedora-clang, r-devel-linux-x86_64-fedora-gcc, r-patched-solaris-x86, r-release-macos-x86_64, r-oldrel-macos-x86_64

Version: 0.1.0
Check: re-building of vignette outputs
Result: WARN
    Error(s) in re-building vignettes:
     ...
    --- re-building ‘hwordcloud.Rmd’ using rmarkdown
    Warning in engine$weave(file, quiet = quiet, encoding = enc) :
     Pandoc (>= 1.12.3) and/or pandoc-citeproc not available. Falling back to R Markdown v1.
    Quitting from lines 48-53 (hwordcloud.Rmd)
    Error: processing vignette 'hwordcloud.Rmd' failed with diagnostics:
    there is no package called 'webshot'
    --- failed re-building ‘hwordcloud.Rmd’
    
    SUMMARY: processing the following file failed:
     ‘hwordcloud.Rmd’
    
    Error: Vignette re-building failed.
    Execution halted
Flavor: r-patched-solaris-x86

Version: 0.1.0
Check: re-building of vignette outputs
Result: WARN
    Error(s) in re-building vignettes:
     ...
    --- re-building ‘hwordcloud.Rmd’ using rmarkdown
    Warning in engine$weave(file, quiet = quiet, encoding = enc) :
     Pandoc (>= 1.12.3) and/or pandoc-citeproc not available. Falling back to R Markdown v1.
    Quitting from lines 48-53 (hwordcloud.Rmd)
    Error: processing vignette 'hwordcloud.Rmd' failed with diagnostics:
    cannot open the connection
    --- failed re-building ‘hwordcloud.Rmd’
    
    SUMMARY: processing the following file failed:
     ‘hwordcloud.Rmd’
    
    Error: Vignette re-building failed.
    Execution halted
Flavors: r-release-macos-x86_64, r-oldrel-macos-x86_64