CRAN Package Check Results for Package hwriter

Last updated on 2015-08-05 03:48:06.

Flavor Version Tinstall Tcheck Ttotal Status Flags
r-devel-linux-x86_64-debian-clang 1.3.2 0.58 11.20 11.78 NOTE
r-devel-linux-x86_64-debian-gcc 1.3.2 0.52 10.99 11.51 NOTE
r-devel-linux-x86_64-fedora-clang 1.3.2 22.56 NOTE
r-devel-linux-x86_64-fedora-gcc 1.3.2 21.02 NOTE
r-devel-osx-x86_64-clang 1.3.2 23.10 NOTE
r-devel-windows-ix86+x86_64 1.3.2 3.00 23.00 26.00 NOTE
r-patched-linux-x86_64 1.3.2 0.55 11.32 11.87 NOTE
r-patched-solaris-sparc 1.3.2 147.80 NOTE
r-patched-solaris-x86 1.3.2 34.00 NOTE
r-release-linux-x86_64 1.3.2 0.54 12.06 12.60 NOTE
r-release-osx-x86_64-mavericks 1.3.2 NOTE
r-release-windows-ix86+x86_64 1.3.2 2.00 22.00 24.00 NOTE
r-oldrel-windows-ix86+x86_64 1.3.2 3.00 24.00 27.00 OK

Check Details

Version: 1.3.2
Check: DESCRIPTION meta-information
Result: NOTE
    Malformed Description field: should contain one or more complete sentences.
Flavors: r-devel-linux-x86_64-debian-clang, r-devel-linux-x86_64-debian-gcc, r-devel-linux-x86_64-fedora-clang, r-devel-linux-x86_64-fedora-gcc, r-devel-osx-x86_64-clang, r-devel-windows-ix86+x86_64, r-patched-linux-x86_64, r-patched-solaris-sparc, r-patched-solaris-x86, r-release-linux-x86_64, r-release-osx-x86_64-mavericks, r-release-windows-ix86+x86_64

Version: 1.3.2
Check: R code for possible problems
Result: NOTE
    getHwriterVersion: no visible global function definition for
     ‘sessionInfo’
    hmapRowCol: no visible global function definition for ‘na.omit’
    hwriteImage: no visible global function definition for ‘dev.print’
    hwriteImage: no visible binding for global variable ‘png’
    showExample: no visible global function definition for ‘browseURL’
    Undefined global functions or variables:
     browseURL dev.print na.omit png sessionInfo
    Consider adding
     importFrom("grDevices", "dev.print", "png")
     importFrom("stats", "na.omit")
     importFrom("utils", "browseURL", "sessionInfo")
    to your NAMESPACE.
Flavors: r-devel-linux-x86_64-debian-clang, r-devel-linux-x86_64-debian-gcc, r-devel-linux-x86_64-fedora-clang, r-devel-linux-x86_64-fedora-gcc, r-devel-windows-ix86+x86_64