CRAN Package Check Results for Package hwriter

Last updated on 2014-07-23 09:49:50.

Flavor Version Tinstall Tcheck Ttotal Status Flags
r-devel-linux-x86_64-debian-clang 1.3 0.52 10.36 10.88 NOTE
r-devel-linux-x86_64-debian-gcc 1.3 0.51 9.52 10.03 NOTE
r-devel-linux-x86_64-fedora-clang 1.3 21.55 NOTE
r-devel-linux-x86_64-fedora-gcc 1.3 20.17 NOTE
r-devel-osx-x86_64-clang 1.3 21.44 NOTE
r-devel-windows-ix86+x86_64 1.3 2.00 16.00 18.00 NOTE
r-patched-linux-x86_64 1.3 0.60 9.70 10.30 NOTE
r-patched-solaris-sparc 1.3 119.30 NOTE
r-patched-solaris-x86 1.3 30.30 NOTE
r-release-linux-ix86 1.3 0.85 16.04 16.89 NOTE
r-release-linux-x86_64 1.3 0.55 9.92 10.46 NOTE
r-release-osx-x86_64-mavericks 1.3 NOTE
r-release-windows-ix86+x86_64 1.3 2.00 24.00 26.00 NOTE
r-oldrel-windows-ix86+x86_64 1.3 2.00 19.00 21.00 NOTE

Check Details

Version: 1.3
Check: dependencies in R code
Result: NOTE
    There are ::: calls to the package's namespace in its code. A package
     almost never needs to use ::: for its own objects:
     ‘getHwriterVersion’
    See the information on DESCRIPTION files in the chapter ‘Creating R
    packages’ of the ‘Writing R Extensions’ manual.
Flavors: r-devel-linux-x86_64-debian-clang, r-devel-linux-x86_64-debian-gcc, r-devel-linux-x86_64-fedora-clang, r-devel-linux-x86_64-fedora-gcc, r-devel-osx-x86_64-clang, r-devel-windows-ix86+x86_64, r-patched-linux-x86_64, r-patched-solaris-sparc, r-patched-solaris-x86, r-release-linux-ix86, r-release-linux-x86_64, r-release-osx-x86_64-mavericks, r-release-windows-ix86+x86_64, r-oldrel-windows-ix86+x86_64

Version: 1.3
Check: R code for possible problems
Result: NOTE
    hmakeTag: warning in matrix("", nr = n, nc = na): partial argument
     match of 'nr' to 'nrow'
    hmakeTag: warning in matrix("", nr = n, nc = na): partial argument
     match of 'nc' to 'ncol'
    openPage: warning in dir.create(dirname, rec = TRUE, showWar = FALSE):
     partial argument match of 'showWar' to 'showWarnings'
    openPage: warning in dir.create(dirname, rec = TRUE, showWar = FALSE):
     partial argument match of 'rec' to 'recursive'
Flavors: r-devel-linux-x86_64-debian-clang, r-devel-linux-x86_64-debian-gcc, r-devel-linux-x86_64-fedora-clang, r-devel-linux-x86_64-fedora-gcc, r-devel-osx-x86_64-clang, r-devel-windows-ix86+x86_64, r-patched-linux-x86_64, r-patched-solaris-sparc, r-patched-solaris-x86, r-release-linux-ix86, r-release-linux-x86_64, r-release-osx-x86_64-mavericks, r-release-windows-ix86+x86_64, r-oldrel-windows-ix86+x86_64

Version: 1.3
Check: for old-style vignette sources
Result: NOTE
    Vignette sources only in ‘inst/doc’:
     ‘hwriter.Rnw’
    A ‘vignettes’ directory is required as from R 3.1.0
    and these will not be indexed nor checked
Flavors: r-devel-linux-x86_64-debian-clang, r-devel-linux-x86_64-debian-gcc, r-devel-linux-x86_64-fedora-clang, r-devel-linux-x86_64-fedora-gcc, r-devel-osx-x86_64-clang, r-devel-windows-ix86+x86_64, r-patched-linux-x86_64, r-patched-solaris-sparc, r-patched-solaris-x86, r-release-linux-ix86, r-release-linux-x86_64, r-release-osx-x86_64-mavericks, r-release-windows-ix86+x86_64

Version: 1.3
Check: Rd line widths
Result: NOTE
    Rd file 'openPage.Rd':
     \examples lines wider than 100 characters:
     p <- openPage('test.html', dirname=tmpdir, link.css='http://www.ebi.ac.uk/~gpau/hwriter/hwriter.css')
     hwrite('This famous (Fisher\'s or Anderson\'s) iris data set gives the measurements in centimeters of the variables sepal length and wi ... [TRUNCATED]
    
    These lines will be truncated in the PDF manual.
Flavors: r-devel-linux-x86_64-fedora-clang, r-devel-linux-x86_64-fedora-gcc

Version: 1.3
Check: for old-style vignette sources
Result: NOTE
    Vignette sources only in 'inst/doc':
     'hwriter.Rnw'
    A 'vignettes' directory will be required as from R 3.1.0
Flavor: r-oldrel-windows-ix86+x86_64