CRAN Package Check Results for Package hwriter

Last updated on 2016-09-26 11:51:36.

Flavor Version Tinstall Tcheck Ttotal Status Flags
r-devel-linux-x86_64-debian-clang 1.3.2 0.57 11.29 11.85 NOTE
r-devel-linux-x86_64-debian-gcc 1.3.2 0.57 11.41 11.98 NOTE
r-devel-linux-x86_64-fedora-clang 1.3.2 20.71 NOTE
r-devel-linux-x86_64-fedora-gcc 1.3.2 19.31 NOTE
r-devel-macos-x86_64-clang 1.3.2 18.99 NOTE
r-devel-windows-ix86+x86_64 1.3.2 5.00 45.00 50.00 NOTE
r-patched-linux-x86_64 1.3.2 0.62 11.16 11.78 NOTE
r-patched-solaris-sparc 1.3.2 129.10 NOTE
r-patched-solaris-x86 1.3.2 28.70 NOTE
r-release-linux-x86_64 1.3.2 0.56 11.23 11.79 NOTE
r-release-osx-x86_64-mavericks 1.3.2 NOTE
r-release-windows-ix86+x86_64 1.3.2 2.00 33.00 35.00 NOTE
r-oldrel-windows-ix86+x86_64 1.3.2 2.00 21.00 23.00 NOTE

Check Details

Version: 1.3.2
Check: DESCRIPTION meta-information
Result: NOTE
    Malformed Description field: should contain one or more complete sentences.
Flavors: r-devel-linux-x86_64-debian-clang, r-devel-linux-x86_64-debian-gcc, r-devel-linux-x86_64-fedora-clang, r-devel-linux-x86_64-fedora-gcc, r-devel-macos-x86_64-clang, r-devel-windows-ix86+x86_64, r-patched-linux-x86_64, r-patched-solaris-sparc, r-patched-solaris-x86, r-release-linux-x86_64, r-release-osx-x86_64-mavericks, r-release-windows-ix86+x86_64, r-oldrel-windows-ix86+x86_64

Version: 1.3.2
Check: R code for possible problems
Result: NOTE
    getHwriterVersion: no visible global function definition for
     ‘sessionInfo’
    hmapRowCol: no visible global function definition for ‘na.omit’
    hwriteImage: no visible global function definition for ‘dev.print’
    hwriteImage: no visible binding for global variable ‘png’
    showExample: no visible global function definition for ‘browseURL’
    Undefined global functions or variables:
     browseURL dev.print na.omit png sessionInfo
    Consider adding
     importFrom("grDevices", "dev.print", "png")
     importFrom("stats", "na.omit")
     importFrom("utils", "browseURL", "sessionInfo")
    to your NAMESPACE file.
Flavors: r-devel-linux-x86_64-debian-clang, r-devel-linux-x86_64-debian-gcc, r-devel-linux-x86_64-fedora-clang, r-devel-linux-x86_64-fedora-gcc, r-devel-macos-x86_64-clang, r-devel-windows-ix86+x86_64, r-patched-linux-x86_64, r-patched-solaris-sparc, r-patched-solaris-x86, r-release-linux-x86_64, r-release-osx-x86_64-mavericks, r-release-windows-ix86+x86_64