CRAN Package Check Results for Package hwriter

Last updated on 2015-03-29 00:48:17.

Flavor Version Tinstall Tcheck Ttotal Status Flags
r-devel-linux-x86_64-debian-clang 1.3.2 0.56 11.94 12.50 NOTE
r-devel-linux-x86_64-debian-gcc 1.3.2 0.61 11.36 11.97 NOTE
r-devel-linux-x86_64-fedora-clang 1.3.2 23.09 NOTE
r-devel-linux-x86_64-fedora-gcc 1.3.2 22.28 NOTE
r-devel-osx-x86_64-clang 1.3.2 30.82 NOTE
r-prerel-windows-ix86+x86_64 1.3.2 3.00 18.00 21.00 NOTE
r-prerel-linux-x86_64 1.3.2 0.64 11.24 11.88 NOTE
r-prerel-solaris-sparc 1.3.2 154.30 NOTE
r-prerel-solaris-x86 1.3.2 32.00 NOTE
r-release-linux-x86_64 1.3.2 0.62 12.22 12.85 OK
r-release-osx-x86_64-mavericks 1.3.2 OK
r-release-osx-x86_64-snowleopard 1.3.2 OK
r-release-windows-ix86+x86_64 1.3.2 3.00 24.00 27.00 OK
r-oldrel-windows-ix86+x86_64 1.3.2 3.00 23.00 26.00 OK

Check Details

Version: 1.3.2
Check: DESCRIPTION meta-information
Result: NOTE
    Malformed Description field: should contain one or more complete sentences.
Flavors: r-devel-linux-x86_64-debian-clang, r-devel-linux-x86_64-debian-gcc, r-devel-linux-x86_64-fedora-clang, r-devel-linux-x86_64-fedora-gcc, r-devel-osx-x86_64-clang, r-prerel-windows-ix86+x86_64, r-prerel-linux-x86_64, r-prerel-solaris-sparc, r-prerel-solaris-x86

Version: 1.3.2
Check: re-building of vignette outputs
Result: NOTE
    Error in re-building vignettes:
     ...
    Warning: running command '"D:\compiler\texmf\miktex\bin\texi2dvi.exe" --quiet --pdf "hwriter.tex" --max-iterations=20 -I "D:/RCompile/recent/R/share/texmf/tex/latex" -I "D:/RCompile/recent/R/share/texmf/bibtex/bst"' had status 1
    Error in find_vignette_product(name, by = "texi2pdf", engine = engine) :
     Failed to locate the 'texi2pdf' output file (by engine 'utils::Sweave') for vignette with name 'hwriter'. The following files exist in directory '.': 'hwriter.Rnw', 'hwriter.tex'
    Calls: buildVignettes -> find_vignette_product
    Execution halted
Flavor: r-prerel-windows-ix86+x86_64