CRAN Package Check Results for Package hwriter

Last updated on 2015-04-27 23:47:26.

Flavor Version Tinstall Tcheck Ttotal Status Flags
r-devel-linux-x86_64-debian-clang 1.3.2 0.56 11.65 12.21 NOTE
r-devel-linux-x86_64-debian-gcc 1.3.2 0.56 11.66 12.23 NOTE
r-devel-linux-x86_64-fedora-clang 1.3.2 23.22 NOTE
r-devel-linux-x86_64-fedora-gcc 1.3.2 21.75 NOTE
r-devel-osx-x86_64-clang 1.3.2 27.39 NOTE
r-devel-windows-ix86+x86_64 1.3.2 2.00 21.00 23.00 NOTE
r-patched-linux-x86_64 1.3.2 0.60 11.89 12.49 NOTE
r-patched-solaris-sparc 1.3.2 154.30 NOTE
r-patched-solaris-x86 1.3.2 32.30 NOTE
r-release-linux-x86_64 1.3.2 0.60 11.57 12.16 NOTE
r-release-osx-x86_64-mavericks 1.3.2 NOTE
r-release-osx-x86_64-snowleopard 1.3.2 NOTE
r-release-windows-ix86+x86_64 1.3.2 2.00 22.00 24.00 NOTE
r-oldrel-windows-ix86+x86_64 1.3.2 3.00 24.00 27.00 OK

Check Details

Version: 1.3.2
Check: DESCRIPTION meta-information
Result: NOTE
    Malformed Description field: should contain one or more complete sentences.
Flavors: r-devel-linux-x86_64-debian-clang, r-devel-linux-x86_64-debian-gcc, r-devel-linux-x86_64-fedora-clang, r-devel-linux-x86_64-fedora-gcc, r-devel-osx-x86_64-clang, r-devel-windows-ix86+x86_64, r-patched-solaris-sparc, r-patched-solaris-x86, r-release-linux-x86_64, r-release-osx-x86_64-mavericks, r-release-osx-x86_64-snowleopard, r-release-windows-ix86+x86_64