CRAN Package Check Results for Package hwriter

Last updated on 2015-05-27 06:46:47.

Flavor Version Tinstall Tcheck Ttotal Status Flags
r-devel-linux-x86_64-debian-clang 1.3.2 0.69 11.85 12.54 NOTE
r-devel-linux-x86_64-debian-gcc 1.3.2 0.56 12.15 12.71 NOTE
r-devel-linux-x86_64-fedora-clang 1.3.2 23.63 NOTE
r-devel-linux-x86_64-fedora-gcc 1.3.2 21.98 NOTE
r-devel-osx-x86_64-clang 1.3.2 27.03 NOTE
r-devel-windows-ix86+x86_64 1.3.2 2.00 22.00 24.00 NOTE
r-patched-linux-x86_64 1.3.2 0.57 11.40 11.96 NOTE
r-patched-solaris-sparc 1.3.2 142.60 NOTE
r-patched-solaris-x86 1.3.2 32.70 NOTE
r-release-linux-x86_64 1.3.2 0.56 11.76 12.32 NOTE
r-release-osx-x86_64-mavericks 1.3.2 NOTE
r-release-osx-x86_64-snowleopard 1.3.2 NOTE
r-release-windows-ix86+x86_64 1.3.2 2.00 22.00 24.00 NOTE
r-oldrel-windows-ix86+x86_64 1.3.2 3.00 24.00 27.00 OK

Check Details

Version: 1.3.2
Check: DESCRIPTION meta-information
Result: NOTE
    Malformed Description field: should contain one or more complete sentences.
Flavors: r-devel-linux-x86_64-debian-clang, r-devel-linux-x86_64-debian-gcc, r-devel-linux-x86_64-fedora-clang, r-devel-linux-x86_64-fedora-gcc, r-devel-osx-x86_64-clang, r-devel-windows-ix86+x86_64, r-patched-linux-x86_64, r-patched-solaris-sparc, r-patched-solaris-x86, r-release-linux-x86_64, r-release-osx-x86_64-mavericks, r-release-osx-x86_64-snowleopard, r-release-windows-ix86+x86_64