CRAN Package Check Results for Package hwriterPlus

Last updated on 2017-02-23 15:48:23.

Flavor Version Tinstall Tcheck Ttotal Status Flags
r-devel-linux-x86_64-debian-clang 1.0-3 0.78 13.48 14.26 WARN
r-devel-linux-x86_64-debian-gcc 1.0-3 0.68 13.63 14.31 WARN
r-devel-linux-x86_64-fedora-clang 1.0-3 29.14 WARN --no-stop-on-test-error
r-devel-linux-x86_64-fedora-gcc 1.0-3 22.66 WARN --no-stop-on-test-error
r-devel-macos-x86_64-clang 1.0-3 22.36 WARN --no-stop-on-test-error
r-devel-windows-ix86+x86_64 1.0-3 5.00 38.00 43.00 WARN
r-patched-linux-x86_64 1.0-3 0.61 10.73 11.35 NOTE
r-patched-solaris-sparc 1.0-3 129.00 NOTE
r-patched-solaris-x86 1.0-3 29.20 NOTE
r-release-linux-x86_64 1.0-3 0.74 10.67 11.41 NOTE
r-release-osx-x86_64-mavericks 1.0-3 NOTE
r-release-windows-ix86+x86_64 1.0-3 4.00 38.00 42.00 NOTE
r-oldrel-windows-ix86+x86_64 1.0-3 6.00 26.00 32.00 OK

Check Details

Version: 1.0-3
Check: R code for possible problems
Result: NOTE
    hwriteLatex: no visible global function definition for ‘is’
    Undefined global functions or variables:
     is
    Consider adding
     importFrom("methods", "is")
    to your NAMESPACE file (and ensure that your DESCRIPTION Imports field
    contains 'methods').
Flavors: r-devel-linux-x86_64-debian-clang, r-devel-linux-x86_64-debian-gcc, r-devel-windows-ix86+x86_64, r-patched-linux-x86_64, r-patched-solaris-sparc, r-patched-solaris-x86, r-release-linux-x86_64, r-release-osx-x86_64-mavericks, r-release-windows-ix86+x86_64

Version: 1.0-3
Check: files in ‘vignettes’
Result: WARN
    Files in the 'vignettes' directory but no files in 'inst/doc':
     ‘hwriterPlus.pdf’
    Package has no Sweave vignette sources and no VignetteBuilder field.
Flavors: r-devel-linux-x86_64-debian-clang, r-devel-linux-x86_64-debian-gcc, r-devel-windows-ix86+x86_64

Version: 1.0-3
Flags: --no-stop-on-test-error
Check: R code for possible problems
Result: NOTE
    hwriteLatex: no visible global function definition for ‘is’
    Undefined global functions or variables:
     is
    Consider adding
     importFrom("methods", "is")
    to your NAMESPACE file (and ensure that your DESCRIPTION Imports field
    contains 'methods').
Flavors: r-devel-linux-x86_64-fedora-clang, r-devel-linux-x86_64-fedora-gcc, r-devel-macos-x86_64-clang

Version: 1.0-3
Flags: --no-stop-on-test-error
Check: files in ‘vignettes’
Result: WARN
    Files in the 'vignettes' directory but no files in 'inst/doc':
     ‘hwriterPlus.pdf’
    Package has no Sweave vignette sources and no VignetteBuilder field.
Flavors: r-devel-linux-x86_64-fedora-clang, r-devel-linux-x86_64-fedora-gcc, r-devel-macos-x86_64-clang