CRAN Package Check Results for Package hwriterPlus

Last updated on 2015-07-01 13:47:17.

Flavor Version Tinstall Tcheck Ttotal Status Flags
r-devel-linux-x86_64-debian-clang 1.0-3 0.73 10.64 11.36 NOTE
r-devel-linux-x86_64-debian-gcc 1.0-3 0.61 10.49 11.10 NOTE
r-devel-linux-x86_64-fedora-clang 1.0-3 21.37 NOTE
r-devel-linux-x86_64-fedora-gcc 1.0-3 19.38 NOTE
r-devel-osx-x86_64-clang 1.0-3 22.15 OK
r-devel-windows-ix86+x86_64 1.0-3 5.00 20.00 25.00 NOTE
r-patched-linux-x86_64 1.0-3 0.76 10.82 11.58 OK
r-patched-solaris-sparc 1.0-3 138.90 OK
r-patched-solaris-x86 1.0-3 33.60 OK
r-release-linux-x86_64 1.0-3 0.71 10.81 11.52 OK
r-release-osx-x86_64-mavericks 1.0-3 OK
r-release-windows-ix86+x86_64 1.0-3 4.00 21.00 25.00 OK
r-oldrel-windows-ix86+x86_64 1.0-3 5.00 35.00 40.00 OK

Check Details

Version: 1.0-3
Check: R code for possible problems
Result: NOTE
    hwriteLatex: no visible global function definition for ‘is’
Flavors: r-devel-linux-x86_64-debian-clang, r-devel-linux-x86_64-debian-gcc, r-devel-linux-x86_64-fedora-clang, r-devel-linux-x86_64-fedora-gcc, r-devel-windows-ix86+x86_64