CRAN Package Check Results for Package hwriterPlus

Last updated on 2015-09-03 22:48:00.

Flavor Version Tinstall Tcheck Ttotal Status Flags
r-devel-linux-x86_64-debian-clang 1.0-3 0.67 10.25 10.92 NOTE
r-devel-linux-x86_64-debian-gcc 1.0-3 0.68 10.39 11.06 NOTE
r-devel-linux-x86_64-fedora-clang 1.0-3 20.40 NOTE
r-devel-linux-x86_64-fedora-gcc 1.0-3 20.15 NOTE
r-devel-osx-x86_64-clang 1.0-3 21.23 OK
r-devel-windows-ix86+x86_64 1.0-3 3.00 24.00 27.00 NOTE
r-patched-linux-x86_64 1.0-3 0.76 10.69 11.46 OK
r-patched-solaris-sparc 1.0-3 143.50 OK
r-patched-solaris-x86 1.0-3 34.10 OK
r-release-linux-x86_64 1.0-3 0.67 10.65 11.32 OK
r-release-osx-x86_64-mavericks 1.0-3 OK
r-release-windows-ix86+x86_64 1.0-3 4.00 22.00 26.00 OK
r-oldrel-windows-ix86+x86_64 1.0-3 5.00 26.00 31.00 OK

Check Details

Version: 1.0-3
Check: R code for possible problems
Result: NOTE
    hwriteLatex: no visible global function definition for ‘is’
    Undefined global functions or variables:
     is
    Consider adding
     importFrom("methods", "is")
    to your NAMESPACE (and ensure that your DESCRIPTION Imports field
    contains 'methods').
Flavors: r-devel-linux-x86_64-debian-clang, r-devel-linux-x86_64-debian-gcc, r-devel-linux-x86_64-fedora-clang, r-devel-linux-x86_64-fedora-gcc, r-devel-windows-ix86+x86_64