CRAN Package Check Results for Package hwriterPlus

Last updated on 2016-02-10 18:49:22.

Flavor Version Tinstall Tcheck Ttotal Status Flags
r-devel-linux-x86_64-debian-gcc 1.0-3 0.72 9.99 10.71 NOTE
r-devel-linux-x86_64-fedora-clang 1.0-3 18.79 NOTE
r-devel-linux-x86_64-fedora-gcc 1.0-3 18.00 NOTE
r-devel-osx-x86_64-clang 1.0-3 23.24 NOTE
r-devel-windows-ix86+x86_64 1.0-3 5.00 45.00 50.00 NOTE
r-patched-linux-x86_64 1.0-3 0.76 10.43 11.19 OK
r-patched-solaris-sparc 1.0-3 126.00 OK
r-patched-solaris-x86 1.0-3 29.30 OK
r-release-linux-x86_64 1.0-3 0.86 10.61 11.47 OK
r-release-osx-x86_64-mavericks 1.0-3 OK
r-release-windows-ix86+x86_64 1.0-3 5.00 30.00 35.00 OK
r-oldrel-windows-ix86+x86_64 1.0-3 5.00 37.00 42.00 OK

Check Details

Version: 1.0-3
Check: R code for possible problems
Result: NOTE
    hwriteLatex: no visible global function definition for ‘is’
    Undefined global functions or variables:
     is
    Consider adding
     importFrom("methods", "is")
    to your NAMESPACE file (and ensure that your DESCRIPTION Imports field
    contains 'methods').
Flavors: r-devel-linux-x86_64-debian-gcc, r-devel-linux-x86_64-fedora-clang, r-devel-linux-x86_64-fedora-gcc, r-devel-osx-x86_64-clang, r-devel-windows-ix86+x86_64