CRAN Package Check Results for Package hwriterPlus

Last updated on 2016-06-25 16:47:51.

Flavor Version Tinstall Tcheck Ttotal Status Flags
r-devel-linux-x86_64-debian-gcc 1.0-3 0.91 11.02 11.93 NOTE
r-devel-linux-x86_64-fedora-clang 1.0-3 18.99 NOTE
r-devel-linux-x86_64-fedora-gcc 1.0-3 18.09 NOTE
r-devel-osx-x86_64-clang 1.0-3 18.33 NOTE
r-devel-windows-ix86+x86_64 1.0-3 4.00 30.00 34.00 NOTE
r-patched-linux-x86_64 1.0-3 0.72 11.19 11.91 NOTE
r-patched-solaris-sparc 1.0-3 126.80 NOTE
r-patched-solaris-x86 1.0-3 30.40 NOTE
r-release-linux-x86_64 1.0-3 0.77 11.17 11.94 NOTE
r-release-osx-x86_64-mavericks 1.0-3 NOTE
r-release-windows-ix86+x86_64 1.0-3 4.00 37.00 41.00 NOTE
r-oldrel-windows-ix86+x86_64 1.0-3 5.00 29.00 34.00 OK

Check Details

Version: 1.0-3
Check: R code for possible problems
Result: NOTE
    hwriteLatex: no visible global function definition for ‘is’
    Undefined global functions or variables:
     is
    Consider adding
     importFrom("methods", "is")
    to your NAMESPACE file (and ensure that your DESCRIPTION Imports field
    contains 'methods').
Flavors: r-devel-linux-x86_64-debian-gcc, r-devel-linux-x86_64-fedora-clang, r-devel-linux-x86_64-fedora-gcc, r-devel-osx-x86_64-clang, r-devel-windows-ix86+x86_64, r-patched-linux-x86_64, r-patched-solaris-sparc, r-patched-solaris-x86, r-release-linux-x86_64, r-release-osx-x86_64-mavericks, r-release-windows-ix86+x86_64