CRAN Package Check Results for Package hwriterPlus

Last updated on 2015-08-03 08:48:40.

Flavor Version Tinstall Tcheck Ttotal Status Flags
r-devel-linux-x86_64-debian-clang 1.0-3 0.66 10.54 11.20 NOTE
r-devel-linux-x86_64-debian-gcc 1.0-3 0.60 10.44 11.04 NOTE
r-devel-linux-x86_64-fedora-clang 1.0-3 22.06 NOTE
r-devel-linux-x86_64-fedora-gcc 1.0-3 19.87 NOTE
r-devel-osx-x86_64-clang 1.0-3 22.60 OK
r-devel-windows-ix86+x86_64 1.0-3 3.00 23.00 26.00 NOTE
r-patched-linux-x86_64 1.0-3 0.64 10.76 11.40 OK
r-patched-solaris-sparc 1.0-3 143.50 OK
r-patched-solaris-x86 1.0-3 34.50 OK
r-release-linux-x86_64 1.0-3 0.65 10.64 11.28 OK
r-release-osx-x86_64-mavericks 1.0-3 OK
r-release-windows-ix86+x86_64 1.0-3 5.00 21.00 26.00 OK
r-oldrel-windows-ix86+x86_64 1.0-3 6.00 26.00 32.00 OK

Check Details

Version: 1.0-3
Check: R code for possible problems
Result: NOTE
    hwriteLatex: no visible global function definition for ‘is’
    Undefined global functions or variables:
     is
    Consider adding
     importFrom("methods", "is")
    to your NAMESPACE.
Flavors: r-devel-linux-x86_64-debian-clang, r-devel-linux-x86_64-debian-gcc, r-devel-linux-x86_64-fedora-clang, r-devel-linux-x86_64-fedora-gcc, r-devel-windows-ix86+x86_64