CRAN Package Check Results for Package hwriterPlus

Last updated on 2016-07-26 15:47:02.

Flavor Version Tinstall Tcheck Ttotal Status Flags
r-devel-linux-x86_64-debian-clang 1.0-3 0.97 12.75 13.72 NOTE
r-devel-linux-x86_64-debian-gcc 1.0-3 0.76 12.53 13.29 NOTE
r-devel-linux-x86_64-fedora-clang 1.0-3 19.65 NOTE
r-devel-linux-x86_64-fedora-gcc 1.0-3 19.49 NOTE
r-devel-osx-x86_64-clang 1.0-3 18.45 NOTE
r-devel-windows-ix86+x86_64 1.0-3 3.00 44.00 47.00 NOTE
r-patched-linux-x86_64 1.0-3 1.08 12.53 13.61 NOTE
r-patched-solaris-sparc 1.0-3 126.80 NOTE
r-patched-solaris-x86 1.0-3 29.50 NOTE
r-release-linux-x86_64 1.0-3 0.70 12.52 13.23 NOTE
r-release-osx-x86_64-mavericks 1.0-3 NOTE
r-release-windows-ix86+x86_64 1.0-3 3.00 45.00 48.00 NOTE
r-oldrel-windows-ix86+x86_64 1.0-3 4.00 28.00 32.00 OK

Check Details

Version: 1.0-3
Check: R code for possible problems
Result: NOTE
    hwriteLatex: no visible global function definition for ‘is’
    Undefined global functions or variables:
     is
    Consider adding
     importFrom("methods", "is")
    to your NAMESPACE file (and ensure that your DESCRIPTION Imports field
    contains 'methods').
Flavors: r-devel-linux-x86_64-debian-clang, r-devel-linux-x86_64-debian-gcc, r-devel-linux-x86_64-fedora-clang, r-devel-linux-x86_64-fedora-gcc, r-devel-osx-x86_64-clang, r-devel-windows-ix86+x86_64, r-patched-linux-x86_64, r-patched-solaris-sparc, r-patched-solaris-x86, r-release-linux-x86_64, r-release-osx-x86_64-mavericks, r-release-windows-ix86+x86_64