CRAN Package Check Results for Package hwriterPlus

Last updated on 2016-05-30 03:47:37.

Flavor Version Tinstall Tcheck Ttotal Status Flags
r-devel-linux-x86_64-debian-gcc 1.0-3 0.70 11.05 11.75 NOTE
r-devel-linux-x86_64-fedora-clang 1.0-3 20.51 NOTE
r-devel-linux-x86_64-fedora-gcc 1.0-3 18.36 NOTE
r-devel-osx-x86_64-clang 1.0-3 23.72 NOTE
r-devel-windows-ix86+x86_64 1.0-3 3.00 30.00 33.00 NOTE
r-patched-linux-x86_64 1.0-3 0.67 10.58 11.25 NOTE
r-patched-solaris-sparc 1.0-3 127.00 NOTE
r-patched-solaris-x86 1.0-3 30.60 NOTE
r-release-linux-x86_64 1.0-3 0.74 10.70 11.44 NOTE
r-release-osx-x86_64-mavericks 1.0-3 NOTE
r-release-windows-ix86+x86_64 1.0-3 5.00 30.00 35.00 NOTE
r-oldrel-windows-ix86+x86_64 1.0-3 3.00 29.00 32.00 OK

Check Details

Version: 1.0-3
Check: R code for possible problems
Result: NOTE
    hwriteLatex: no visible global function definition for ‘is’
    Undefined global functions or variables:
     is
    Consider adding
     importFrom("methods", "is")
    to your NAMESPACE file (and ensure that your DESCRIPTION Imports field
    contains 'methods').
Flavors: r-devel-linux-x86_64-debian-gcc, r-devel-linux-x86_64-fedora-clang, r-devel-linux-x86_64-fedora-gcc, r-devel-osx-x86_64-clang, r-devel-windows-ix86+x86_64, r-patched-linux-x86_64, r-patched-solaris-sparc, r-patched-solaris-x86, r-release-linux-x86_64, r-release-osx-x86_64-mavericks, r-release-windows-ix86+x86_64