CRAN Package Check Results for Package hwriterPlus

Last updated on 2014-04-23 20:47:14.

Flavor Version Tinstall Tcheck Ttotal Status Flags
r-devel-linux-x86_64-debian-clang 1.0-3 0.76 12.28 13.04 OK
r-devel-linux-x86_64-debian-gcc 1.0-3 0.92 12.34 13.26 OK
r-devel-linux-x86_64-fedora-clang 1.0-3 24.45 OK
r-devel-linux-x86_64-fedora-gcc 1.0-3 23.27 OK
r-devel-osx-x86_64-clang 1.0-3 25.43 OK
r-devel-osx-x86_64-gcc 1.0-3 OK
r-devel-windows-ix86+x86_64 1.0-3 3.00 20.00 23.00 OK
r-patched-linux-x86_64 1.0-3 0.73 11.99 12.72 OK
r-patched-solaris-sparc 1.0-3 144.50 OK
r-patched-solaris-x86 1.0-3 38.40 OK
r-release-linux-ix86 1.0-3 1.00 27.00 28.00 OK
r-release-linux-x86_64 1.0-3 0.74 12.19 12.93 OK
r-release-osx-x86_64-mavericks 1.0-3 WARN
r-release-osx-x86_64-snowleopard 1.0-3 OK
r-release-windows-ix86+x86_64 1.0-3 3.00 20.00 23.00 OK
r-oldrel-windows-ix86+x86_64 1.0-3 4.00 22.00 26.00 OK

Check Details

Version: 1.0-3
Check: PDF version of manual
Result: WARNING
    LaTeX errors when creating PDF version.
    This typically indicates Rd problems.
    LaTeX errors found:
    ! LaTeX Error: File `upquote.sty' not found.
    
    Type X to quit or <RETURN> to proceed,
    or enter new name. (Default extension: sty)
    
    5b4d0830/Rd2.tex:8: ==> Fatal error occurred, no output PDF file produced!
Flavor: r-release-osx-x86_64-mavericks