CRAN Package Check Results for Package hwriterPlus

Last updated on 2016-09-26 23:48:13.

Flavor Version Tinstall Tcheck Ttotal Status Flags
r-devel-linux-x86_64-debian-clang 1.0-3 0.62 10.54 11.16 WARN
r-devel-linux-x86_64-debian-gcc 1.0-3 0.74 11.00 11.74 WARN
r-devel-linux-x86_64-fedora-clang 1.0-3 20.01 WARN
r-devel-linux-x86_64-fedora-gcc 1.0-3 18.11 WARN
r-devel-macos-x86_64-clang 1.0-3 18.41 WARN
r-devel-windows-ix86+x86_64 1.0-3 8.00 37.00 45.00 WARN
r-patched-linux-x86_64 1.0-3 0.65 10.52 11.17 NOTE
r-patched-solaris-sparc 1.0-3 126.80 NOTE
r-patched-solaris-x86 1.0-3 29.50 NOTE
r-release-linux-x86_64 1.0-3 0.69 10.56 11.25 NOTE
r-release-osx-x86_64-mavericks 1.0-3 NOTE
r-release-windows-ix86+x86_64 1.0-3 6.00 36.00 42.00 NOTE
r-oldrel-windows-ix86+x86_64 1.0-3 8.00 34.00 42.00 OK

Check Details

Version: 1.0-3
Check: R code for possible problems
Result: NOTE
    hwriteLatex: no visible global function definition for ‘is’
    Undefined global functions or variables:
     is
    Consider adding
     importFrom("methods", "is")
    to your NAMESPACE file (and ensure that your DESCRIPTION Imports field
    contains 'methods').
Flavors: r-devel-linux-x86_64-debian-clang, r-devel-linux-x86_64-debian-gcc, r-devel-linux-x86_64-fedora-clang, r-devel-linux-x86_64-fedora-gcc, r-devel-macos-x86_64-clang, r-devel-windows-ix86+x86_64, r-patched-linux-x86_64, r-patched-solaris-sparc, r-patched-solaris-x86, r-release-linux-x86_64, r-release-osx-x86_64-mavericks, r-release-windows-ix86+x86_64

Version: 1.0-3
Check: files in ‘vignettes’
Result: WARN
    Files in the 'vignettes' directory but no files in 'inst/doc':
     ‘hwriterPlus.pdf’
    Package has no Sweave vignette sources and no VignetteBuilder field.
Flavors: r-devel-linux-x86_64-debian-clang, r-devel-linux-x86_64-debian-gcc, r-devel-linux-x86_64-fedora-clang, r-devel-linux-x86_64-fedora-gcc, r-devel-macos-x86_64-clang, r-devel-windows-ix86+x86_64