CRAN Package Check Results for Package hySpc.testthat

Last updated on 2024-03-02 22:41:56 CET.

Flavor Version Tinstall Tcheck Ttotal Status Flags
r-devel-linux-x86_64-debian-clang 0.2.1 1.99 34.28 36.27 NOTE
r-devel-linux-x86_64-debian-gcc 0.2.1 1.72 26.61 28.33 NOTE
r-devel-linux-x86_64-fedora-clang 0.2.1 46.65 NOTE
r-devel-linux-x86_64-fedora-gcc 0.2.1 44.07 NOTE
r-devel-windows-x86_64 0.2.1 4.00 53.00 57.00 NOTE
r-patched-linux-x86_64 0.2.1 3.01 34.07 37.08 NOTE
r-release-linux-x86_64 0.2.1 2.04 34.56 36.60 NOTE
r-release-macos-arm64 0.2.1 21.00 NOTE
r-release-macos-x86_64 0.2.1 29.00 NOTE
r-release-windows-x86_64 0.2.1 6.00 55.00 61.00 NOTE
r-oldrel-macos-arm64 0.2.1 20.00 NOTE
r-oldrel-windows-x86_64 0.2.1 5.00 57.00 62.00 NOTE

Check Details

Version: 0.2.1
Check: LazyData
Result: NOTE 'LazyData' is specified without a 'data' directory Flavors: r-devel-linux-x86_64-debian-clang, r-devel-linux-x86_64-debian-gcc, r-devel-linux-x86_64-fedora-clang, r-devel-linux-x86_64-fedora-gcc, r-devel-windows-x86_64, r-patched-linux-x86_64, r-release-linux-x86_64, r-release-macos-arm64, r-release-macos-x86_64, r-release-windows-x86_64, r-oldrel-macos-arm64, r-oldrel-windows-x86_64