CRAN Package Check Results for Package hybridEnsemble

Last updated on 2017-11-22 14:54:23 CET.

Flavor Version Tinstall Tcheck Ttotal Status Flags
r-devel-linux-x86_64-debian-clang 1.0.0 3.28 42.90 46.17 NOTE
r-devel-linux-x86_64-debian-gcc 1.0.0 3.72 88.03 91.75 NOTE
r-devel-linux-x86_64-fedora-clang 1.0.0 84.44 NOTE
r-devel-linux-x86_64-fedora-gcc 1.0.0 143.86 NOTE
r-devel-windows-ix86+x86_64 1.0.0 12.00 87.00 99.00 NOTE
r-patched-linux-x86_64 1.0.0 3.75 49.84 53.59 NOTE
r-patched-solaris-x86 1.0.0 151.30 NOTE
r-release-linux-x86_64 1.0.0 3.62 49.83 53.46 NOTE
r-release-windows-ix86+x86_64 1.0.0 11.00 84.00 95.00 NOTE
r-release-osx-x86_64 1.0.0 NOTE
r-oldrel-windows-ix86+x86_64 1.0.0 11.00 88.00 99.00 NOTE
r-oldrel-osx-x86_64 1.0.0 NOTE

Check Details

Version: 1.0.0
Check: R code for possible problems
Result: NOTE
    .calibrate: no visible global function definition for ‘aggregate’
    .calibrate: no visible global function definition for ‘predict’
    .predict.calibrate: no visible global function definition for ‘predict’
    .tuneMember: no visible global function definition for ‘predict’
    CVhybridEnsemble: no visible global function definition for ‘predict’
    CVhybridEnsemble: no visible global function definition for ‘median’
    CVhybridEnsemble: no visible global function definition for ‘quantile’
    hybridEnsemble: no visible global function definition for ‘predict’
    hybridEnsemble: no visible binding for global variable ‘na.omit’
    hybridEnsemble: no visible global function definition for ‘runif’
    hybridEnsemble : quiet : <anonymous>: no visible global function
     definition for ‘capture.output’
    hybridEnsemble: no visible global function definition for ‘coef’
    hybridEnsemble : .NNloglik : fmin: no visible global function
     definition for ‘plogis’
    hybridEnsemble : .NNloglik : gmin: no visible global function
     definition for ‘plogis’
    hybridEnsemble : .NNloglik : gmin: no visible global function
     definition for ‘dlogis’
    hybridEnsemble : .NNloglik: no visible global function definition for
     ‘optim’
    importance.hybridEnsemble: no visible global function definition for
     ‘predict’
    plot.CVhybridEnsemble: no visible global function definition for
     ‘legend’
    plot.CVhybridEnsemble: no visible global function definition for
     ‘barplot’
    plot.CVhybridEnsemble: no visible global function definition for ‘text’
    predict.hybridEnsemble: no visible global function definition for
     ‘predict’
    predict.hybridEnsemble: no visible global function definition for
     ‘plogis’
    Undefined global functions or variables:
     aggregate barplot capture.output coef dlogis legend median na.omit
     optim plogis predict quantile runif text
    Consider adding
     importFrom("graphics", "barplot", "legend", "text")
     importFrom("stats", "aggregate", "coef", "dlogis", "median", "na.omit",
     "optim", "plogis", "predict", "quantile", "runif")
     importFrom("utils", "capture.output")
    to your NAMESPACE file.
Flavors: r-devel-linux-x86_64-debian-clang, r-devel-linux-x86_64-debian-gcc, r-devel-linux-x86_64-fedora-clang, r-devel-linux-x86_64-fedora-gcc, r-devel-windows-ix86+x86_64, r-patched-linux-x86_64, r-patched-solaris-x86, r-release-linux-x86_64, r-release-windows-ix86+x86_64, r-release-osx-x86_64, r-oldrel-windows-ix86+x86_64, r-oldrel-osx-x86_64