CRAN Package Check Results for Package hybridEnsemble

Last updated on 2020-08-13 22:48:09 CEST.

Flavor Version Tinstall Tcheck Ttotal Status Flags
r-devel-linux-x86_64-debian-clang 1.0.0 14.12 95.04 109.16 NOTE
r-devel-linux-x86_64-debian-gcc 1.0.0 9.82 73.10 82.92 NOTE
r-devel-linux-x86_64-fedora-clang 1.0.0 137.18 NOTE
r-devel-linux-x86_64-fedora-gcc 1.0.0 126.08 NOTE
r-devel-windows-ix86+x86_64 1.0.0 33.00 110.00 143.00 NOTE
r-patched-linux-x86_64 1.0.0 11.98 93.59 105.57 NOTE
r-patched-solaris-x86 1.0.0 188.60 NOTE
r-release-linux-x86_64 1.0.0 11.26 93.11 104.37 NOTE
r-release-macos-x86_64 1.0.0 NOTE
r-release-windows-ix86+x86_64 1.0.0 33.00 155.00 188.00 NOTE
r-oldrel-macos-x86_64 1.0.0 NOTE
r-oldrel-windows-ix86+x86_64 1.0.0 19.00 134.00 153.00 NOTE

Check Details

Version: 1.0.0
Check: R code for possible problems
Result: NOTE
    .calibrate: no visible global function definition for 'aggregate'
    .calibrate: no visible global function definition for 'predict'
    .predict.calibrate: no visible global function definition for 'predict'
    .tuneMember: no visible global function definition for 'predict'
    CVhybridEnsemble: no visible global function definition for 'predict'
    CVhybridEnsemble: no visible global function definition for 'median'
    CVhybridEnsemble: no visible global function definition for 'quantile'
    hybridEnsemble: no visible global function definition for 'predict'
    hybridEnsemble: no visible binding for global variable 'na.omit'
    hybridEnsemble: no visible global function definition for 'runif'
    hybridEnsemble : quiet : <anonymous>: no visible global function
     definition for 'capture.output'
    hybridEnsemble: no visible global function definition for 'coef'
    hybridEnsemble : .NNloglik : fmin: no visible global function
     definition for 'plogis'
    hybridEnsemble : .NNloglik : gmin: no visible global function
     definition for 'plogis'
    hybridEnsemble : .NNloglik : gmin: no visible global function
     definition for 'dlogis'
    hybridEnsemble : .NNloglik: no visible global function definition for
     'optim'
    importance.hybridEnsemble: no visible global function definition for
     'predict'
    plot.CVhybridEnsemble: no visible global function definition for
     'legend'
    plot.CVhybridEnsemble: no visible global function definition for
     'barplot'
    plot.CVhybridEnsemble: no visible global function definition for 'text'
    predict.hybridEnsemble: no visible global function definition for
     'predict'
    predict.hybridEnsemble: no visible global function definition for
     'plogis'
    Undefined global functions or variables:
     aggregate barplot capture.output coef dlogis legend median na.omit
     optim plogis predict quantile runif text
    Consider adding
     importFrom("graphics", "barplot", "legend", "text")
     importFrom("stats", "aggregate", "coef", "dlogis", "median", "na.omit",
     "optim", "plogis", "predict", "quantile", "runif")
     importFrom("utils", "capture.output")
    to your NAMESPACE file.
Flavors: r-devel-linux-x86_64-debian-clang, r-devel-linux-x86_64-debian-gcc, r-devel-linux-x86_64-fedora-clang, r-devel-linux-x86_64-fedora-gcc, r-devel-windows-ix86+x86_64, r-patched-linux-x86_64, r-patched-solaris-x86, r-release-linux-x86_64, r-release-macos-x86_64, r-release-windows-ix86+x86_64, r-oldrel-macos-x86_64, r-oldrel-windows-ix86+x86_64

Version: 1.0.0
Check: package dependencies
Result: NOTE
    Imports includes 21 non-default packages.
    Importing from so many packages makes the package vulnerable to any of
    them becoming unavailable. Move as many as possible to Suggests and
    use conditionally.
Flavor: r-devel-linux-x86_64-fedora-clang