CRAN Package Check Results for Package hybridHclust

Last updated on 2015-07-06 03:47:46.

Flavor Version Tinstall Tcheck Ttotal Status Flags
r-devel-linux-x86_64-debian-clang 1.0-4 0.54 13.20 13.75 NOTE
r-devel-linux-x86_64-debian-gcc 1.0-4 0.60 12.85 13.46 NOTE
r-devel-linux-x86_64-fedora-clang 1.0-4 26.80 NOTE
r-devel-linux-x86_64-fedora-gcc 1.0-4 24.39 NOTE
r-devel-osx-x86_64-clang 1.0-4 27.03 NOTE
r-devel-windows-ix86+x86_64 1.0-4 4.00 35.00 39.00 NOTE
r-patched-linux-x86_64 1.0-4 0.58 13.22 13.80 NOTE
r-patched-solaris-sparc 1.0-4 176.00 NOTE
r-patched-solaris-x86 1.0-4 39.20 NOTE
r-release-linux-x86_64 1.0-4 0.58 13.52 14.09 NOTE
r-release-osx-x86_64-mavericks 1.0-4 NOTE
r-release-windows-ix86+x86_64 1.0-4 4.00 37.00 41.00 NOTE
r-oldrel-windows-ix86+x86_64 1.0-4 5.00 29.00 34.00 NOTE

Check Details

Version: 1.0-4
Check: DESCRIPTION meta-information
Result: NOTE
    Malformed Description field: should contain one or more complete sentences.
Flavors: r-devel-linux-x86_64-debian-clang, r-devel-linux-x86_64-debian-gcc, r-devel-linux-x86_64-fedora-clang, r-devel-linux-x86_64-fedora-gcc, r-devel-osx-x86_64-clang, r-devel-windows-ix86+x86_64, r-patched-linux-x86_64, r-patched-solaris-sparc, r-patched-solaris-x86, r-release-linux-x86_64, r-release-osx-x86_64-mavericks, r-release-windows-ix86+x86_64

Version: 1.0-4
Check: dependencies in R code
Result: NOTE
    Package in Depends field not imported from: ‘cluster’
     These packages need to be imported from (in the NAMESPACE file)
     for when this namespace is loaded but not attached.
Flavors: r-devel-linux-x86_64-debian-clang, r-devel-linux-x86_64-debian-gcc, r-devel-linux-x86_64-fedora-clang, r-devel-linux-x86_64-fedora-gcc, r-devel-osx-x86_64-clang, r-devel-windows-ix86+x86_64, r-patched-linux-x86_64, r-patched-solaris-sparc, r-patched-solaris-x86, r-release-linux-x86_64, r-release-osx-x86_64-mavericks, r-release-windows-ix86+x86_64, r-oldrel-windows-ix86+x86_64

Version: 1.0-4
Check: S3 generic/method consistency
Result: NOTE
    Found the following apparent S3 methods exported but not registered:
     print.mutualCluster
    See section ‘Registering S3 methods’ in the ‘Writing R Extensions’
    manual.
Flavors: r-devel-linux-x86_64-debian-clang, r-devel-linux-x86_64-debian-gcc, r-devel-linux-x86_64-fedora-clang, r-devel-linux-x86_64-fedora-gcc, r-devel-osx-x86_64-clang, r-patched-linux-x86_64, r-patched-solaris-sparc, r-patched-solaris-x86, r-release-linux-x86_64

Version: 1.0-4
Check: R code for possible problems
Result: NOTE
    eisenCluster : cordist: no visible global function definition for ‘cor’
    eisenCluster : dfun: no visible global function definition for ‘daisy’
    eisenCluster : d2fun : <anonymous>: no visible global function
     definition for ‘var’
    getmc: no visible global function definition for ‘as.dendrogram’
    mutualCluster: no visible global function definition for ‘dist’
    mutualCluster: no visible global function definition for ‘as.dist’
    mutualCluster: no visible global function definition for ‘hclust’
    tsvq : trytwomeans: no visible global function definition for ‘kmeans’
    Undefined global functions or variables:
     as.dendrogram as.dist cor daisy dist hclust kmeans var
Flavors: r-devel-linux-x86_64-debian-clang, r-devel-linux-x86_64-debian-gcc, r-devel-linux-x86_64-fedora-clang, r-devel-linux-x86_64-fedora-gcc, r-devel-windows-ix86+x86_64

Version: 1.0-4
Check: Rd \usage sections
Result: NOTE
    S3 methods shown with full name in documentation object 'print.mutualCluster':
     ‘print.mutualCluster’
    
    The \usage entries for S3 methods should use the \method markup and not
    their full name.
    See chapter ‘Writing R documentation files’ in the ‘Writing R
    Extensions’ manual.
Flavors: r-devel-linux-x86_64-debian-clang, r-devel-linux-x86_64-debian-gcc, r-devel-linux-x86_64-fedora-clang, r-devel-linux-x86_64-fedora-gcc, r-devel-osx-x86_64-clang, r-devel-windows-ix86+x86_64, r-patched-linux-x86_64, r-patched-solaris-sparc, r-patched-solaris-x86, r-release-linux-x86_64, r-release-osx-x86_64-mavericks, r-release-windows-ix86+x86_64, r-oldrel-windows-ix86+x86_64

Version: 1.0-4
Check: R code for possible problems
Result: NOTE
    eisenCluster : dfun: no visible global function definition for ‘daisy’
    Undefined global functions or variables:
     daisy
Flavor: r-devel-osx-x86_64-clang

Version: 1.0-4
Check: R code for possible problems
Result: NOTE
    eisenCluster : dfun: no visible global function definition for ‘daisy’
Flavors: r-patched-linux-x86_64, r-patched-solaris-sparc, r-patched-solaris-x86, r-release-linux-x86_64, r-release-osx-x86_64-mavericks, r-release-windows-ix86+x86_64, r-oldrel-windows-ix86+x86_64