CRAN Package Check Results for Package hybridHclust

Last updated on 2014-10-25 23:46:42.

Flavor Version Tinstall Tcheck Ttotal Status Flags
r-devel-linux-x86_64-debian-clang 1.0-4 0.64 14.64 15.28 NOTE
r-devel-linux-x86_64-debian-gcc 1.0-4 0.74 14.29 15.02 NOTE
r-devel-linux-x86_64-fedora-clang 1.0-4 30.33 NOTE
r-devel-linux-x86_64-fedora-gcc 1.0-4 28.44 NOTE
r-devel-osx-x86_64-clang 1.0-4 31.18 NOTE
r-devel-windows-ix86+x86_64 1.0-4 3.00 24.00 27.00 NOTE
r-patched-linux-x86_64 1.0-4 0.84 14.78 15.62 NOTE
r-patched-solaris-sparc 1.0-4 176.70 NOTE
r-patched-solaris-x86 1.0-4 43.10 NOTE
r-release-linux-ix86 1.0-4 0.92 21.02 21.94 NOTE
r-release-linux-x86_64 1.0-4 0.61 14.28 14.89 NOTE
r-release-osx-x86_64-mavericks 1.0-4 NOTE
r-release-osx-x86_64-snowleopard 1.0-4 NOTE
r-release-windows-ix86+x86_64 1.0-4 2.00 24.00 26.00 NOTE
r-oldrel-windows-ix86+x86_64 1.0-4 3.00 24.00 27.00 NOTE

Check Details

Version: 1.0-4
Check: dependencies in R code
Result: NOTE
    Package in Depends field not imported from: ‘cluster’
     These packages need to be imported from (in the NAMESPACE file)
     for when this namespace is loaded but not attached.
    See the information on DESCRIPTION files in the chapter ‘Creating R
    packages’ of the ‘Writing R Extensions’ manual.
Flavors: r-devel-linux-x86_64-debian-clang, r-devel-linux-x86_64-debian-gcc, r-devel-linux-x86_64-fedora-clang, r-devel-linux-x86_64-fedora-gcc, r-devel-osx-x86_64-clang, r-devel-windows-ix86+x86_64, r-patched-linux-x86_64, r-patched-solaris-sparc, r-patched-solaris-x86, r-release-linux-ix86, r-release-linux-x86_64, r-release-osx-x86_64-mavericks, r-release-windows-ix86+x86_64, r-oldrel-windows-ix86+x86_64

Version: 1.0-4
Check: R code for possible problems
Result: NOTE
    eisenCluster : dfun: no visible global function definition for ‘daisy’
Flavors: r-devel-linux-x86_64-debian-clang, r-devel-linux-x86_64-debian-gcc, r-devel-linux-x86_64-fedora-clang, r-devel-linux-x86_64-fedora-gcc, r-devel-osx-x86_64-clang, r-devel-windows-ix86+x86_64, r-patched-linux-x86_64, r-patched-solaris-sparc, r-patched-solaris-x86

Version: 1.0-4
Check: Rd \usage sections
Result: NOTE
    S3 methods shown with full name in documentation object 'print.mutualCluster':
     ‘print.mutualCluster’
    
    The \usage entries for S3 methods should use the \method markup and not
    their full name.
    See the chapter ‘Writing R documentation files’ in the ‘Writing R
    Extensions’ manual.
Flavors: r-devel-linux-x86_64-debian-clang, r-devel-linux-x86_64-debian-gcc, r-devel-linux-x86_64-fedora-clang, r-devel-linux-x86_64-fedora-gcc, r-devel-osx-x86_64-clang, r-devel-windows-ix86+x86_64, r-patched-linux-x86_64, r-patched-solaris-sparc, r-patched-solaris-x86, r-release-linux-ix86, r-release-linux-x86_64, r-release-osx-x86_64-mavericks, r-release-osx-x86_64-snowleopard, r-release-windows-ix86+x86_64, r-oldrel-windows-ix86+x86_64