CRAN Package Check Results for Package hybridHclust

Last updated on 2014-11-25 22:47:12.

Flavor Version Tinstall Tcheck Ttotal Status Flags
r-devel-linux-x86_64-debian-clang 1.0-4 0.64 14.46 15.10 NOTE
r-devel-linux-x86_64-debian-gcc 1.0-4 0.67 14.07 14.74 NOTE
r-devel-linux-x86_64-fedora-clang 1.0-4 31.40 NOTE
r-devel-linux-x86_64-fedora-gcc 1.0-4 29.59 NOTE
r-devel-osx-x86_64-clang 1.0-4 31.96 NOTE
r-devel-windows-ix86+x86_64 1.0-4 2.00 25.00 27.00 NOTE
r-patched-linux-x86_64 1.0-4 0.68 14.36 15.04 NOTE
r-patched-solaris-sparc 1.0-4 176.70 NOTE
r-patched-solaris-x86 1.0-4 43.20 NOTE
r-release-linux-ix86 1.0-4 0.95 21.23 22.18 NOTE
r-release-linux-x86_64 1.0-4 0.65 14.37 15.02 NOTE
r-release-osx-x86_64-mavericks 1.0-4 NOTE
r-release-osx-x86_64-snowleopard 1.0-4 NOTE
r-release-windows-ix86+x86_64 1.0-4 3.00 25.00 28.00 NOTE
r-oldrel-windows-ix86+x86_64 1.0-4 3.00 25.00 28.00 NOTE

Check Details

Version: 1.0-4
Check: dependencies in R code
Result: NOTE
    Package in Depends field not imported from: ‘cluster’
     These packages need to be imported from (in the NAMESPACE file)
     for when this namespace is loaded but not attached.
    See the information on DESCRIPTION files in the chapter ‘Creating R
    packages’ of the ‘Writing R Extensions’ manual.
Flavors: r-devel-linux-x86_64-debian-clang, r-devel-linux-x86_64-debian-gcc, r-devel-linux-x86_64-fedora-clang, r-devel-linux-x86_64-fedora-gcc, r-devel-osx-x86_64-clang, r-devel-windows-ix86+x86_64, r-patched-linux-x86_64, r-patched-solaris-sparc, r-patched-solaris-x86, r-release-linux-ix86, r-release-linux-x86_64, r-release-osx-x86_64-mavericks, r-release-windows-ix86+x86_64, r-oldrel-windows-ix86+x86_64

Version: 1.0-4
Check: R code for possible problems
Result: NOTE
    eisenCluster : dfun: no visible global function definition for ‘daisy’
Flavors: r-devel-linux-x86_64-debian-clang, r-devel-linux-x86_64-debian-gcc, r-devel-linux-x86_64-fedora-clang, r-devel-linux-x86_64-fedora-gcc, r-devel-osx-x86_64-clang, r-devel-windows-ix86+x86_64, r-patched-linux-x86_64, r-patched-solaris-sparc, r-patched-solaris-x86, r-release-linux-ix86, r-release-linux-x86_64, r-release-windows-ix86+x86_64

Version: 1.0-4
Check: Rd \usage sections
Result: NOTE
    S3 methods shown with full name in documentation object 'print.mutualCluster':
     ‘print.mutualCluster’
    
    The \usage entries for S3 methods should use the \method markup and not
    their full name.
    See the chapter ‘Writing R documentation files’ in the ‘Writing R
    Extensions’ manual.
Flavors: r-devel-linux-x86_64-debian-clang, r-devel-linux-x86_64-debian-gcc, r-devel-linux-x86_64-fedora-clang, r-devel-linux-x86_64-fedora-gcc, r-devel-osx-x86_64-clang, r-devel-windows-ix86+x86_64, r-patched-linux-x86_64, r-patched-solaris-sparc, r-patched-solaris-x86, r-release-linux-ix86, r-release-linux-x86_64, r-release-osx-x86_64-mavericks, r-release-osx-x86_64-snowleopard, r-release-windows-ix86+x86_64, r-oldrel-windows-ix86+x86_64