CRAN Package Check Results for Package hydflood

Last updated on 2024-05-30 15:50:26 CEST.

Flavor Version Tinstall Tcheck Ttotal Status Flags
r-devel-linux-x86_64-debian-clang 0.5.7 41.33 264.71 306.04 OK
r-devel-linux-x86_64-debian-gcc 0.5.7 37.49 322.53 360.02 OK
r-devel-linux-x86_64-fedora-clang 0.5.7 586.81 OK
r-devel-linux-x86_64-fedora-gcc 0.5.7 576.87 OK
r-devel-windows-x86_64 0.5.7 33.00 271.00 304.00 OK
r-patched-linux-x86_64 0.5.7 41.18 264.85 306.03 OK
r-release-linux-x86_64 0.5.7 42.78 270.72 313.50 OK
r-release-macos-arm64 0.5.7 256.00 OK
r-release-windows-x86_64 0.5.7 32.00 271.00 303.00 OK
r-oldrel-macos-arm64 0.5.7 277.00 OK
r-oldrel-macos-x86_64 0.5.7 473.00 OK
r-oldrel-windows-x86_64 0.5.7 47.00 790.00 837.00 WARN

Check Details

Version: 0.5.7
Check: startup messages can be suppressed
Result: NOTE curl: (28) Failed to connect to hyd1d.bafg.de port 443 after 21009 ms: Couldn't connect to server It was not possible to update the gauging data. Try again later! It looks like this package (or a package it requires) has a startup message which cannot be suppressed: see ?packageStartupMessage. Flavor: r-oldrel-windows-x86_64

Version: 0.5.7
Check: dependencies in R code
Result: NOTE curl: (28) Failed to connect to hyd1d.bafg.de port 443 after 21047 ms: Couldn't connect to server Flavor: r-oldrel-windows-x86_64

Version: 0.5.7
Check: S3 generic/method consistency
Result: WARN curl: (28) Failed to connect to hyd1d.bafg.de port 443 after 21025 ms: Couldn't connect to server See section 'Generic functions and methods' in the 'Writing R Extensions' manual. Flavor: r-oldrel-windows-x86_64

Version: 0.5.7
Check: replacement functions
Result: WARN curl: (28) Failed to connect to hyd1d.bafg.de port 443 after 21017 ms: Couldn't connect to server The argument of a replacement function which corresponds to the right hand side must be named 'value'. Flavor: r-oldrel-windows-x86_64

Version: 0.5.7
Check: foreign function calls
Result: NOTE curl: (28) Failed to connect to hyd1d.bafg.de port 443 after 21010 ms: Couldn't connect to server See chapter 'System and foreign language interfaces' in the 'Writing R Extensions' manual. Flavor: r-oldrel-windows-x86_64

Version: 0.5.7
Check: R code for possible problems
Result: NOTE curl: (28) Failed to connect to hyd1d.bafg.de port 443 after 21035 ms: Couldn't connect to server Flavor: r-oldrel-windows-x86_64

Version: 0.5.7
Check: Rd files
Result: WARN curl: (28) Failed to connect to hyd1d.bafg.de port 443 after 21065 ms: Couldn't connect to server Flavor: r-oldrel-windows-x86_64

Version: 0.5.7
Check: for missing documentation entries
Result: WARN curl: (28) Failed to connect to hyd1d.bafg.de port 443 after 21066 ms: Couldn't connect to server All user-level objects in a package should have documentation entries. See chapter 'Writing R documentation files' in the 'Writing R Extensions' manual. Flavor: r-oldrel-windows-x86_64

Version: 0.5.7
Check: for code/documentation mismatches
Result: WARN curl: (28) Failed to connect to hyd1d.bafg.de port 443 after 21013 ms: Couldn't connect to server curl: (28) Failed to connect to hyd1d.bafg.de port 443 after 21039 ms: Couldn't connect to server curl: (28) Failed to connect to hyd1d.bafg.de port 443 after 21141 ms: Couldn't connect to server Flavor: r-oldrel-windows-x86_64

Version: 0.5.7
Check: Rd \usage sections
Result: NOTE curl: (28) Failed to connect to hyd1d.bafg.de port 443 after 21102 ms: Couldn't connect to server The \usage entries for S3 methods should use the \method markup and not their full name. See chapter 'Writing R documentation files' in the 'Writing R Extensions' manual. Flavor: r-oldrel-windows-x86_64