CRAN Package Check Results for Package hydroGOF

Last updated on 2014-10-31 23:47:30.

Flavor Version Tinstall Tcheck Ttotal Status Flags
r-devel-linux-x86_64-debian-clang 0.3-8 3.98 53.34 57.32 OK
r-devel-linux-x86_64-debian-gcc 0.3-8 3.88 53.04 56.92 OK
r-devel-linux-x86_64-fedora-clang 0.3-8 121.45 OK
r-devel-linux-x86_64-fedora-gcc 0.3-8 116.50 OK
r-devel-osx-x86_64-clang 0.3-8 104.00 OK
r-devel-windows-ix86+x86_64 0.3-8 11.00 82.00 93.00 OK
r-patched-linux-x86_64 0.3-8 3.90 54.42 58.32 OK
r-patched-solaris-sparc 0.3-8 623.30 OK
r-patched-solaris-x86 0.3-8 151.90 OK
r-release-linux-ix86 0.3-8 4.68 64.59 69.26 OK
r-release-linux-x86_64 0.3-8 3.92 55.32 59.24 OK
r-release-osx-x86_64-mavericks 0.3-8 ERROR
r-release-osx-x86_64-snowleopard 0.3-8 OK
r-release-windows-ix86+x86_64 0.3-8 12.00 86.00 98.00 OK
r-oldrel-windows-ix86+x86_64 0.3-8 13.00 88.00 101.00 OK

Check Details

Version: 0.3-8
Check: package dependencies
Result: ERROR
    Package required but not available: ‘hydroTSM’
    
    See the information on DESCRIPTION files in the chapter ‘Creating R
    packages’ of the ‘Writing R Extensions’ manual.
Flavor: r-release-osx-x86_64-mavericks