CRAN Package Check Results for Package hydroGOF

Last updated on 2014-11-25 23:46:47.

Flavor Version Tinstall Tcheck Ttotal Status Flags
r-devel-linux-x86_64-debian-clang 0.3-8 3.76 56.42 60.18 OK
r-devel-linux-x86_64-debian-gcc 0.3-8 3.60 52.78 56.38 OK
r-devel-linux-x86_64-fedora-clang 0.3-8 125.69 OK
r-devel-linux-x86_64-fedora-gcc 0.3-8 116.78 OK
r-devel-osx-x86_64-clang 0.3-8 106.67 OK
r-devel-windows-ix86+x86_64 0.3-8 12.00 77.00 89.00 OK
r-patched-linux-x86_64 0.3-8 3.72 55.73 59.45 OK
r-patched-solaris-sparc 0.3-8 623.30 OK
r-patched-solaris-x86 0.3-8 150.30 OK
r-release-linux-ix86 0.3-8 4.39 62.58 66.97 OK
r-release-linux-x86_64 0.3-8 3.78 55.22 59.00 OK
r-release-osx-x86_64-mavericks 0.3-8 ERROR
r-release-osx-x86_64-snowleopard 0.3-8 OK
r-release-windows-ix86+x86_64 0.3-8 12.00 91.00 103.00 OK
r-oldrel-windows-ix86+x86_64 0.3-8 11.00 84.00 95.00 OK

Check Details

Version: 0.3-8
Check: package dependencies
Result: ERROR
    Package required but not available: ‘hydroTSM’
    
    See the information on DESCRIPTION files in the chapter ‘Creating R
    packages’ of the ‘Writing R Extensions’ manual.
Flavor: r-release-osx-x86_64-mavericks