CRAN Package Check Results for Package hydroGOF

Last updated on 2015-05-27 19:47:10.

Flavor Version Tinstall Tcheck Ttotal Status Flags
r-devel-linux-x86_64-debian-clang 0.3-8 2.82 38.84 41.67 NOTE
r-devel-linux-x86_64-debian-gcc 0.3-8 2.35 39.34 41.69 NOTE
r-devel-linux-x86_64-fedora-clang 0.3-8 84.02 NOTE
r-devel-linux-x86_64-fedora-gcc 0.3-8 79.71 NOTE
r-devel-osx-x86_64-clang 0.3-8 75.75 NOTE
r-devel-windows-ix86+x86_64 0.3-8 8.00 57.00 65.00 OK
r-patched-linux-x86_64 0.3-8 2.38 36.90 39.27 NOTE
r-patched-solaris-sparc 0.3-8 474.30 NOTE
r-patched-solaris-x86 0.3-8 103.50 NOTE
r-release-linux-x86_64 0.3-8 2.50 37.93 40.44 NOTE
r-release-osx-x86_64-mavericks 0.3-8 OK
r-release-osx-x86_64-snowleopard 0.3-8 ERROR
r-release-windows-ix86+x86_64 0.3-8 9.00 57.00 66.00 OK
r-oldrel-windows-ix86+x86_64 0.3-8 14.00 85.00 99.00 OK

Check Details

Version: 0.3-8
Check: S3 generic/method consistency
Result: NOTE
    Found the following apparent S3 methods exported but not registered:
     KGE.data.frame KGE.default KGE.matrix KGE.zoo NSE.data.frame
     NSE.default NSE.matrix NSE.zoo VE.data.frame VE.default VE.matrix
     VE.zoo br2.data.frame br2.default br2.matrix br2.zoo cp.data.frame
     cp.default cp.matrix cp.zoo d.data.frame d.default d.matrix d.zoo
     gof.data.frame gof.default gof.matrix gof.zoo mNSE.data.frame
     mNSE.default mNSE.matrix mNSE.zoo mae.data.frame mae.default
     mae.matrix mae.zoo md.data.frame md.default md.matrix md.zoo
     me.data.frame me.default me.matrix me.zoo mse.data.frame mse.default
     mse.matrix mse.zoo nrmse.data.frame nrmse.default nrmse.matrix
     nrmse.zoo pbias.data.frame pbias.default pbias.matrix pbias.zoo
     pbiasfdc.data.frame pbiasfdc.default pbiasfdc.matrix pbiasfdc.zoo
     pfactor.data.frame pfactor.default pfactor.matrix rNSE.data.frame
     rNSE.default rNSE.matrix rNSE.zoo rSD.data.frame rSD.default
     rSD.matrix rSD.zoo rd.data.frame rd.default rd.matrix rd.zoo
     rfactor.data.frame rfactor.default rfactor.matrix rmse.data.frame
     rmse.default rmse.matrix rmse.zoo rsr.data.frame rsr.default
     rsr.matrix rsr.zoo ssq.data.frame ssq.default ssq.matrix
     valindex.default valindex.matrix
    See section ‘Registering S3 methods’ in the ‘Writing R Extensions’
    manual.
Flavors: r-devel-linux-x86_64-debian-clang, r-devel-linux-x86_64-debian-gcc, r-devel-linux-x86_64-fedora-clang, r-devel-linux-x86_64-fedora-gcc, r-devel-osx-x86_64-clang, r-patched-linux-x86_64, r-patched-solaris-sparc, r-patched-solaris-x86, r-release-linux-x86_64

Version: 0.3-8
Check: package dependencies
Result: ERROR
    Packages required but not available: ‘zoo’ ‘hydroTSM’ ‘xts’
    
    See section ‘The DESCRIPTION file’ in the ‘Writing R Extensions’
    manual.
Flavor: r-release-osx-x86_64-snowleopard