CRAN Package Check Results for Package hydroPSO

Last updated on 2015-03-02 13:47:06.

Flavor Version Tinstall Tcheck Ttotal Status Flags
r-devel-linux-x86_64-debian-clang 0.3-4 6.02 35.12 41.14 NOTE
r-devel-linux-x86_64-debian-gcc 0.3-4 6.12 33.69 39.80 NOTE
r-devel-linux-x86_64-fedora-clang 0.3-4 80.00 NOTE
r-devel-linux-x86_64-fedora-gcc 0.3-4 74.09 NOTE
r-devel-osx-x86_64-clang 0.3-4 73.88 NOTE
r-devel-windows-ix86+x86_64 0.3-4 19.00 71.00 90.00 NOTE
r-patched-linux-x86_64 0.3-4 7.94 51.14 59.08 NOTE
r-patched-solaris-sparc 0.3-4 661.60 NOTE
r-patched-solaris-x86 0.3-4 140.90 NOTE
r-release-linux-ix86 0.3-4 8.10 63.02 71.13 NOTE
r-release-linux-x86_64 0.3-4 7.86 52.12 59.99 NOTE
r-release-osx-x86_64-mavericks 0.3-4 NOTE
r-release-osx-x86_64-snowleopard 0.3-4 NOTE
r-release-windows-ix86+x86_64 0.3-4 28.00 120.00 148.00 NOTE
r-oldrel-windows-ix86+x86_64 0.3-4 19.00 88.00 107.00 NOTE

Check Details

Version: 0.3-4
Check: package dependencies
Result: NOTE
    Package suggested but not available for checking: ‘SWAT2R’
Flavors: r-devel-linux-x86_64-debian-clang, r-devel-linux-x86_64-debian-gcc, r-devel-linux-x86_64-fedora-clang, r-devel-linux-x86_64-fedora-gcc, r-devel-osx-x86_64-clang, r-patched-linux-x86_64, r-patched-solaris-sparc, r-patched-solaris-x86, r-release-linux-ix86, r-release-linux-x86_64, r-release-osx-x86_64-snowleopard, r-release-windows-ix86+x86_64, r-oldrel-windows-ix86+x86_64

Version: 0.3-4
Check: dependencies in R code
Result: NOTE
    'library' or 'require' calls in package code:
     ‘hydroGOF’ ‘hydroTSM’ ‘parallel’ ‘vioplot’
     Please use :: or requireNamespace() instead.
     See section 'Suggested packages' in the 'Writing R Extensions' manual.
Flavors: r-devel-linux-x86_64-debian-clang, r-devel-linux-x86_64-debian-gcc, r-devel-linux-x86_64-fedora-clang, r-devel-linux-x86_64-fedora-gcc, r-devel-osx-x86_64-clang, r-devel-windows-ix86+x86_64, r-patched-linux-x86_64, r-patched-solaris-sparc, r-patched-solaris-x86

Version: 0.3-4
Check: S3 generic/method consistency
Result: NOTE
    Found the following apparent S3 methods exported but not registered:
     params2ecdf.default plot_ParamsPerIter.data.frame
     plot_ParamsPerIter.matrix plot_params.default quant2ecdf.data.frame
     quant2ecdf.default quant2ecdf.matrix read_params.default
    See section ‘Registering S3 methods’ in the ‘Writing R Extensions’
    manual.
Flavors: r-devel-linux-x86_64-debian-clang, r-devel-linux-x86_64-debian-gcc, r-devel-linux-x86_64-fedora-clang, r-devel-linux-x86_64-fedora-gcc, r-devel-osx-x86_64-clang

Version: 0.3-4
Check: R code for possible problems
Result: NOTE
    hydromod: no visible global function definition for ‘ggof’
    plot_out: no visible global function definition for ‘zoo’
    plot_out: no visible global function definition for ‘ggof’
    plot_params.default: no visible global function definition for
     ‘vioplot’
    plot_params.default: no visible global function definition for
     ‘hydropairs’
Flavors: r-devel-linux-x86_64-debian-clang, r-devel-linux-x86_64-debian-gcc, r-devel-linux-x86_64-fedora-clang, r-devel-linux-x86_64-fedora-gcc, r-devel-osx-x86_64-clang, r-devel-windows-ix86+x86_64, r-patched-linux-x86_64, r-patched-solaris-sparc, r-patched-solaris-x86, r-release-linux-ix86, r-release-linux-x86_64, r-release-osx-x86_64-mavericks, r-release-windows-ix86+x86_64

Version: 0.3-4
Check: package dependencies
Result: NOTE
    Packages suggested but not available for checking:
     ‘hydroGOF’ ‘hydroTSM’ ‘SWAT2R’
Flavor: r-release-osx-x86_64-mavericks

Version: 0.3-4
Check: Rd cross-references
Result: NOTE
    Packages unavailable to check Rd xrefs: ‘hydroGOF’, ‘hydroTSM’
Flavor: r-release-osx-x86_64-mavericks