CRAN Package Check Results for Package hydroPSO

Last updated on 2022-08-17 20:54:44 CEST.

Flavor Version Tinstall Tcheck Ttotal Status Flags
r-devel-linux-x86_64-debian-clang 0.5-1 25.17 190.12 215.29 NOTE
r-devel-linux-x86_64-debian-gcc 0.5-1 NOTE
r-devel-linux-x86_64-fedora-clang 0.5-1 270.76 NOTE
r-devel-linux-x86_64-fedora-gcc 0.5-1 259.03 NOTE
r-devel-windows-x86_64 0.5-1 49.00 252.00 301.00 NOTE
r-patched-linux-x86_64 0.5-1 20.31 181.94 202.25 OK
r-release-linux-x86_64 0.5-1 16.14 179.96 196.10 OK
r-release-macos-arm64 0.5-1 71.00 OK
r-release-macos-x86_64 0.5-1 119.00 OK
r-release-windows-x86_64 0.5-1 39.00 248.00 287.00 OK
r-oldrel-macos-arm64 0.5-1 118.00 OK
r-oldrel-macos-x86_64 0.5-1 165.00 OK
r-oldrel-windows-ix86+x86_64 0.5-1 56.00 249.00 305.00 OK

Check Details

Version: 0.5-1
Check: Rd files
Result: NOTE
    checkRd: (-1) Trancura9414001.Rd:27: Escaped LaTeX specials: \_
    checkRd: (-1) Trancura9414001.Rd:28: Escaped LaTeX specials: \_
    checkRd: (-1) hydroPSO.Rd:390: Escaped LaTeX specials: \&
    checkRd: (-1) hydroPSO.Rd:408: Escaped LaTeX specials: \&
Flavors: r-devel-linux-x86_64-debian-clang, r-devel-linux-x86_64-debian-gcc, r-devel-linux-x86_64-fedora-clang, r-devel-linux-x86_64-fedora-gcc, r-devel-windows-x86_64