CRAN Package Check Results for Package hydroPSO

Last updated on 2015-01-27 12:47:30.

Flavor Version Tinstall Tcheck Ttotal Status Flags
r-devel-linux-x86_64-debian-clang 0.3-4 5.07 31.18 36.24 NOTE
r-devel-linux-x86_64-debian-gcc 0.3-4 8.12 30.43 38.55 NOTE
r-devel-linux-x86_64-fedora-clang 0.3-4 84.94 NOTE
r-devel-linux-x86_64-fedora-gcc 0.3-4 83.38 NOTE
r-devel-osx-x86_64-clang 0.3-4 77.97 NOTE
r-devel-windows-ix86+x86_64 0.3-4 11.00 44.00 55.00 NOTE
r-patched-linux-x86_64 0.3-4 6.13 38.49 44.62 NOTE
r-patched-solaris-sparc 0.3-4 495.00 NOTE
r-patched-solaris-x86 0.3-4 111.60 NOTE
r-release-linux-ix86 0.3-4 6.74 46.00 52.74 NOTE
r-release-linux-x86_64 0.3-4 5.97 38.80 44.77 NOTE
r-release-osx-x86_64-mavericks 0.3-4 NOTE
r-release-osx-x86_64-snowleopard 0.3-4 NOTE
r-release-windows-ix86+x86_64 0.3-4 14.00 66.00 80.00 NOTE
r-oldrel-windows-ix86+x86_64 0.3-4 22.00 95.00 117.00 NOTE

Check Details

Version: 0.3-4
Check: package dependencies
Result: NOTE
    Package suggested but not available for checking: ‘SWAT2R’
Flavors: r-devel-linux-x86_64-debian-clang, r-devel-linux-x86_64-debian-gcc, r-devel-linux-x86_64-fedora-clang, r-devel-linux-x86_64-fedora-gcc, r-devel-osx-x86_64-clang, r-patched-linux-x86_64, r-patched-solaris-sparc, r-patched-solaris-x86, r-release-linux-ix86, r-release-linux-x86_64, r-release-osx-x86_64-snowleopard, r-release-windows-ix86+x86_64, r-oldrel-windows-ix86+x86_64

Version: 0.3-4
Check: dependencies in R code
Result: NOTE
    'library' or 'require' calls in package code:
     ‘hydroGOF’ ‘hydroTSM’ ‘parallel’ ‘vioplot’
     Please use :: or requireNamespace() instead.
     See section 'Suggested packages' in the 'Writing R Extensions' manual.
Flavors: r-devel-linux-x86_64-debian-clang, r-devel-linux-x86_64-debian-gcc, r-devel-linux-x86_64-fedora-clang, r-devel-linux-x86_64-fedora-gcc, r-devel-osx-x86_64-clang, r-devel-windows-ix86+x86_64

Version: 0.3-4
Check: R code for possible problems
Result: NOTE
    hydromod: no visible global function definition for ‘ggof’
    plot_out: no visible global function definition for ‘zoo’
    plot_out: no visible global function definition for ‘ggof’
    plot_params.default: no visible global function definition for
     ‘vioplot’
    plot_params.default: no visible global function definition for
     ‘hydropairs’
Flavors: r-devel-linux-x86_64-debian-clang, r-devel-linux-x86_64-debian-gcc, r-devel-linux-x86_64-fedora-clang, r-devel-linux-x86_64-fedora-gcc, r-devel-osx-x86_64-clang, r-devel-windows-ix86+x86_64, r-patched-linux-x86_64, r-patched-solaris-sparc, r-patched-solaris-x86, r-release-linux-ix86, r-release-linux-x86_64, r-release-osx-x86_64-mavericks, r-release-windows-ix86+x86_64

Version: 0.3-4
Check: S3 generic/method consistency
Result: NOTE
    Found the following apparent S3 methods exported but not registered:
     params2ecdf.default plot_ParamsPerIter.data.frame
     plot_ParamsPerIter.matrix plot_params.default quant2ecdf.data.frame
     quant2ecdf.default quant2ecdf.matrix read_params.default
    See section ‘Registering S3 methods’ in the ‘Writing R Extensions’
    manual.
Flavors: r-devel-linux-x86_64-debian-gcc, r-devel-linux-x86_64-fedora-clang, r-devel-linux-x86_64-fedora-gcc, r-devel-osx-x86_64-clang

Version: 0.3-4
Check: package dependencies
Result: NOTE
    Packages suggested but not available for checking:
     ‘hydroGOF’ ‘hydroTSM’ ‘SWAT2R’
Flavor: r-release-osx-x86_64-mavericks

Version: 0.3-4
Check: Rd cross-references
Result: NOTE
    Packages unavailable to check Rd xrefs: ‘hydroGOF’, ‘hydroTSM’
Flavor: r-release-osx-x86_64-mavericks