CRAN Package Check Results for Package hydroPSO

Last updated on 2014-04-20 17:46:58.

Flavor Version Tinstall Tcheck Ttotal Status Flags
r-devel-linux-x86_64-debian-clang 0.3-4 6.15 38.22 44.38 NOTE
r-devel-linux-x86_64-debian-gcc 0.3-4 6.03 39.50 45.54 NOTE
r-devel-linux-x86_64-fedora-clang 0.3-4 91.88 NOTE
r-devel-linux-x86_64-fedora-gcc 0.3-4 87.03 NOTE
r-devel-macosx-x86_64-clang 0.3-4 73.28 NOTE
r-devel-macosx-x86_64-gcc 0.3-4 ERROR
r-devel-windows-ix86+x86_64 0.3-4 11.00 57.00 68.00 OK
r-patched-linux-x86_64 0.3-4 6.28 39.20 45.48 NOTE
r-patched-solaris-sparc 0.3-4 454.00 NOTE
r-patched-solaris-x86 0.3-4 106.80 NOTE
r-release-linux-ix86 NOTE
r-release-linux-x86_64 0.3-4 5.99 39.58 45.57 NOTE
r-release-macosx-x86_64 0.3-4 NOTE
r-release-windows-ix86+x86_64 0.3-4 16.00 60.00 76.00 NOTE
r-oldrel-windows-ix86+x86_64 0.3-4 15.00 61.00 76.00 NOTE

Check Details

Version: 0.3-4
Check: package dependencies
Result: NOTE
    Package suggested but not available for checking: ‘SWAT2R’
Flavors: r-devel-linux-x86_64-debian-clang, r-devel-linux-x86_64-debian-gcc, r-devel-linux-x86_64-fedora-clang, r-devel-linux-x86_64-fedora-gcc, r-devel-macosx-x86_64-clang, r-patched-linux-x86_64, r-patched-solaris-sparc, r-patched-solaris-x86, r-release-linux-ix86, r-release-linux-x86_64, r-release-macosx-x86_64, r-release-windows-ix86+x86_64, r-oldrel-windows-ix86+x86_64

Version: 0.3-4
Check: package dependencies
Result: ERROR
    Packages required but not available: ‘Hmisc’ ‘zoo’
    
    Packages suggested but not available for checking:
     ‘hydroGOF’ ‘hydroTSM’ ‘xts’ ‘SWAT2R’
    
    See the information on DESCRIPTION files in the chapter ‘Creating R
    packages’ of the ‘Writing R Extensions’ manual.
Flavor: r-devel-macosx-x86_64-gcc