CRAN Package Check Results for Package hydroPSO

Last updated on 2014-07-24 19:49:04.

Flavor Version Tinstall Tcheck Ttotal Status Flags
r-devel-linux-x86_64-debian-clang 0.3-4 6.14 37.13 43.26 NOTE
r-devel-linux-x86_64-debian-gcc 0.3-4 6.04 37.15 43.19 NOTE
r-devel-linux-x86_64-fedora-clang 0.3-4 91.30 NOTE
r-devel-linux-x86_64-fedora-gcc 0.3-4 85.41 NOTE
r-devel-osx-x86_64-clang 0.3-4 76.45 NOTE
r-devel-windows-ix86+x86_64 0.3-4 12.00 55.00 67.00 OK
r-patched-linux-x86_64 0.3-4 5.89 36.98 42.86 NOTE
r-patched-solaris-sparc 0.3-4 454.00 NOTE
r-patched-solaris-x86 0.3-4 107.80 NOTE
r-release-linux-ix86 0.3-4 6.70 46.77 53.47 NOTE
r-release-linux-x86_64 0.3-4 5.78 37.96 43.74 NOTE
r-release-osx-x86_64-mavericks 0.3-4 NOTE
r-release-osx-x86_64-snowleopard 0.3-4 NOTE
r-release-windows-ix86+x86_64 0.3-4 12.00 59.00 71.00 NOTE
r-oldrel-windows-ix86+x86_64 0.3-4 11.00 58.00 69.00 NOTE

Check Details

Version: 0.3-4
Check: package dependencies
Result: NOTE
    Package suggested but not available for checking: ‘SWAT2R’
Flavors: r-devel-linux-x86_64-debian-clang, r-devel-linux-x86_64-debian-gcc, r-devel-linux-x86_64-fedora-clang, r-devel-linux-x86_64-fedora-gcc, r-devel-osx-x86_64-clang, r-patched-linux-x86_64, r-patched-solaris-sparc, r-patched-solaris-x86, r-release-linux-ix86, r-release-linux-x86_64, r-release-osx-x86_64-snowleopard, r-release-windows-ix86+x86_64, r-oldrel-windows-ix86+x86_64

Version: 0.3-4
Check: package dependencies
Result: NOTE
    Packages suggested but not available for checking:
     ‘hydroGOF’ ‘hydroTSM’ ‘SWAT2R’
Flavor: r-release-osx-x86_64-mavericks

Version: 0.3-4
Check: R code for possible problems
Result: NOTE
    hydromod: no visible global function definition for ‘ggof’
    plot_out: no visible global function definition for ‘ggof’
    plot_params.default: no visible global function definition for
     ‘hydropairs’
Flavor: r-release-osx-x86_64-mavericks

Version: 0.3-4
Check: Rd cross-references
Result: NOTE
    Packages unavailable to check Rd xrefs: ‘hydroGOF’, ‘hydroTSM’
Flavor: r-release-osx-x86_64-mavericks