CRAN Package Check Results for Package hydroPSO

Last updated on 2014-09-30 05:47:38.

Flavor Version Tinstall Tcheck Ttotal Status Flags
r-devel-linux-x86_64-debian-clang 0.3-4 5.99 36.58 42.57 NOTE
r-devel-linux-x86_64-debian-gcc 0.3-4 4.86 36.22 41.08 NOTE
r-devel-linux-x86_64-fedora-clang 0.3-4 87.83 NOTE
r-devel-linux-x86_64-fedora-gcc 0.3-4 81.22 NOTE
r-devel-osx-x86_64-clang 0.3-4 72.17 NOTE
r-devel-windows-ix86+x86_64 0.3-4 14.00 59.00 73.00 NOTE
r-patched-linux-x86_64 0.3-4 5.98 39.79 45.77 NOTE
r-patched-solaris-sparc 0.3-4 496.50 NOTE
r-patched-solaris-x86 0.3-4 114.70 NOTE
r-release-linux-ix86 0.3-4 6.80 49.92 56.72 NOTE
r-release-linux-x86_64 0.3-4 6.24 40.28 46.52 NOTE
r-release-osx-x86_64-mavericks 0.3-4 NOTE
r-release-osx-x86_64-snowleopard 0.3-4 NOTE
r-release-windows-ix86+x86_64 0.3-4 14.00 65.00 79.00 NOTE
r-oldrel-windows-ix86+x86_64 0.3-4 12.00 64.00 76.00 NOTE

Check Details

Version: 0.3-4
Check: package dependencies
Result: NOTE
    Package suggested but not available for checking: ‘SWAT2R’
Flavors: r-devel-linux-x86_64-debian-clang, r-devel-linux-x86_64-debian-gcc, r-devel-linux-x86_64-fedora-clang, r-devel-linux-x86_64-fedora-gcc, r-devel-osx-x86_64-clang, r-patched-linux-x86_64, r-patched-solaris-sparc, r-patched-solaris-x86, r-release-linux-ix86, r-release-linux-x86_64, r-release-osx-x86_64-snowleopard, r-release-windows-ix86+x86_64, r-oldrel-windows-ix86+x86_64

Version: 0.3-4
Check: R code for possible problems
Result: NOTE
    hydromod: no visible global function definition for ‘ggof’
    plot_out: no visible global function definition for ‘zoo’
    plot_out: no visible global function definition for ‘ggof’
    plot_params.default: no visible global function definition for
     ‘vioplot’
    plot_params.default: no visible global function definition for
     ‘hydropairs’
Flavors: r-devel-linux-x86_64-debian-clang, r-devel-linux-x86_64-debian-gcc, r-devel-linux-x86_64-fedora-clang, r-devel-linux-x86_64-fedora-gcc, r-devel-osx-x86_64-clang, r-devel-windows-ix86+x86_64

Version: 0.3-4
Check: package dependencies
Result: NOTE
    Packages suggested but not available for checking:
     ‘hydroGOF’ ‘hydroTSM’ ‘SWAT2R’
Flavor: r-release-osx-x86_64-mavericks

Version: 0.3-4
Check: R code for possible problems
Result: NOTE
    hydromod: no visible global function definition for ‘ggof’
    plot_out: no visible global function definition for ‘ggof’
    plot_params.default: no visible global function definition for
     ‘hydropairs’
Flavor: r-release-osx-x86_64-mavericks

Version: 0.3-4
Check: Rd cross-references
Result: NOTE
    Packages unavailable to check Rd xrefs: ‘hydroGOF’, ‘hydroTSM’
Flavor: r-release-osx-x86_64-mavericks