CRAN Package Check Results for Package hydroPSO

Last updated on 2015-05-29 13:48:48.

Flavor Version Tinstall Tcheck Ttotal Status Flags
r-devel-linux-x86_64-debian-clang 0.3-4 5.56 35.96 41.52 NOTE
r-devel-linux-x86_64-debian-gcc 0.3-4 4.96 34.91 39.87 NOTE
r-devel-linux-x86_64-fedora-clang 0.3-4 83.44 NOTE
r-devel-linux-x86_64-fedora-gcc 0.3-4 75.34 NOTE
r-devel-osx-x86_64-clang 0.3-4 73.39 NOTE
r-devel-windows-ix86+x86_64 0.3-4 14.00 57.00 71.00 NOTE
r-patched-linux-x86_64 0.3-4 5.18 35.08 40.26 NOTE
r-patched-solaris-sparc 0.3-4 490.00 NOTE
r-patched-solaris-x86 0.3-4 105.40 NOTE
r-release-linux-x86_64 0.3-4 5.00 35.20 40.20 NOTE
r-release-osx-x86_64-mavericks 0.3-4 NOTE
r-release-osx-x86_64-snowleopard 0.3-4 ERROR
r-release-windows-ix86+x86_64 0.3-4 16.00 59.00 75.00 NOTE
r-oldrel-windows-ix86+x86_64 0.3-4 20.00 95.00 115.00 NOTE

Check Details

Version: 0.3-4
Check: package dependencies
Result: NOTE
    Package suggested but not available for checking: ‘SWAT2R’
Flavors: r-devel-linux-x86_64-debian-clang, r-devel-linux-x86_64-debian-gcc, r-devel-linux-x86_64-fedora-clang, r-devel-linux-x86_64-fedora-gcc, r-devel-osx-x86_64-clang, r-patched-linux-x86_64, r-patched-solaris-sparc, r-patched-solaris-x86, r-release-linux-x86_64, r-oldrel-windows-ix86+x86_64

Version: 0.3-4
Check: dependencies in R code
Result: NOTE
    'library' or 'require' calls in package code:
     ‘hydroGOF’ ‘hydroTSM’ ‘parallel’ ‘vioplot’
     Please use :: or requireNamespace() instead.
     See section 'Suggested packages' in the 'Writing R Extensions' manual.
Flavors: r-devel-linux-x86_64-debian-clang, r-devel-linux-x86_64-debian-gcc, r-devel-linux-x86_64-fedora-clang, r-devel-linux-x86_64-fedora-gcc, r-devel-osx-x86_64-clang, r-devel-windows-ix86+x86_64, r-patched-linux-x86_64, r-patched-solaris-sparc, r-patched-solaris-x86, r-release-linux-x86_64, r-release-osx-x86_64-mavericks, r-release-windows-ix86+x86_64, r-oldrel-windows-ix86+x86_64

Version: 0.3-4
Check: S3 generic/method consistency
Result: NOTE
    Found the following apparent S3 methods exported but not registered:
     params2ecdf.default plot_ParamsPerIter.data.frame
     plot_ParamsPerIter.matrix plot_params.default quant2ecdf.data.frame
     quant2ecdf.default quant2ecdf.matrix read_params.default
    See section ‘Registering S3 methods’ in the ‘Writing R Extensions’
    manual.
Flavors: r-devel-linux-x86_64-debian-clang, r-devel-linux-x86_64-debian-gcc, r-devel-linux-x86_64-fedora-clang, r-devel-linux-x86_64-fedora-gcc, r-devel-osx-x86_64-clang, r-patched-linux-x86_64, r-patched-solaris-sparc, r-patched-solaris-x86, r-release-linux-x86_64

Version: 0.3-4
Check: R code for possible problems
Result: NOTE
    hydromod: no visible global function definition for ‘ggof’
    plot_out: no visible global function definition for ‘zoo’
    plot_out: no visible global function definition for ‘ggof’
    plot_params.default: no visible global function definition for
     ‘vioplot’
    plot_params.default: no visible global function definition for
     ‘hydropairs’
Flavors: r-devel-linux-x86_64-debian-clang, r-devel-linux-x86_64-debian-gcc, r-devel-linux-x86_64-fedora-clang, r-devel-linux-x86_64-fedora-gcc, r-devel-osx-x86_64-clang, r-devel-windows-ix86+x86_64, r-patched-linux-x86_64, r-patched-solaris-sparc, r-patched-solaris-x86, r-release-linux-x86_64, r-release-osx-x86_64-mavericks, r-release-windows-ix86+x86_64, r-oldrel-windows-ix86+x86_64

Version: 0.3-4
Check: package dependencies
Result: NOTE
    Packages suggested but not available for checking:
     ‘hydroGOF’ ‘hydroTSM’ ‘SWAT2R’
Flavor: r-release-osx-x86_64-mavericks

Version: 0.3-4
Check: Rd cross-references
Result: NOTE
    Packages unavailable to check Rd xrefs: ‘hydroGOF’, ‘hydroTSM’
Flavor: r-release-osx-x86_64-mavericks

Version: 0.3-4
Check: package dependencies
Result: ERROR
    Packages required but not available: ‘Hmisc’ ‘zoo’
    
    Packages suggested but not available for checking:
     ‘hydroGOF’ ‘hydroTSM’ ‘xts’ ‘SWAT2R’
    
    See section ‘The DESCRIPTION file’ in the ‘Writing R Extensions’
    manual.
Flavor: r-release-osx-x86_64-snowleopard