CRAN Package Check Results for Package hydroPSO

Last updated on 2015-04-02 03:48:55.

Flavor Version Tinstall Tcheck Ttotal Status Flags
r-devel-linux-x86_64-debian-clang 0.3-4 5.59 34.42 40.02 NOTE
r-devel-linux-x86_64-debian-gcc 0.3-4 4.98 34.78 39.76 NOTE
r-devel-linux-x86_64-fedora-clang 0.3-4 80.59 NOTE
r-devel-linux-x86_64-fedora-gcc 0.3-4 81.56 NOTE
r-devel-osx-x86_64-clang 0.3-4 79.04 NOTE
r-prerel-windows-ix86+x86_64 0.3-4 12.00 52.00 64.00 NOTE
r-prerel-linux-x86_64 0.3-4 4.98 34.27 39.25 NOTE
r-prerel-solaris-sparc 0.3-4 528.20 NOTE
r-prerel-solaris-x86 0.3-4 97.90 NOTE
r-release-linux-x86_64 0.3-4 7.80 50.56 58.37 NOTE
r-release-osx-x86_64-mavericks 0.3-4 NOTE
r-release-osx-x86_64-snowleopard 0.3-4 NOTE
r-release-windows-ix86+x86_64 0.3-4 22.00 88.00 110.00 NOTE
r-oldrel-windows-ix86+x86_64 0.3-4 22.00 92.00 114.00 NOTE

Check Details

Version: 0.3-4
Check: package dependencies
Result: NOTE
    Package suggested but not available for checking: ‘SWAT2R’
Flavors: r-devel-linux-x86_64-debian-clang, r-devel-linux-x86_64-debian-gcc, r-devel-linux-x86_64-fedora-clang, r-devel-linux-x86_64-fedora-gcc, r-devel-osx-x86_64-clang, r-prerel-linux-x86_64, r-prerel-solaris-sparc, r-prerel-solaris-x86, r-release-linux-x86_64, r-release-osx-x86_64-snowleopard, r-release-windows-ix86+x86_64, r-oldrel-windows-ix86+x86_64

Version: 0.3-4
Check: dependencies in R code
Result: NOTE
    'library' or 'require' calls in package code:
     ‘hydroGOF’ ‘hydroTSM’ ‘parallel’ ‘vioplot’
     Please use :: or requireNamespace() instead.
     See section 'Suggested packages' in the 'Writing R Extensions' manual.
Flavors: r-devel-linux-x86_64-debian-clang, r-devel-linux-x86_64-debian-gcc, r-devel-linux-x86_64-fedora-clang, r-devel-linux-x86_64-fedora-gcc, r-devel-osx-x86_64-clang, r-prerel-windows-ix86+x86_64, r-prerel-linux-x86_64, r-prerel-solaris-sparc, r-prerel-solaris-x86, r-release-linux-x86_64, r-release-windows-ix86+x86_64

Version: 0.3-4
Check: S3 generic/method consistency
Result: NOTE
    Found the following apparent S3 methods exported but not registered:
     params2ecdf.default plot_ParamsPerIter.data.frame
     plot_ParamsPerIter.matrix plot_params.default quant2ecdf.data.frame
     quant2ecdf.default quant2ecdf.matrix read_params.default
    See section ‘Registering S3 methods’ in the ‘Writing R Extensions’
    manual.
Flavors: r-devel-linux-x86_64-debian-clang, r-devel-linux-x86_64-debian-gcc, r-devel-linux-x86_64-fedora-clang, r-devel-linux-x86_64-fedora-gcc, r-devel-osx-x86_64-clang, r-prerel-linux-x86_64

Version: 0.3-4
Check: R code for possible problems
Result: NOTE
    hydromod: no visible global function definition for ‘ggof’
    plot_out: no visible global function definition for ‘zoo’
    plot_out: no visible global function definition for ‘ggof’
    plot_params.default: no visible global function definition for
     ‘vioplot’
    plot_params.default: no visible global function definition for
     ‘hydropairs’
Flavors: r-devel-linux-x86_64-debian-clang, r-devel-linux-x86_64-debian-gcc, r-devel-linux-x86_64-fedora-clang, r-devel-linux-x86_64-fedora-gcc, r-devel-osx-x86_64-clang, r-prerel-windows-ix86+x86_64, r-prerel-linux-x86_64, r-prerel-solaris-sparc, r-prerel-solaris-x86, r-release-linux-x86_64, r-release-osx-x86_64-mavericks, r-release-windows-ix86+x86_64

Version: 0.3-4
Check: package dependencies
Result: NOTE
    Packages suggested but not available for checking:
     ‘hydroGOF’ ‘hydroTSM’ ‘SWAT2R’
Flavor: r-release-osx-x86_64-mavericks

Version: 0.3-4
Check: Rd cross-references
Result: NOTE
    Packages unavailable to check Rd xrefs: ‘hydroGOF’, ‘hydroTSM’
Flavor: r-release-osx-x86_64-mavericks