CRAN Package Check Results for Package hydroTSM

Last updated on 2014-10-23 00:48:00.

Flavor Version Tinstall Tcheck Ttotal Status Flags
r-devel-linux-x86_64-debian-clang 0.4-2-1 4.03 62.16 66.19 NOTE
r-devel-linux-x86_64-debian-gcc 0.4-2-1 4.55 61.60 66.15 NOTE
r-devel-linux-x86_64-fedora-clang 0.4-2-1 143.05 NOTE
r-devel-linux-x86_64-fedora-gcc 0.4-2-1 135.53 NOTE
r-devel-osx-x86_64-clang 0.4-2-1 125.59 NOTE
r-devel-windows-ix86+x86_64 0.4-2-1 11.00 122.00 133.00 NOTE
r-patched-linux-x86_64 0.4-2-1 4.11 64.32 68.43 NOTE
r-patched-solaris-sparc 0.4-2-1 814.00 NOTE
r-patched-solaris-x86 0.4-2-1 182.10 NOTE
r-release-linux-ix86 0.4-2-1 4.95 79.62 84.57 OK
r-release-linux-x86_64 0.4-2-1 4.15 65.34 69.49 OK
r-release-osx-x86_64-mavericks 0.4-2-1 ERROR
r-release-osx-x86_64-snowleopard 0.4-2-1 OK
r-release-windows-ix86+x86_64 0.4-2-1 10.00 124.00 134.00 OK
r-oldrel-windows-ix86+x86_64 0.4-2-1 13.00 106.00 119.00 OK

Check Details

Version: 0.4-2-1
Check: R code for possible problems
Result: NOTE
    .hydroplotseasonal: no visible global function definition for
     ‘plot.xts’
    .hydroplotts: no visible global function definition for ‘plot.xts’
    daily2annual.zoo: no visible global function definition for ‘time<-’
    dm2seasonal.zoo: no visible global function definition for ‘time<-’
    drawTimeAxis: no visible global function definition for ‘index’
    dwi.zoo: no visible global function definition for ‘index’
    gists2spt: no visible global function definition for ‘coordinates<-’
    gists2spt: no visible global function definition for ‘proj4string<-’
    hydrokrige.data.frame: no visible global function definition for ‘CRS’
    hydrokrige.data.frame: no visible global function definition for
     ‘proj4string<-’
    hydrokrige.data.frame: no visible global function definition for
     ‘spsample’
    hydrokrige.data.frame: no visible global function definition for
     ‘gridded<-’
    hydrokrige.default: no visible global function definition for ‘CRS’
    hydrokrige.default: no visible global function definition for
     ‘proj4string<-’
    hydrokrige.default: no visible global function definition for
     ‘spsample’
    hydrokrige.default: no visible global function definition for
     ‘gridded<-’
    hydrokrige.default: no visible global function definition for ‘overlay’
    hydrokrige.default: no visible global function definition for
     ‘SpatialPoints’
    hydrokrige.default: no visible global function definition for
     ‘layout.north.arrow’
    hydrokrige.default: no visible global function definition for
     ‘layout.scale.bar’
    izoo2rzoo.zoo: no visible global function definition for ‘time<-’
    matrixplot: no visible global function definition for ‘levelplot’
    mspplot: no visible global function definition for ‘CRS’
    mspplot: no visible global function definition for ‘coordinates<-’
    mspplot: no visible global function definition for ‘proj4string<-’
    mspplot: no visible global function definition for ‘SpatialPoints’
    mspplot: no visible global function definition for ‘layout.north.arrow’
    mspplot: no visible global function definition for ‘layout.scale.bar’
Flavors: r-devel-linux-x86_64-debian-clang, r-devel-linux-x86_64-debian-gcc, r-devel-linux-x86_64-fedora-clang, r-devel-linux-x86_64-fedora-gcc, r-devel-osx-x86_64-clang, r-devel-windows-ix86+x86_64, r-patched-linux-x86_64, r-patched-solaris-sparc, r-patched-solaris-x86

Version: 0.4-2-1
Check: package dependencies
Result: ERROR
    Packages required but not available: ‘gstat’ ‘automap’
    
    Package suggested but not available for checking: ‘rgdal’
    
    See the information on DESCRIPTION files in the chapter ‘Creating R
    packages’ of the ‘Writing R Extensions’ manual.
Flavor: r-release-osx-x86_64-mavericks