CRAN Package Check Results for Package hydroTSM

Last updated on 2015-05-25 03:47:40.

Flavor Version Tinstall Tcheck Ttotal Status Flags
r-devel-linux-x86_64-debian-clang 0.4-2-1 2.72 48.72 51.44 NOTE
r-devel-linux-x86_64-debian-gcc 0.4-2-1 2.62 49.48 52.10 NOTE
r-devel-linux-x86_64-fedora-clang 0.4-2-1 101.89 NOTE
r-devel-linux-x86_64-fedora-gcc 0.4-2-1 97.95 NOTE
r-devel-osx-x86_64-clang 0.4-2-1 94.86 NOTE
r-devel-windows-ix86+x86_64 0.4-2-1 9.00 103.00 112.00 NOTE
r-patched-linux-x86_64 0.4-2-1 2.71 47.78 50.49 NOTE
r-patched-solaris-sparc 0.4-2-1 642.90 NOTE
r-patched-solaris-x86 0.4-2-1 136.70 NOTE
r-release-linux-x86_64 0.4-2-1 3.21 50.62 53.82 NOTE
r-release-osx-x86_64-mavericks 0.4-2-1 NOTE
r-release-osx-x86_64-snowleopard 0.4-2-1 ERROR
r-release-windows-ix86+x86_64 0.4-2-1 10.00 99.00 109.00 NOTE
r-oldrel-windows-ix86+x86_64 0.4-2-1 16.00 118.00 134.00 NOTE

Check Details

Version: 0.4-2-1
Check: dependencies in R code
Result: NOTE
    'library' or 'require' calls in package code:
     ‘lattice’ ‘maptools’
     Please use :: or requireNamespace() instead.
     See section 'Suggested packages' in the 'Writing R Extensions' manual.
Flavors: r-devel-linux-x86_64-debian-clang, r-devel-linux-x86_64-debian-gcc, r-devel-linux-x86_64-fedora-clang, r-devel-linux-x86_64-fedora-gcc, r-devel-osx-x86_64-clang, r-devel-windows-ix86+x86_64, r-patched-linux-x86_64, r-patched-solaris-sparc, r-patched-solaris-x86, r-release-linux-x86_64, r-release-osx-x86_64-mavericks, r-release-windows-ix86+x86_64, r-oldrel-windows-ix86+x86_64

Version: 0.4-2-1
Check: S3 generic/method consistency
Result: NOTE
    Found the following apparent S3 methods exported but not registered:
     annualfunction.data.frame annualfunction.default
     annualfunction.matrix daily2annual.data.frame daily2annual.default
     daily2annual.matrix daily2monthly.data.frame daily2monthly.default
     daily2monthly.matrix dm2seasonal.data.frame dm2seasonal.default
     dm2seasonal.matrix dwdays.data.frame dwdays.default dwdays.matrix
     dwi.data.frame dwi.default dwi.matrix extract.default fdc.data.frame
     fdc.default fdc.matrix fdcu.data.frame fdcu.default fdcu.matrix
     hydrokrige.data.frame hydrokrige.default infillxy.data.frame
     infillxy.default infillxy.matrix istdx.data.frame istdx.default
     istdx.matrix izoo2rzoo.default izoo2rzoo.zoo ma.default ma.zoo
     monthlyfunction.data.frame monthlyfunction.default
     monthlyfunction.matrix seasonalfunction.data.frame
     seasonalfunction.default seasonalfunction.matrix smry.Date
     smry.data.frame smry.default smry.matrix stdx.data.frame stdx.default
     stdx.matrix subdaily2daily.data.frame subdaily2daily.default
     subdaily2daily.matrix
    See section ‘Registering S3 methods’ in the ‘Writing R Extensions’
    manual.
Flavors: r-devel-linux-x86_64-debian-clang, r-devel-linux-x86_64-debian-gcc, r-devel-linux-x86_64-fedora-clang, r-devel-linux-x86_64-fedora-gcc, r-devel-osx-x86_64-clang, r-patched-linux-x86_64, r-patched-solaris-sparc, r-patched-solaris-x86, r-release-linux-x86_64

Version: 0.4-2-1
Check: R code for possible problems
Result: NOTE
    .hydroplotseasonal: no visible global function definition for
     ‘plot.xts’
    .hydroplotts: no visible global function definition for ‘plot.xts’
    daily2annual.zoo: no visible global function definition for ‘time<-’
    dm2seasonal.zoo: no visible global function definition for ‘time<-’
    drawTimeAxis: no visible global function definition for ‘index’
    dwi.zoo: no visible global function definition for ‘index’
    gists2spt: no visible global function definition for ‘coordinates<-’
    gists2spt: no visible global function definition for ‘proj4string<-’
    hydrokrige.data.frame: no visible global function definition for ‘CRS’
    hydrokrige.data.frame: no visible global function definition for
     ‘proj4string<-’
    hydrokrige.data.frame: no visible global function definition for
     ‘spsample’
    hydrokrige.data.frame: no visible global function definition for
     ‘gridded<-’
    hydrokrige.default: no visible global function definition for ‘CRS’
    hydrokrige.default: no visible global function definition for
     ‘proj4string<-’
    hydrokrige.default: no visible global function definition for
     ‘spsample’
    hydrokrige.default: no visible global function definition for
     ‘gridded<-’
    hydrokrige.default: no visible global function definition for ‘overlay’
    hydrokrige.default: no visible global function definition for
     ‘SpatialPoints’
    hydrokrige.default: no visible global function definition for
     ‘layout.north.arrow’
    hydrokrige.default: no visible global function definition for
     ‘layout.scale.bar’
    izoo2rzoo.zoo: no visible global function definition for ‘time<-’
    matrixplot: no visible global function definition for ‘levelplot’
    mspplot: no visible global function definition for ‘CRS’
    mspplot: no visible global function definition for ‘coordinates<-’
    mspplot: no visible global function definition for ‘proj4string<-’
    mspplot: no visible global function definition for ‘SpatialPoints’
    mspplot: no visible global function definition for ‘layout.north.arrow’
    mspplot: no visible global function definition for ‘layout.scale.bar’
Flavors: r-devel-linux-x86_64-debian-clang, r-devel-linux-x86_64-debian-gcc, r-devel-linux-x86_64-fedora-clang, r-devel-linux-x86_64-fedora-gcc, r-devel-osx-x86_64-clang, r-devel-windows-ix86+x86_64, r-patched-linux-x86_64, r-patched-solaris-sparc, r-patched-solaris-x86, r-release-linux-x86_64, r-release-osx-x86_64-mavericks, r-release-windows-ix86+x86_64, r-oldrel-windows-ix86+x86_64

Version: 0.4-2-1
Check: package dependencies
Result: NOTE
    Package suggested but not available for checking: ‘rgdal’
Flavor: r-release-osx-x86_64-mavericks

Version: 0.4-2-1
Check: Rd cross-references
Result: NOTE
    Package unavailable to check Rd xrefs: ‘rgdal’
Flavor: r-release-osx-x86_64-mavericks

Version: 0.4-2-1
Check: package dependencies
Result: ERROR
    Packages required but not available: ‘zoo’ ‘xts’ ‘gstat’ ‘automap’
    
    See section ‘The DESCRIPTION file’ in the ‘Writing R Extensions’
    manual.
Flavor: r-release-osx-x86_64-snowleopard