CRAN Package Check Results for Package hydroTSM

Last updated on 2014-04-17 10:47:50.

Flavor Version Tinstall Tcheck Ttotal Status Flags
r-devel-linux-x86_64-debian-clang 0.4-2-1 4.08 58.77 62.86 OK
r-devel-linux-x86_64-debian-gcc 0.4-2-1 4.14 57.82 61.96 OK
r-devel-linux-x86_64-fedora-clang 0.4-2-1 118.70 OK
r-devel-linux-x86_64-fedora-gcc 0.4-2-1 116.23 OK
r-devel-macosx-x86_64-clang 0.4-2-1 108.15 OK
r-devel-macosx-x86_64-gcc 0.4-2-1 ERROR
r-devel-windows-ix86+x86_64 0.4-2-1 10.00 111.00 121.00 OK
r-patched-linux-x86_64 0.4-2-1 3.96 56.90 60.86 OK
r-patched-solaris-sparc 0.4-2-1 661.90 OK
r-patched-solaris-x86 0.4-2-1 152.10 OK
r-release-linux-ix86 0.4-2-1 10.00 93.00 103.00 OK
r-release-linux-x86_64 0.4-2-1 3.96 57.58 61.54 OK
r-release-macosx-x86_64 0.4-2-1 OK
r-release-windows-ix86+x86_64 0.4-2-1 11.00 116.00 127.00 OK
r-oldrel-windows-ix86+x86_64 0.4-2-1 10.00 98.00 108.00 OK

Check Details

Version: 0.4-2-1
Check: package dependencies
Result: ERROR
    Packages required but not available: ‘zoo’ ‘xts’ ‘gstat’ ‘automap’
    
    Package suggested but not available for checking: ‘maptools’
    
    See the information on DESCRIPTION files in the chapter ‘Creating R
    packages’ of the ‘Writing R Extensions’ manual.
Flavor: r-devel-macosx-x86_64-gcc