CRAN Package Check Results for Package hydroTSM

Last updated on 2014-08-23 20:46:54.

Flavor Version Tinstall Tcheck Ttotal Status Flags
r-devel-linux-x86_64-debian-clang 0.4-2-1 4.00 56.65 60.65 NOTE
r-devel-linux-x86_64-debian-gcc 0.4-2-1 4.45 55.95 60.40 NOTE
r-devel-linux-x86_64-fedora-clang 0.4-2-1 134.19 NOTE
r-devel-linux-x86_64-fedora-gcc 0.4-2-1 127.95 NOTE
r-devel-osx-x86_64-clang 0.4-2-1 115.80 NOTE
r-devel-windows-ix86+x86_64 0.4-2-1 16.00 119.00 135.00 OK
r-patched-linux-x86_64 0.4-2-1 4.10 57.91 62.00 OK
r-patched-solaris-sparc 0.4-2-1 780.80 OK
r-patched-solaris-x86 0.4-2-1 180.90 OK
r-release-linux-ix86 0.4-2-1 4.84 74.68 79.52 OK
r-release-linux-x86_64 0.4-2-1 4.17 59.90 64.07 OK
r-release-osx-x86_64-mavericks 0.4-2-1 ERROR
r-release-osx-x86_64-snowleopard 0.4-2-1 OK
r-release-windows-ix86+x86_64 0.4-2-1 12.00 117.00 129.00 OK
r-oldrel-windows-ix86+x86_64 0.4-2-1 11.00 98.00 109.00 OK

Check Details

Version: 0.4-2-1
Check: R code for possible problems
Result: NOTE
    .hydroplotseasonal: no visible global function definition for
     ‘plot.xts’
    .hydroplotts: no visible global function definition for ‘plot.xts’
    daily2annual.zoo: no visible global function definition for ‘time<-’
    dm2seasonal.zoo: no visible global function definition for ‘time<-’
    drawTimeAxis: no visible global function definition for ‘index’
    dwi.zoo: no visible global function definition for ‘index’
    gists2spt: no visible global function definition for ‘coordinates<-’
    gists2spt: no visible global function definition for ‘proj4string<-’
    hydrokrige.data.frame: no visible global function definition for ‘CRS’
    hydrokrige.data.frame: no visible global function definition for
     ‘proj4string<-’
    hydrokrige.data.frame: no visible global function definition for
     ‘spsample’
    hydrokrige.data.frame: no visible global function definition for
     ‘gridded<-’
    hydrokrige.default: no visible global function definition for ‘CRS’
    hydrokrige.default: no visible global function definition for
     ‘proj4string<-’
    hydrokrige.default: no visible global function definition for
     ‘spsample’
    hydrokrige.default: no visible global function definition for
     ‘gridded<-’
    hydrokrige.default: no visible global function definition for ‘overlay’
    hydrokrige.default: no visible global function definition for
     ‘SpatialPoints’
    hydrokrige.default: no visible global function definition for
     ‘layout.north.arrow’
    hydrokrige.default: no visible global function definition for
     ‘layout.scale.bar’
    izoo2rzoo.zoo: no visible global function definition for ‘time<-’
    matrixplot: no visible global function definition for ‘levelplot’
    mspplot: no visible global function definition for ‘CRS’
    mspplot: no visible global function definition for ‘coordinates<-’
    mspplot: no visible global function definition for ‘proj4string<-’
    mspplot: no visible global function definition for ‘SpatialPoints’
    mspplot: no visible global function definition for ‘layout.north.arrow’
    mspplot: no visible global function definition for ‘layout.scale.bar’
Flavors: r-devel-linux-x86_64-debian-clang, r-devel-linux-x86_64-debian-gcc, r-devel-linux-x86_64-fedora-clang, r-devel-linux-x86_64-fedora-gcc, r-devel-osx-x86_64-clang

Version: 0.4-2-1
Check: package dependencies
Result: ERROR
    Packages required but not available: ‘gstat’ ‘automap’
    
    Package suggested but not available for checking: ‘rgdal’
    
    See the information on DESCRIPTION files in the chapter ‘Creating R
    packages’ of the ‘Writing R Extensions’ manual.
Flavor: r-release-osx-x86_64-mavericks