CRAN Package Check Results for Package hydroTSM

Last updated on 2014-07-30 23:47:20.

Flavor Version Tinstall Tcheck Ttotal Status Flags
r-devel-linux-x86_64-debian-clang 0.4-2-1 4.11 58.18 62.29 OK
r-devel-linux-x86_64-debian-gcc 0.4-2-1 4.08 59.11 63.19 OK
r-devel-linux-x86_64-fedora-clang 0.4-2-1 139.00 OK
r-devel-linux-x86_64-fedora-gcc 0.4-2-1 131.42 OK
r-devel-osx-x86_64-clang 0.4-2-1 115.99 OK
r-devel-windows-ix86+x86_64 0.4-2-1 12.00 114.00 126.00 OK
r-patched-linux-x86_64 0.4-2-1 4.22 58.28 62.50 OK
r-patched-solaris-sparc 0.4-2-1 780.80 OK
r-patched-solaris-x86 0.4-2-1 175.80 OK
r-release-linux-ix86 0.4-2-1 4.93 73.46 78.39 OK
r-release-linux-x86_64 0.4-2-1 4.18 58.88 63.06 OK
r-release-osx-x86_64-mavericks 0.4-2-1 ERROR
r-release-osx-x86_64-snowleopard 0.4-2-1 OK
r-release-windows-ix86+x86_64 0.4-2-1 12.00 121.00 133.00 OK
r-oldrel-windows-ix86+x86_64 0.4-2-1 12.00 138.00 150.00 OK

Check Details

Version: 0.4-2-1
Check: package dependencies
Result: ERROR
    Packages required but not available: gstat automap
    
    Package suggested but not available for checking: rgdal
    
    See the information on DESCRIPTION files in the chapter Creating R
    packages of the Writing R Extensions manual.
Flavor: r-release-osx-x86_64-mavericks