CRAN Package Check Results for Package hydroTSM

Last updated on 2014-09-22 19:48:29.

Flavor Version Tinstall Tcheck Ttotal Status Flags
r-devel-linux-x86_64-debian-clang 0.4-2-1 3.97 61.46 65.42 NOTE
r-devel-linux-x86_64-debian-gcc 0.4-2-1 3.92 60.08 64.00 NOTE
r-devel-linux-x86_64-fedora-clang 0.4-2-1 134.19 NOTE
r-devel-linux-x86_64-fedora-gcc 0.4-2-1 125.89 NOTE
r-devel-osx-x86_64-clang 0.4-2-1 117.82 NOTE
r-devel-windows-ix86+x86_64 0.4-2-1 11.00 123.00 134.00 NOTE
r-patched-linux-x86_64 0.4-2-1 4.52 59.82 64.34 OK
r-patched-solaris-sparc 0.4-2-1 780.80 OK
r-patched-solaris-x86 0.4-2-1 184.90 OK
r-release-linux-ix86 0.4-2-1 5.01 75.34 80.35 OK
r-release-linux-x86_64 0.4-2-1 4.50 66.52 71.02 OK
r-release-osx-x86_64-mavericks 0.4-2-1 ERROR
r-release-osx-x86_64-snowleopard 0.4-2-1 OK
r-release-windows-ix86+x86_64 0.4-2-1 12.00 120.00 132.00 OK
r-oldrel-windows-ix86+x86_64 0.4-2-1 12.00 102.00 114.00 OK

Check Details

Version: 0.4-2-1
Check: R code for possible problems
Result: NOTE
    .hydroplotseasonal: no visible global function definition for
     ‘plot.xts’
    .hydroplotts: no visible global function definition for ‘plot.xts’
    daily2annual.zoo: no visible global function definition for ‘time<-’
    dm2seasonal.zoo: no visible global function definition for ‘time<-’
    drawTimeAxis: no visible global function definition for ‘index’
    dwi.zoo: no visible global function definition for ‘index’
    gists2spt: no visible global function definition for ‘coordinates<-’
    gists2spt: no visible global function definition for ‘proj4string<-’
    hydrokrige.data.frame: no visible global function definition for ‘CRS’
    hydrokrige.data.frame: no visible global function definition for
     ‘proj4string<-’
    hydrokrige.data.frame: no visible global function definition for
     ‘spsample’
    hydrokrige.data.frame: no visible global function definition for
     ‘gridded<-’
    hydrokrige.default: no visible global function definition for ‘CRS’
    hydrokrige.default: no visible global function definition for
     ‘proj4string<-’
    hydrokrige.default: no visible global function definition for
     ‘spsample’
    hydrokrige.default: no visible global function definition for
     ‘gridded<-’
    hydrokrige.default: no visible global function definition for ‘overlay’
    hydrokrige.default: no visible global function definition for
     ‘SpatialPoints’
    hydrokrige.default: no visible global function definition for
     ‘layout.north.arrow’
    hydrokrige.default: no visible global function definition for
     ‘layout.scale.bar’
    izoo2rzoo.zoo: no visible global function definition for ‘time<-’
    matrixplot: no visible global function definition for ‘levelplot’
    mspplot: no visible global function definition for ‘CRS’
    mspplot: no visible global function definition for ‘coordinates<-’
    mspplot: no visible global function definition for ‘proj4string<-’
    mspplot: no visible global function definition for ‘SpatialPoints’
    mspplot: no visible global function definition for ‘layout.north.arrow’
    mspplot: no visible global function definition for ‘layout.scale.bar’
Flavors: r-devel-linux-x86_64-debian-clang, r-devel-linux-x86_64-debian-gcc, r-devel-linux-x86_64-fedora-clang, r-devel-linux-x86_64-fedora-gcc, r-devel-osx-x86_64-clang, r-devel-windows-ix86+x86_64

Version: 0.4-2-1
Check: package dependencies
Result: ERROR
    Packages required but not available: ‘gstat’ ‘automap’
    
    Package suggested but not available for checking: ‘rgdal’
    
    See the information on DESCRIPTION files in the chapter ‘Creating R
    packages’ of the ‘Writing R Extensions’ manual.
Flavor: r-release-osx-x86_64-mavericks