CRAN Package Check Results for Package hydroTSM

Last updated on 2022-12-09 18:53:27 CET.

Flavor Version Tinstall Tcheck Ttotal Status Flags
r-devel-linux-x86_64-debian-clang 0.6-0 13.81 134.01 147.82 OK
r-devel-linux-x86_64-debian-gcc 0.6-0 12.20 114.09 126.29 OK
r-devel-linux-x86_64-fedora-clang 0.6-0 202.29 NOTE
r-devel-linux-x86_64-fedora-gcc 0.6-0 219.25 OK
r-devel-windows-x86_64 0.6-0 58.00 252.00 310.00 OK
r-patched-linux-x86_64 0.6-0 16.18 121.41 137.59 OK
r-release-linux-x86_64 0.6-0 13.59 136.39 149.98 OK
r-release-macos-arm64 0.6-0 49.00 OK
r-release-macos-x86_64 0.6-0 102.00 OK
r-release-windows-x86_64 0.6-0 31.00 263.00 294.00 OK
r-oldrel-macos-arm64 0.6-0 58.00 OK
r-oldrel-macos-x86_64 0.6-0 92.00 OK
r-oldrel-windows-ix86+x86_64 0.6-0 43.00 197.00 240.00 OK

Check Details

Version: 0.6-0
Check: Rd cross-references
Result: NOTE
    Undeclared package ‘rgdal’ in Rd xrefs
Flavor: r-devel-linux-x86_64-fedora-clang