CRAN Package Check Results for Package hydroToolkit

Last updated on 2021-03-08 13:46:48 CET.

Flavor Version Tinstall Tcheck Ttotal Status Flags
r-devel-linux-x86_64-debian-clang 0.1.0 16.88 158.87 175.75 OK
r-devel-linux-x86_64-debian-gcc 0.1.0 14.27 116.43 130.70 OK
r-devel-linux-x86_64-fedora-clang 0.1.0 219.20 NOTE
r-devel-linux-x86_64-fedora-gcc 0.1.0 207.96 OK
r-devel-windows-ix86+x86_64 0.1.0 34.00 203.00 237.00 NOTE
r-devel-windows-x86_64-gcc10-UCRT 0.1.0 OK
r-patched-linux-x86_64 0.1.0 17.80 151.18 168.98 OK
r-patched-solaris-x86 0.1.0 269.70 NOTE
r-release-linux-x86_64 0.1.0 15.08 151.81 166.89 OK
r-release-macos-x86_64 0.1.0 NOTE
r-release-windows-ix86+x86_64 0.1.0 28.00 146.00 174.00 NOTE
r-oldrel-macos-x86_64 0.1.0 NOTE
r-oldrel-windows-ix86+x86_64 0.1.0 20.00 136.00 156.00 NOTE

Check Details

Version: 0.1.0
Check: installed package size
Result: NOTE
     installed size is 5.3Mb
     sub-directories of 1Mb or more:
     extdata 4.8Mb
Flavors: r-devel-linux-x86_64-fedora-clang, r-devel-windows-ix86+x86_64, r-patched-solaris-x86, r-release-macos-x86_64, r-release-windows-ix86+x86_64, r-oldrel-macos-x86_64, r-oldrel-windows-ix86+x86_64