Last updated on 2023-03-30 03:52:36 CEST.
Flavor | Version | Tinstall | Tcheck | Ttotal | Status | Flags |
---|---|---|---|---|---|---|
r-devel-linux-x86_64-debian-clang | 0.1.0 | 18.67 | 187.79 | 206.46 | NOTE | |
r-devel-linux-x86_64-debian-gcc | 0.1.0 | 14.12 | 133.37 | 147.49 | NOTE | |
r-devel-linux-x86_64-fedora-clang | 0.1.0 | 249.45 | NOTE | |||
r-devel-linux-x86_64-fedora-gcc | 0.1.0 | 236.85 | NOTE | |||
r-devel-windows-x86_64 | 0.1.0 | 94.00 | 0.00 | 94.00 | NOTE | |
r-patched-linux-x86_64 | 0.1.0 | 18.43 | 176.06 | 194.49 | NOTE | |
r-release-linux-x86_64 | 0.1.0 | 16.49 | 166.01 | 182.50 | NOTE | |
r-release-macos-arm64 | 0.1.0 | 60.00 | NOTE | |||
r-release-macos-x86_64 | 0.1.0 | 104.00 | NOTE | |||
r-release-windows-x86_64 | 0.1.0 | 74.00 | 193.00 | 267.00 | NOTE | |
r-oldrel-macos-arm64 | 0.1.0 | 65.00 | NOTE | |||
r-oldrel-macos-x86_64 | 0.1.0 | 124.00 | NOTE | |||
r-oldrel-windows-ix86+x86_64 | 0.1.0 | 38.00 | 201.00 | 239.00 | NOTE |
Version: 0.1.0
Check: LazyData
Result: NOTE
'LazyData' is specified without a 'data' directory
Flavors: r-devel-linux-x86_64-debian-clang, r-devel-linux-x86_64-debian-gcc, r-devel-linux-x86_64-fedora-clang, r-devel-linux-x86_64-fedora-gcc, r-devel-windows-x86_64, r-patched-linux-x86_64, r-release-linux-x86_64, r-release-macos-arm64, r-release-macos-x86_64, r-release-windows-x86_64, r-oldrel-macos-arm64, r-oldrel-macos-x86_64, r-oldrel-windows-ix86+x86_64
Version: 0.1.0
Check: installed package size
Result: NOTE
installed size is 5.3Mb
sub-directories of 1Mb or more:
extdata 4.8Mb
Flavors: r-devel-linux-x86_64-fedora-clang, r-devel-windows-x86_64, r-release-macos-arm64, r-release-macos-x86_64, r-release-windows-x86_64, r-oldrel-macos-arm64, r-oldrel-macos-x86_64, r-oldrel-windows-ix86+x86_64