CRAN Package Check Results for Package hyper.fit

Last updated on 2019-10-23 17:50:00 CEST.

Flavor Version Tinstall Tcheck Ttotal Status Flags
r-devel-linux-x86_64-debian-clang 1.1.0 6.43 48.12 54.55 OK
r-devel-linux-x86_64-debian-gcc 1.1.0 4.90 39.24 44.14 OK
r-devel-linux-x86_64-fedora-clang 1.1.0 67.51 OK
r-devel-linux-x86_64-fedora-gcc 1.1.0 66.79 OK
r-devel-windows-ix86+x86_64 1.1.0 16.00 98.00 114.00 OK
r-patched-linux-x86_64 1.1.0 5.86 48.89 54.75 OK
r-patched-solaris-x86 1.1.0 108.90 OK
r-release-linux-x86_64 1.1.0 6.11 48.62 54.73 OK
r-release-windows-ix86+x86_64 1.1.0 34.00 71.00 105.00 OK
r-release-osx-x86_64 1.1.0 WARN
r-oldrel-windows-ix86+x86_64 1.1.0 14.00 87.00 101.00 OK
r-oldrel-osx-x86_64 1.1.0 OK

Check Details

Version: 1.1.0
Check: whether package can be installed
Result: WARN
    Found the following significant warnings:
     Warning: 'rgl_init' failed, running with rgl.useNULL = TRUE
Flavor: r-release-osx-x86_64