CRAN Package Check Results for Package hyper.fit

Last updated on 2019-07-20 11:47:23 CEST.

Flavor Version Tinstall Tcheck Ttotal Status Flags
r-devel-linux-x86_64-debian-clang 1.1.0 5.58 48.12 53.70 OK
r-devel-linux-x86_64-debian-gcc 1.1.0 4.53 39.52 44.05 OK
r-devel-linux-x86_64-fedora-clang 1.1.0 65.75 OK
r-devel-linux-x86_64-fedora-gcc 1.1.0 72.05 OK
r-devel-windows-ix86+x86_64 1.1.0 23.00 66.00 89.00 OK
r-patched-linux-x86_64 1.1.0 6.25 49.13 55.38 OK
r-patched-solaris-x86 1.1.0 100.10 OK
r-release-linux-x86_64 1.1.0 6.32 49.33 55.65 OK
r-release-windows-ix86+x86_64 1.1.0 15.00 69.00 84.00 OK
r-release-osx-x86_64 1.1.0 WARN
r-oldrel-windows-ix86+x86_64 1.1.0 10.00 84.00 94.00 OK
r-oldrel-osx-x86_64 1.1.0 OK

Check Details

Version: 1.1.0
Check: whether package can be installed
Result: WARN
    Found the following significant warnings:
     Warning: 'rgl_init' failed, running with rgl.useNULL = TRUE
Flavor: r-release-osx-x86_64