CRAN Package Check Results for Package hyper.fit

Last updated on 2019-05-19 18:50:21 CEST.

Flavor Version Tinstall Tcheck Ttotal Status Flags
r-devel-linux-x86_64-debian-clang 1.1.0 5.84 48.44 54.28 OK
r-devel-linux-x86_64-debian-gcc 1.1.0 4.72 39.70 44.42 OK
r-devel-linux-x86_64-fedora-clang 1.1.0 66.09 OK
r-devel-linux-x86_64-fedora-gcc 1.1.0 66.64 OK
r-devel-windows-ix86+x86_64 1.1.0 19.00 108.00 127.00 OK
r-patched-linux-x86_64 1.1.0 6.27 49.15 55.42 OK
r-patched-solaris-x86 1.1.0 111.30 OK
r-release-linux-x86_64 1.1.0 6.02 49.15 55.17 OK
r-release-windows-ix86+x86_64 1.1.0 21.00 92.00 113.00 OK
r-release-osx-x86_64 1.1.0 WARN
r-oldrel-windows-ix86+x86_64 1.1.0 20.00 85.00 105.00 OK
r-oldrel-osx-x86_64 1.1.0 OK

Check Details

Version: 1.1.0
Check: whether package can be installed
Result: WARN
    Found the following significant warnings:
     Warning: 'rgl_init' failed, running with rgl.useNULL = TRUE
Flavor: r-release-osx-x86_64