CRAN Package Check Results for Package hyperSpec

Last updated on 2016-12-08 23:49:29.

Flavor Version Tinstall Tcheck Ttotal Status Flags
r-devel-linux-x86_64-debian-clang 0.98-20161118 3.59 133.40 136.98 NOTE
r-devel-linux-x86_64-debian-gcc 0.98-20161118 3.51 132.36 135.87 NOTE
r-devel-linux-x86_64-fedora-clang 0.98-20161118 250.09 NOTE --no-stop-on-test-error
r-devel-linux-x86_64-fedora-gcc 0.98-20161118 248.76 NOTE --no-stop-on-test-error
r-devel-macos-x86_64-clang 0.98-20161118 178.11 NOTE --no-stop-on-test-error
r-devel-windows-ix86+x86_64 0.98-20161118 11.00 264.00 275.00 NOTE
r-patched-linux-x86_64 0.98-20161118 3.69 110.99 114.68 NOTE
r-patched-solaris-sparc 0.98-20161118 1197.70 NOTE
r-patched-solaris-x86 0.98-20161118 234.40 NOTE
r-release-linux-x86_64 0.98-20161118 3.62 111.62 115.24 NOTE
r-release-osx-x86_64-mavericks 0.98-20161118 NOTE
r-release-windows-ix86+x86_64 0.98-20161118 10.00 246.00 256.00 NOTE
r-oldrel-windows-ix86+x86_64 0.98-20161118 16.00 370.00 386.00 NOTE

Check Details

Version: 0.98-20161118
Check: R code for possible problems
Result: NOTE
    Warning: local assignments to syntactic functions: ~
    Warning: local assignments to syntactic functions: ~
Flavors: r-devel-linux-x86_64-debian-clang, r-devel-linux-x86_64-debian-gcc, r-patched-linux-x86_64, r-patched-solaris-sparc, r-patched-solaris-x86, r-release-linux-x86_64

Version: 0.98-20161118
Flags: --no-stop-on-test-error
Check: R code for possible problems
Result: NOTE
    Warning: local assignments to syntactic functions: ~
    Warning: local assignments to syntactic functions: ~
Flavors: r-devel-linux-x86_64-fedora-clang, r-devel-linux-x86_64-fedora-gcc, r-devel-macos-x86_64-clang

Version: 0.98-20161118
Check: R code for possible problems
Result: NOTE
    Warning: local assignments to syntactic functions: ~
Flavors: r-devel-windows-ix86+x86_64, r-release-osx-x86_64-mavericks, r-release-windows-ix86+x86_64, r-oldrel-windows-ix86+x86_64

Version: 0.98-20161118
Check: installed package size
Result: NOTE
     installed size is 5.0Mb
     sub-directories of 1Mb or more:
     doc 4.0Mb
Flavors: r-patched-solaris-sparc, r-patched-solaris-x86