CRAN Package Check Results for Package hyperSpec

Last updated on 2017-01-16 10:47:49.

Flavor Version Tinstall Tcheck Ttotal Status Flags
r-devel-linux-x86_64-debian-clang 0.98-20161118 3.47 130.19 133.65 NOTE
r-devel-linux-x86_64-debian-gcc 0.98-20161118 3.64 130.50 134.13 NOTE
r-devel-linux-x86_64-fedora-clang 0.98-20161118 242.58 NOTE --no-stop-on-test-error
r-devel-linux-x86_64-fedora-gcc 0.98-20161118 245.39 NOTE --no-stop-on-test-error
r-devel-macos-x86_64-clang 0.98-20161118 191.79 NOTE --no-stop-on-test-error
r-devel-windows-ix86+x86_64 0.98-20161118 15.00 321.00 336.00 NOTE
r-patched-linux-x86_64 0.98-20161118 3.54 109.32 112.86 NOTE
r-patched-solaris-sparc 0.98-20161118 1265.30 NOTE
r-patched-solaris-x86 0.98-20161118 237.10 NOTE
r-release-linux-x86_64 0.98-20161118 3.51 112.04 115.55 NOTE
r-release-osx-x86_64-mavericks 0.98-20161118 NOTE
r-release-windows-ix86+x86_64 0.98-20161118 14.00 253.00 267.00 NOTE
r-oldrel-windows-ix86+x86_64 0.98-20161118 12.00 297.00 309.00 NOTE

Check Details

Version: 0.98-20161118
Check: R code for possible problems
Result: NOTE
    Warning: local assignments to syntactic functions: ~
    Warning: local assignments to syntactic functions: ~
Flavors: r-devel-linux-x86_64-debian-clang, r-devel-linux-x86_64-debian-gcc, r-patched-linux-x86_64, r-patched-solaris-sparc, r-patched-solaris-x86, r-release-linux-x86_64

Version: 0.98-20161118
Flags: --no-stop-on-test-error
Check: R code for possible problems
Result: NOTE
    Warning: local assignments to syntactic functions: ~
    Warning: local assignments to syntactic functions: ~
Flavors: r-devel-linux-x86_64-fedora-clang, r-devel-linux-x86_64-fedora-gcc, r-devel-macos-x86_64-clang

Version: 0.98-20161118
Check: R code for possible problems
Result: NOTE
    Warning: local assignments to syntactic functions: ~
Flavors: r-devel-windows-ix86+x86_64, r-release-osx-x86_64-mavericks, r-release-windows-ix86+x86_64, r-oldrel-windows-ix86+x86_64

Version: 0.98-20161118
Check: installed package size
Result: NOTE
     installed size is 5.0Mb
     sub-directories of 1Mb or more:
     doc 4.0Mb
Flavors: r-patched-solaris-sparc, r-patched-solaris-x86