CRAN Package Check Results for Package hyperSpec

Last updated on 2014-07-29 12:47:24.

Flavor Version Tinstall Tcheck Ttotal Status Flags
r-devel-linux-x86_64-debian-clang 0.98-20140523 4.04 137.66 141.70 NOTE
r-devel-linux-x86_64-debian-gcc 0.98-20140523 4.92 137.82 142.73 NOTE
r-devel-linux-x86_64-fedora-clang 0.98-20140523 330.35 NOTE
r-devel-linux-x86_64-fedora-gcc 0.98-20140523 321.85 NOTE
r-devel-osx-x86_64-clang 0.98-20140523 266.46 NOTE
r-devel-windows-ix86+x86_64 0.98-20140523 10.00 209.00 219.00 NOTE
r-patched-linux-x86_64 0.98-20140523 3.69 138.68 142.38 NOTE
r-patched-solaris-sparc 0.98-20140523 1412.30 NOTE
r-patched-solaris-x86 0.98-20140523 350.80 NOTE
r-release-linux-ix86 0.98-20140523 4.68 175.52 180.20 NOTE
r-release-linux-x86_64 0.98-20140523 4.02 140.60 144.63 NOTE
r-release-osx-x86_64-mavericks 0.98-20140523 NOTE
r-release-osx-x86_64-snowleopard 0.98-20140523 NOTE
r-release-windows-ix86+x86_64 0.98-20140523 10.00 230.00 240.00 NOTE
r-oldrel-windows-ix86+x86_64 0.98-20140523 10.00 224.00 234.00 NOTE

Check Details

Version: 0.98-20140523
Check: R code for possible problems
Result: NOTE
    Warning: local assignments to syntactic functions: ~
    Warning: local assignments to syntactic functions: ~
Flavors: r-devel-linux-x86_64-debian-clang, r-devel-linux-x86_64-debian-gcc, r-devel-linux-x86_64-fedora-clang, r-devel-linux-x86_64-fedora-gcc, r-devel-osx-x86_64-clang, r-patched-linux-x86_64, r-patched-solaris-sparc, r-patched-solaris-x86, r-release-linux-ix86, r-release-linux-x86_64

Version: 0.98-20140523
Check: R code for possible problems
Result: NOTE
    Warning: local assignments to syntactic functions: ~
Flavors: r-devel-windows-ix86+x86_64, r-release-osx-x86_64-mavericks, r-release-osx-x86_64-snowleopard, r-release-windows-ix86+x86_64, r-oldrel-windows-ix86+x86_64

Version: 0.98-20140523
Check: re-building of vignette outputs
Result: NOTE
    Error in re-building vignettes:
     ...
    Warning in hyperSpec:::.levelplot(x, data, ...) :
     Only first wavelength is used for plotting
    Loading required package: latticeExtra
    Loading required package: RColorBrewer
    
    Attaching package: latticeExtra
    
    The following object is masked from package:ggplot2 :
    
     layer
    
    Loading required package: deldir
    deldir 0.1-5
    Warning in plotc(x, ...) : Intensity at first wavelengh only is used.
    Warning in (function (x, y, z, subscripts, at = pretty(z), ..., col.regions = regions$col, :
     'x' values are not equispaced; output may be wrong
    Warning in hyperSpec:::.levelplot(x, data, ...) :
     Only first wavelength is used for plotting
    Warning in .local(.Object, ...) :
     The logbook is deprecated and soon be removed.
    make: Fatal error in reader: Makefile, line 2: Unexpected end of line seen
    Current working directory /home/ripley/R/packages/tests32/hyperSpec.Rcheck/vign_test/hyperSpec/vignettes
    Error in buildVignettes(dir = "/home/ripley/R/packages/tests32/hyperSpec.Rcheck/vign_test/hyperSpec") :
     running 'make' failed
    Execution halted
Flavors: r-patched-solaris-sparc, r-patched-solaris-x86

Version: 0.98-20140523
Check: package dependencies
Result: NOTE
    Package suggested but not available for checking: playwith
Flavor: r-release-osx-x86_64-mavericks

Version: 0.98-20140523
Check: re-building of vignette outputs
Result: NOTE
    Error in re-building vignettes:
     ...
    Tracing function "spc.fit.poly.below" in package "hyperSpec"
    Untracing function "spc.fit.poly.below" in package "hyperSpec"
    Tracing function "spc.fit.poly.below" in package "hyperSpec"
    Untracing function "spc.fit.poly.below" in package "hyperSpec"
    Tracing function "spc.fit.poly.below" in package "hyperSpec"
    Tracing function "spc.fit.poly.below" in package "hyperSpec"
    Tracing function "spc.fit.poly.below" in package "hyperSpec"
    Tracing function "spc.fit.poly.below" in package "hyperSpec"
    Untracing function "spc.fit.poly.below" in package "hyperSpec"
    Error in texi2dvi(file = file, pdf = TRUE, clean = clean, quiet = quiet, :
     Running 'texi2dvi' on 'baseline.tex' failed.
    LaTeX errors:
    ! LaTeX Error: File `hyphenat.sty' not found.
    
    Type X to quit or <RETURN> to proceed,
    or enter new name. (Default extension: sty)
    
    gn_test/hyperSpec/vignettes/baseline.tex:31: ==> Fatal error occurred, no outp
    ut PDF file produced!
    Calls: <Anonymous> -> do.call -> <Anonymous> -> texi2pdf -> texi2dvi
    Execution halted
    make: *** [baseline.pdf] Error 1
    Error in buildVignettes(dir = "/Builds/CRAN-QA-Simon/packages/mavericks-x86_64/results/3.1/hyperSpec.Rcheck/vign_test/hyperSpec") :
     running 'make' failed
    Execution halted
Flavor: r-release-osx-x86_64-mavericks