CRAN Package Check Results for Package hyperSpec

Last updated on 2017-05-24 22:47:14.

Flavor Version Tinstall Tcheck Ttotal Status Flags
r-devel-linux-x86_64-debian-clang 0.98-20161118 3.58 130.49 134.07 NOTE
r-devel-linux-x86_64-debian-gcc 0.98-20161118 3.62 129.17 132.79 NOTE
r-devel-linux-x86_64-fedora-clang 0.98-20161118 246.18 NOTE --no-stop-on-test-error
r-devel-linux-x86_64-fedora-gcc 0.98-20161118 242.77 NOTE --no-stop-on-test-error
r-devel-windows-ix86+x86_64 0.98-20161118 10.00 283.00 293.00 NOTE
r-patched-linux-x86_64 0.98-20161118 3.60 129.91 133.52 NOTE
r-patched-solaris-sparc 0.98-20161118 1390.70 NOTE
r-patched-solaris-x86 0.98-20161118 263.60 NOTE
r-release-linux-x86_64 0.98-20161118 3.74 130.42 134.15 NOTE
r-release-windows-ix86+x86_64 0.98-20161118 11.00 253.00 264.00 WARN
r-release-osx-x86_64 0.98-20161118 NOTE
r-oldrel-windows-ix86+x86_64 0.98-20161118 16.00 333.00 349.00 NOTE
r-oldrel-osx-x86_64 0.98-20161118 NOTE

Check Details

Version: 0.98-20161118
Check: R code for possible problems
Result: NOTE
    Warning: local assignments to syntactic functions: ~
    Warning: local assignments to syntactic functions: ~
Flavors: r-devel-linux-x86_64-debian-clang, r-devel-linux-x86_64-debian-gcc, r-patched-linux-x86_64, r-patched-solaris-sparc, r-patched-solaris-x86, r-release-linux-x86_64

Version: 0.98-20161118
Flags: --no-stop-on-test-error
Check: R code for possible problems
Result: NOTE
    Warning: local assignments to syntactic functions: ~
    Warning: local assignments to syntactic functions: ~
Flavors: r-devel-linux-x86_64-fedora-clang, r-devel-linux-x86_64-fedora-gcc

Version: 0.98-20161118
Check: R code for possible problems
Result: NOTE
    Warning: local assignments to syntactic functions: ~
Flavors: r-devel-windows-ix86+x86_64, r-release-windows-ix86+x86_64, r-release-osx-x86_64, r-oldrel-windows-ix86+x86_64, r-oldrel-osx-x86_64

Version: 0.98-20161118
Check: installed package size
Result: NOTE
     installed size is 5.2Mb
     sub-directories of 1Mb or more:
     doc 4.0Mb
Flavors: r-patched-solaris-sparc, r-patched-solaris-x86

Version: 0.98-20161118
Check: re-building of vignette outputs
Result: WARN
    Error in re-building vignettes:
     ...
    Warning in spc.fit.poly.below(chondro[1], poly.order = 1, npts.min = npts - :
     npts.min too small: adjusted to 2
    Tracing function "spc.fit.poly.below" in package "hyperSpec"
    Untracing function "spc.fit.poly.below" in package "hyperSpec"
    Tracing function "spc.fit.poly.below" in package "hyperSpec"
    Untracing function "spc.fit.poly.below" in package "hyperSpec"
    Warning in structure(x, class = unique(c("AsIs", oldClass(x)))) :
     Calling 'structure(NULL, *)' is deprecated, as NULL cannot have attributes.
     Consider 'structure(list(), *)' instead.
    Warning in structure(x, class = unique(c("AsIs", oldClass(x)))) :
     Calling 'structure(NULL, *)' is deprecated, as NULL cannot have attributes.
     Consider 'structure(list(), *)' instead.
    Warning in structure(x, class = unique(c("AsIs", oldClass(x)))) :
     Calling 'structure(NULL, *)' is deprecated, as NULL cannot have attributes.
     Consider 'structure(list(), *)' instead.
    Tracing function "spc.fit.poly.below" in package "hyperSpec"
    Tracing function "spc.fit.poly.below" in package "hyperSpec"
    Tracing function "spc.fit.poly.below" in package "hyperSpec"
    Tracing function "spc.fit.poly.below" in package "hyperSpec"
    Untracing function "spc.fit.poly.below" in package "hyperSpec"
    Warning: running command '"D:\compiler\texmf\miktex\bin\texify.exe" --quiet --pdf "fileio.tex" --max-iterations=20 -I "D:/RCompile/recent/R-3.4.0/share/texmf/tex/latex" -I "D:/RCompile/recent/R-3.4.0/share/texmf/bibtex/bst"' had status 1
    Error in find_vignette_product(name, by = "texi2pdf", engine = engine) :
     Failed to locate the 'texi2pdf' output file (by engine 'utils::Sweave') for vignette with name 'fileio'. The following files exist in directory '.': 'baseline-fig--classical-bl.pdf', 'baseline-fig--concordance.tex', 'baseline-fig--fig1.pdf', 'baseline-fig--fig2.pdf', 'baseline-fig--fig3.pdf', 'baseline-fig--fig4.pdf', 'baseline-fig--fig5.pdf', 'baseline-fig--figorder.pdf', 'baseline-fig--figspcrange.pdf', 'baseline-fig--rubberband-bent-corrected.pdf', 'baseline-fig--rubberband-bent-raw.pdf', 'baseline-fig--rubberband-raw.pdf', 'baseline-fig--rubberband.pdf', 'baseline-pkg.bib', 'baseline.Rnw', 'baseline.aux', 'baseline.bbl', 'baseline.blg', 'baseline.log', 'baseline.out', 'baseline.pdf', 'baseline.tex', 'baseline.toc', 'chondro.Rnw', 'chondro.aux', 'chondro.log', 'chondro.pdf', 'chondro.tex', 'fileio.Rnw', 'fileio.tex', 'flu.Rnw', 'functions.RData', 'introduction.Rnw', 'introduction.bib', 'laser.Rnw', 'plotting.Rnw', 'scan.txt.PerkinElmer.R', 'strukturhyperspec.pdf', 'vignett
    Calls: buildVignettes -> find_vignette_product
    Execution halted
Flavor: r-release-windows-ix86+x86_64

Version: 0.98-20161118
Check: re-building of vignette outputs
Result: NOTE
    Error in re-building vignettes:
     ...
     Consider 'structure(list(), *)' instead.
    Warning in structure(x, class = unique(c("AsIs", oldClass(x)))) :
     Calling 'structure(NULL, *)' is deprecated, as NULL cannot have attributes.
     Consider 'structure(list(), *)' instead.
    Tracing function "spc.fit.poly.below" in package "hyperSpec"
    Tracing function "spc.fit.poly.below" in package "hyperSpec"
    Tracing function "spc.fit.poly.below" in package "hyperSpec"
    Tracing function "spc.fit.poly.below" in package "hyperSpec"
    Untracing function "spc.fit.poly.below" in package "hyperSpec"
    Error in texi2dvi(file = file, pdf = TRUE, clean = clean, quiet = quiet, :
     Running 'texi2dvi' on 'baseline.tex' failed.
    LaTeX errors:
    ! LaTeX Error: File `fourier.sty' not found.
    
    Type X to quit or <RETURN> to proceed,
    or enter new name. (Default extension: sty)
    
    ! Emergency stop.
    <read *>
    
    l.12 \usepackage
     []{helvet}^^M
    ! ==> Fatal error occurred, no output PDF file produced!
    Calls: buildVignettes -> texi2pdf -> texi2dvi
    Execution halted
Flavor: r-release-osx-x86_64