CRAN Package Check Results for Package hyperSpec

Last updated on 2015-05-24 17:47:27.

Flavor Version Tinstall Tcheck Ttotal Status Flags
r-devel-linux-x86_64-debian-clang 0.98-20150304 3.44 155.80 159.24 NOTE
r-devel-linux-x86_64-debian-gcc 0.98-20150304 3.54 149.50 153.04 NOTE
r-devel-linux-x86_64-fedora-clang 0.98-20150304 316.55 NOTE
r-devel-linux-x86_64-fedora-gcc 0.98-20150304 304.30 NOTE
r-devel-osx-x86_64-clang 0.98-20150304 277.69 NOTE
r-devel-windows-ix86+x86_64 0.98-20150304 11.00 241.00 252.00 NOTE
r-patched-linux-x86_64 0.98-20150304 3.37 158.83 162.20 NOTE
r-patched-solaris-sparc 0.98-20150304 1379.70 NOTE
r-patched-solaris-x86 0.98-20150304 286.70 NOTE
r-release-linux-x86_64 0.98-20150304 3.45 157.63 161.08 NOTE
r-release-osx-x86_64-mavericks 0.98-20150304 NOTE
r-release-osx-x86_64-snowleopard 0.98-20150304 ERROR
r-release-windows-ix86+x86_64 0.98-20150304 11.00 233.00 244.00 NOTE
r-oldrel-windows-ix86+x86_64 0.98-20150304 17.00 288.00 305.00 NOTE

Check Details

Version: 0.98-20150304
Check: R code for possible problems
Result: NOTE
    Warning: local assignments to syntactic functions: ~
    Warning: local assignments to syntactic functions: ~
Flavors: r-devel-linux-x86_64-debian-clang, r-devel-linux-x86_64-debian-gcc, r-devel-linux-x86_64-fedora-clang, r-devel-linux-x86_64-fedora-gcc, r-devel-osx-x86_64-clang, r-patched-linux-x86_64, r-patched-solaris-sparc, r-patched-solaris-x86, r-release-linux-x86_64

Version: 0.98-20150304
Check: R code for possible problems
Result: NOTE
    Warning: local assignments to syntactic functions: ~
Flavors: r-devel-windows-ix86+x86_64, r-release-osx-x86_64-mavericks, r-release-windows-ix86+x86_64, r-oldrel-windows-ix86+x86_64

Version: 0.98-20150304
Check: re-building of vignette outputs
Result: NOTE
    Error in re-building vignettes:
     ...
    A front-end for Sweave and other vignette engines, via buildVignette()
    
    Options:
     -h, --help print this help message and exit
     -v, --version print version info and exit
     --driver=name use named Sweave driver
     --engine=pkg::engine use named vignette engine
     --encoding=enc default encoding 'enc' for file
     --clean corresponds to --clean=default
     --clean= remove some of the created files:
     "default" removes those the same initial name;
     "keepOuts" keeps e.g. *.tex even when PDF is produced
     --options= comma-separated list of Sweave/engine options
     --pdf convert to PDF document
     --compact= try to compact PDF document:
     "no" (default), "qpdf", "gs", "gs+qpdf", "both"
     --compact same as --compact=qpdf
    
    Report bugs at bugs.r-project.org .
    *** Error code 1
    make: Fatal error: Command failed for target `baseline.pdf'
    Current working directory /home/ripley/R/packages/tests32/hyperSpec.Rcheck/vign_test/hyperSpec/vignettes
    Error in buildVignettes(dir = "/home/ripley/R/packages/tests32/hyperSpec.Rcheck/vign_test/hyperSpec") :
     running 'make' failed
    Execution halted
Flavors: r-patched-solaris-sparc, r-patched-solaris-x86

Version: 0.98-20150304
Check: package dependencies
Result: ERROR
    Packages required but not available: ‘ggplot2’ ‘latticeExtra’
    
    See section ‘The DESCRIPTION file’ in the ‘Writing R Extensions’
    manual.
Flavor: r-release-osx-x86_64-snowleopard