CRAN Package Check Results for Package hyperSpec

Last updated on 2017-06-22 19:46:58.

Flavor Version Tinstall Tcheck Ttotal Status Flags
r-devel-linux-x86_64-debian-clang 0.98-20161118 3.50 136.18 139.67 NOTE
r-devel-linux-x86_64-debian-gcc 0.98-20161118 3.48 133.76 137.24 NOTE
r-devel-linux-x86_64-fedora-clang 0.98-20161118 246.91 NOTE
r-devel-linux-x86_64-fedora-gcc 0.98-20161118 242.40 NOTE
r-devel-windows-ix86+x86_64 0.98-20161118 15.00 360.00 375.00 NOTE
r-patched-linux-x86_64 0.98-20161118 4.33 131.48 135.80 NOTE
r-patched-solaris-sparc 0.98-20161118 1405.00 NOTE
r-patched-solaris-x86 0.98-20161118 265.10 NOTE
r-release-linux-x86_64 0.98-20161118 3.79 127.81 131.59 NOTE
r-release-windows-ix86+x86_64 0.98-20161118 14.00 311.00 325.00 NOTE
r-release-osx-x86_64 0.98-20161118 NOTE
r-oldrel-windows-ix86+x86_64 0.98-20161118 16.00 272.00 288.00 NOTE
r-oldrel-osx-x86_64 0.98-20161118 NOTE

Check Details

Version: 0.98-20161118
Check: S3 generic/method consistency
Result: NOTE
    Found the following apparent S3 methods exported but not registered:
     cbind.hyperSpec rbind.fill.matrix rbind.hyperSpec
    See section ‘Registering S3 methods’ in the ‘Writing R Extensions’
    manual.
Flavors: r-devel-linux-x86_64-debian-clang, r-devel-linux-x86_64-debian-gcc, r-devel-linux-x86_64-fedora-clang, r-devel-linux-x86_64-fedora-gcc, r-patched-linux-x86_64, r-patched-solaris-sparc, r-patched-solaris-x86

Version: 0.98-20161118
Check: R code for possible problems
Result: NOTE
    Warning: local assignments to syntactic functions: ~
    Warning: local assignments to syntactic functions: ~
Flavors: r-devel-linux-x86_64-debian-clang, r-devel-linux-x86_64-debian-gcc, r-devel-linux-x86_64-fedora-clang, r-devel-linux-x86_64-fedora-gcc, r-patched-linux-x86_64, r-patched-solaris-sparc, r-patched-solaris-x86, r-release-linux-x86_64

Version: 0.98-20161118
Check: Rd \usage sections
Result: NOTE
    S3 methods shown with full name in documentation object 'bind':
     ‘cbind.hyperSpec’ ‘rbind.hyperSpec’
    
    S3 methods shown with full name in documentation object 'rbind.fill.matrix':
     ‘rbind.fill.matrix’
    
    The \usage entries for S3 methods should use the \method markup and not
    their full name.
    See chapter ‘Writing R documentation files’ in the ‘Writing R
    Extensions’ manual.
Flavors: r-devel-linux-x86_64-debian-clang, r-devel-linux-x86_64-debian-gcc, r-devel-linux-x86_64-fedora-clang, r-devel-linux-x86_64-fedora-gcc, r-devel-windows-ix86+x86_64, r-patched-linux-x86_64, r-patched-solaris-sparc, r-patched-solaris-x86

Version: 0.98-20161118
Check: R code for possible problems
Result: NOTE
    Warning: local assignments to syntactic functions: ~
Flavors: r-devel-windows-ix86+x86_64, r-release-windows-ix86+x86_64, r-release-osx-x86_64, r-oldrel-windows-ix86+x86_64, r-oldrel-osx-x86_64

Version: 0.98-20161118
Check: installed package size
Result: NOTE
     installed size is 5.2Mb
     sub-directories of 1Mb or more:
     doc 4.0Mb
Flavors: r-patched-solaris-sparc, r-patched-solaris-x86

Version: 0.98-20161118
Check: re-building of vignette outputs
Result: NOTE
    Error in re-building vignettes:
     ...
     Consider 'structure(list(), *)' instead.
    Warning in structure(x, class = unique(c("AsIs", oldClass(x)))) :
     Calling 'structure(NULL, *)' is deprecated, as NULL cannot have attributes.
     Consider 'structure(list(), *)' instead.
    Tracing function "spc.fit.poly.below" in package "hyperSpec"
    Tracing function "spc.fit.poly.below" in package "hyperSpec"
    Tracing function "spc.fit.poly.below" in package "hyperSpec"
    Tracing function "spc.fit.poly.below" in package "hyperSpec"
    Untracing function "spc.fit.poly.below" in package "hyperSpec"
    Error in texi2dvi(file = file, pdf = TRUE, clean = clean, quiet = quiet, :
     Running 'texi2dvi' on 'baseline.tex' failed.
    LaTeX errors:
    ! LaTeX Error: File `fourier.sty' not found.
    
    Type X to quit or <RETURN> to proceed,
    or enter new name. (Default extension: sty)
    
    ! Emergency stop.
    <read *>
    
    l.12 \usepackage
     []{helvet}^^M
    ! ==> Fatal error occurred, no output PDF file produced!
    Calls: buildVignettes -> texi2pdf -> texi2dvi
    Execution halted
Flavor: r-release-osx-x86_64