CRAN Package Check Results for Package hyperSpec

Last updated on 2015-09-04 06:48:06.

Flavor Version Tinstall Tcheck Ttotal Status Flags
r-devel-linux-x86_64-debian-clang 0.98-20150304 3.42 152.32 155.73 NOTE
r-devel-linux-x86_64-debian-gcc 0.98-20150304 3.40 150.04 153.44 NOTE
r-devel-linux-x86_64-fedora-clang 0.98-20150304 311.44 NOTE
r-devel-linux-x86_64-fedora-gcc 0.98-20150304 299.47 NOTE
r-devel-osx-x86_64-clang 0.98-20150304 259.84 NOTE
r-devel-windows-ix86+x86_64 0.98-20150304 13.00 245.00 258.00 NOTE
r-patched-linux-x86_64 0.98-20150304 3.43 153.83 157.26 NOTE
r-patched-solaris-sparc 0.98-20150304 1412.80 NOTE
r-patched-solaris-x86 0.98-20150304 287.70 NOTE
r-release-linux-x86_64 0.98-20150304 3.56 154.35 157.91 NOTE
r-release-osx-x86_64-mavericks 0.98-20150304 NOTE
r-release-windows-ix86+x86_64 0.98-20150304 18.00 253.00 271.00 NOTE
r-oldrel-windows-ix86+x86_64 0.98-20150304 23.00 322.00 345.00 NOTE

Check Details

Version: 0.98-20150304
Check: R code for possible problems
Result: NOTE
    Warning: local assignments to syntactic functions: ~
    Warning: local assignments to syntactic functions: ~
    .cut.ticks: no visible global function definition for ‘head’
    .jdx.TABULAR.PAC: no visible global function definition for ‘head’
    .jdx.hdr.concentrations: no visible global function definition for
     ‘modifyList’
    .jdx.readhdr: no visible global function definition for ‘maintainer’
    .labels: no visible global function definition for ‘modifyList’
    .levelplot: no visible global function definition for ‘modifyList’
    .paste.row : .print.val: no visible global function definition for
     ‘head’
    .paste.row : .print.val: no visible global function definition for
     ‘tail’
    .plot: no visible global function definition for ‘modifyList’
    .rubberband: no visible global function definition for ‘chull’
    .spc.error: no visible global function definition for ‘str’
    .spc.filehdr: no visible global function definition for ‘maintainer’
    .spc.log: no visible global function definition for ‘tail’
    .spc.log: no visible global function definition for ‘head’
    alois.palette: no visible global function definition for
     ‘colorRampPalette’
    colmix.rgb: no visible global function definition for ‘col2rgb’
    colmix.rgb: no visible global function definition for ‘rgb’
    fitraster: no visible global function definition for ‘tail’
    hy.setOptions: no visible global function definition for ‘modifyList’
    map.identify: no visible global function definition for ‘modifyList’
    mark.dendrogram: no visible global function definition for ‘head’
    mark.dendrogram: no visible global function definition for ‘tail’
    matlab.dark.palette: no visible global function definition for
     ‘col2rgb’
    matlab.dark.palette: no visible global function definition for ‘rgb’
    plotc: no visible global function definition for ‘modifyList’
    plotmap: no visible global function definition for ‘modifyList’
    plotmat: no visible global function definition for ‘modifyList’
    plotspc: no visible global function definition for ‘relist’
    plotspc: no visible global function definition for ‘modifyList’
    plotspc: no visible global function definition for ‘rgb’
    plotspc: no visible global function definition for ‘col2rgb’
    plotspc: no visible global function definition for ‘head’
    plotspc: no visible global function definition for ‘tail’
    plotvoronoi: no visible global function definition for ‘modifyList’
    qplotmap: no visible global function definition for ‘tail’
    raw.split.nul: no visible global function definition for ‘tail’
    read.ENVI: no visible global function definition for ‘modifyList’
    read.ENVI.Nicolet: no visible global function definition for
     ‘modifyList’
    read.jdx: no visible global function definition for ‘modifyList’
    read.spc: no visible global function definition for ‘modifyList’
    read.txt.Shimadzu: no visible global function definition for
     ‘read.table’
    read.txt.long: no visible global function definition for ‘read.table’
    read.txt.long: no visible global function definition for ‘unstack’
    read.txt.wide: no visible global function definition for ‘read.table’
    read.txt.wide: no visible global function definition for ‘head’
    scan.txt.Renishaw: no visible global function definition for ‘head’
    sel.poly: no visible global function definition for ‘tail’
    trellis.factor.key: no visible global function definition for
     ‘modifyList’
    wc: no visible global function definition for ‘read.table’
    write.txt.long: no visible global function definition for ‘write.table’
    write.txt.wide: no visible global function definition for ‘write.table’
    labels,hyperSpec: no visible global function definition for
     ‘modifyList’
    levelplot,formula-hyperSpec: no visible global function definition for
     ‘modifyList’
    plot,hyperSpec-character: no visible global function definition for
     ‘modifyList’
    Undefined global functions or variables:
     chull col2rgb colorRampPalette head maintainer modifyList read.table
     relist rgb str tail unstack write.table
    Consider adding
     importFrom("grDevices", "chull", "col2rgb", "colorRampPalette", "rgb")
     importFrom("utils", "head", "maintainer", "modifyList", "read.table",
     "relist", "str", "tail", "unstack", "write.table")
    to your NAMESPACE.
Flavors: r-devel-linux-x86_64-debian-clang, r-devel-linux-x86_64-debian-gcc, r-devel-linux-x86_64-fedora-clang, r-devel-linux-x86_64-fedora-gcc

Version: 0.98-20150304
Check: R code for possible problems
Result: NOTE
    Warning: local assignments to syntactic functions: ~
    Warning: local assignments to syntactic functions: ~
Flavors: r-devel-osx-x86_64-clang, r-patched-linux-x86_64, r-patched-solaris-sparc, r-patched-solaris-x86, r-release-linux-x86_64

Version: 0.98-20150304
Check: R code for possible problems
Result: NOTE
    Warning: local assignments to syntactic functions: ~
    .cut.ticks: no visible global function definition for 'head'
    .jdx.TABULAR.PAC: no visible global function definition for 'head'
    .jdx.hdr.concentrations: no visible global function definition for
     'modifyList'
    .jdx.readhdr: no visible global function definition for 'maintainer'
    .labels: no visible global function definition for 'modifyList'
    .levelplot: no visible global function definition for 'modifyList'
    .paste.row : .print.val: no visible global function definition for
     'head'
    .paste.row : .print.val: no visible global function definition for
     'tail'
    .plot: no visible global function definition for 'modifyList'
    .rubberband: no visible global function definition for 'chull'
    .spc.error: no visible global function definition for 'str'
    .spc.filehdr: no visible global function definition for 'maintainer'
    .spc.log: no visible global function definition for 'tail'
    .spc.log: no visible global function definition for 'head'
    alois.palette: no visible global function definition for
     'colorRampPalette'
    colmix.rgb: no visible global function definition for 'col2rgb'
    colmix.rgb: no visible global function definition for 'rgb'
    fitraster: no visible global function definition for 'tail'
    hy.setOptions: no visible global function definition for 'modifyList'
    map.identify: no visible global function definition for 'modifyList'
    mark.dendrogram: no visible global function definition for 'head'
    mark.dendrogram: no visible global function definition for 'tail'
    matlab.dark.palette: no visible global function definition for
     'col2rgb'
    matlab.dark.palette: no visible global function definition for 'rgb'
    plotc: no visible global function definition for 'modifyList'
    plotmap: no visible global function definition for 'modifyList'
    plotmat: no visible global function definition for 'modifyList'
    plotspc: no visible global function definition for 'relist'
    plotspc: no visible global function definition for 'modifyList'
    plotspc: no visible global function definition for 'rgb'
    plotspc: no visible global function definition for 'col2rgb'
    plotspc: no visible global function definition for 'head'
    plotspc: no visible global function definition for 'tail'
    plotvoronoi: no visible global function definition for 'modifyList'
    qplotmap: no visible global function definition for 'tail'
    raw.split.nul: no visible global function definition for 'tail'
    read.ENVI: no visible global function definition for 'modifyList'
    read.ENVI.Nicolet: no visible global function definition for
     'modifyList'
    read.jdx: no visible global function definition for 'modifyList'
    read.spc: no visible global function definition for 'modifyList'
    read.txt.Shimadzu: no visible global function definition for
     'read.table'
    read.txt.long: no visible global function definition for 'read.table'
    read.txt.long: no visible global function definition for 'unstack'
    read.txt.wide: no visible global function definition for 'read.table'
    read.txt.wide: no visible global function definition for 'head'
    scan.txt.Renishaw: no visible global function definition for 'head'
    sel.poly: no visible global function definition for 'tail'
    trellis.factor.key: no visible global function definition for
     'modifyList'
    wc: no visible global function definition for 'read.table'
    write.txt.long: no visible global function definition for 'write.table'
    write.txt.wide: no visible global function definition for 'write.table'
    labels,hyperSpec: no visible global function definition for
     'modifyList'
    levelplot,formula-hyperSpec: no visible global function definition for
     'modifyList'
    plot,hyperSpec-character: no visible global function definition for
     'modifyList'
    Undefined global functions or variables:
     chull col2rgb colorRampPalette head maintainer modifyList read.table
     relist rgb str tail unstack write.table
    Consider adding
     importFrom("grDevices", "chull", "col2rgb", "colorRampPalette", "rgb")
     importFrom("utils", "head", "maintainer", "modifyList", "read.table",
     "relist", "str", "tail", "unstack", "write.table")
    to your NAMESPACE.
Flavor: r-devel-windows-ix86+x86_64

Version: 0.98-20150304
Check: re-building of vignette outputs
Result: NOTE
    Error in re-building vignettes:
     ...
    A front-end for Sweave and other vignette engines, via buildVignette()
    
    Options:
     -h, --help print this help message and exit
     -v, --version print version info and exit
     --driver=name use named Sweave driver
     --engine=pkg::engine use named vignette engine
     --encoding=enc default encoding 'enc' for file
     --clean corresponds to --clean=default
     --clean= remove some of the created files:
     "default" removes those the same initial name;
     "keepOuts" keeps e.g. *.tex even when PDF is produced
     --options= comma-separated list of Sweave/engine options
     --pdf convert to PDF document
     --compact= try to compact PDF document:
     "no" (default), "qpdf", "gs", "gs+qpdf", "both"
     --compact same as --compact=qpdf
    
    Report bugs at bugs.r-project.org .
    *** Error code 1
    make: Fatal error: Command failed for target `baseline.pdf'
    Current working directory /home/ripley/R/packages/tests32/hyperSpec.Rcheck/vign_test/hyperSpec/vignettes
    Error in buildVignettes(dir = "/home/ripley/R/packages/tests32/hyperSpec.Rcheck/vign_test/hyperSpec") :
     running 'make' failed
    Execution halted
Flavors: r-patched-solaris-sparc, r-patched-solaris-x86

Version: 0.98-20150304
Check: R code for possible problems
Result: NOTE
    Warning: local assignments to syntactic functions: ~
Flavors: r-release-osx-x86_64-mavericks, r-release-windows-ix86+x86_64, r-oldrel-windows-ix86+x86_64