CRAN Package Check Results for Package hyperSpec

Last updated on 2017-03-29 23:53:10.

Flavor Version Tinstall Tcheck Ttotal Status Flags
r-devel-linux-x86_64-debian-clang 0.98-20161118 3.45 131.19 134.64 NOTE
r-devel-linux-x86_64-debian-gcc 0.98-20161118 3.48 128.67 132.16 NOTE
r-devel-linux-x86_64-fedora-clang 0.98-20161118 244.46 NOTE --no-stop-on-test-error
r-devel-linux-x86_64-fedora-gcc 0.98-20161118 251.55 NOTE --no-stop-on-test-error
r-devel-macos-x86_64-clang 0.98-20161118 181.19 NOTE --no-stop-on-test-error
r-devel-windows-ix86+x86_64 0.98-20161118 10.00 291.00 301.00 NOTE
r-patched-linux-x86_64 0.98-20161118 3.62 131.47 135.08 NOTE
r-patched-solaris-sparc 0.98-20161118 1390.70 NOTE
r-patched-solaris-x86 0.98-20161118 267.50 NOTE
r-release-linux-x86_64 0.98-20161118 3.42 111.05 114.47 NOTE
r-release-osx-x86_64-mavericks 0.98-20161118 NOTE
r-release-windows-ix86+x86_64 0.98-20161118 27.00 315.00 342.00 NOTE
r-oldrel-windows-ix86+x86_64 0.98-20161118 30.00 562.00 592.00 NOTE

Check Details

Version: 0.98-20161118
Check: R code for possible problems
Result: NOTE
    Warning: local assignments to syntactic functions: ~
    Warning: local assignments to syntactic functions: ~
Flavors: r-devel-linux-x86_64-debian-clang, r-devel-linux-x86_64-debian-gcc, r-patched-linux-x86_64, r-patched-solaris-sparc, r-patched-solaris-x86, r-release-linux-x86_64

Version: 0.98-20161118
Flags: --no-stop-on-test-error
Check: R code for possible problems
Result: NOTE
    Warning: local assignments to syntactic functions: ~
    Warning: local assignments to syntactic functions: ~
Flavors: r-devel-linux-x86_64-fedora-clang, r-devel-linux-x86_64-fedora-gcc, r-devel-macos-x86_64-clang

Version: 0.98-20161118
Check: R code for possible problems
Result: NOTE
    Warning: local assignments to syntactic functions: ~
Flavors: r-devel-windows-ix86+x86_64, r-release-osx-x86_64-mavericks, r-release-windows-ix86+x86_64, r-oldrel-windows-ix86+x86_64

Version: 0.98-20161118
Check: installed package size
Result: NOTE
     installed size is 5.2Mb
     sub-directories of 1Mb or more:
     doc 4.0Mb
Flavors: r-patched-solaris-sparc, r-patched-solaris-x86