CRAN Package Check Results for Package hyperSpec

Last updated on 2021-10-16 13:52:26 CEST.

Flavor Version Tinstall Tcheck Ttotal Status Flags
r-devel-linux-x86_64-debian-clang 0.100.0 17.97 283.02 300.99 OK
r-devel-linux-x86_64-debian-gcc 0.100.0 13.96 211.07 225.03 OK
r-devel-linux-x86_64-fedora-clang 0.100.0 400.52 OK
r-devel-linux-x86_64-fedora-gcc 0.100.0 381.30 OK
r-devel-windows-x86_64 0.100.0 30.00 249.00 279.00 OK
r-devel-windows-x86_64-gcc10-UCRT 0.100.0 OK
r-patched-linux-x86_64 0.100.0 18.87 282.47 301.34 OK
r-patched-solaris-x86 0.100.0 488.40 NOTE
r-release-linux-x86_64 0.100.0 15.83 282.20 298.03 OK
r-release-macos-arm64 0.100.0 OK
r-release-macos-x86_64 0.100.0 OK
r-release-windows-ix86+x86_64 0.100.0 36.00 368.00 404.00 OK
r-oldrel-macos-x86_64 0.100.0 OK
r-oldrel-windows-ix86+x86_64 0.100.0 38.00 368.00 406.00 OK

Check Details

Version: 0.100.0
Check: installed package size
Result: NOTE
     installed size is 5.0Mb
     sub-directories of 1Mb or more:
     doc 3.4Mb
Flavor: r-patched-solaris-x86