CRAN Package Check Results for Package hyperdirichlet

Last updated on 2015-09-03 09:46:59.

Flavor Version Tinstall Tcheck Ttotal Status Flags
r-devel-linux-x86_64-debian-clang 1.4-9 1.72 40.14 41.86 NOTE
r-devel-linux-x86_64-debian-gcc 1.4-9 1.85 39.26 41.11 NOTE
r-devel-linux-x86_64-fedora-clang 1.4-9 85.03 NOTE
r-devel-linux-x86_64-fedora-gcc 1.4-9 84.73 NOTE
r-devel-osx-x86_64-clang 1.4-9 80.09 NOTE
r-devel-windows-ix86+x86_64 1.4-9 7.00 58.00 65.00 NOTE
r-patched-linux-x86_64 1.4-9 1.79 41.81 43.60 NOTE
r-patched-solaris-sparc 1.4-9 549.60 NOTE
r-patched-solaris-x86 1.4-9 108.40 NOTE
r-release-linux-x86_64 1.4-9 1.73 41.41 43.14 NOTE
r-release-osx-x86_64-mavericks 1.4-9 NOTE
r-release-windows-ix86+x86_64 1.4-9 8.00 60.00 68.00 NOTE
r-oldrel-windows-ix86+x86_64 1.4-9 12.00 77.00 89.00 OK

Check Details

Version: 1.4-9
Check: DESCRIPTION meta-information
Result: NOTE
    Malformed Description field: should contain one or more complete sentences.
Flavors: r-devel-linux-x86_64-debian-clang, r-devel-linux-x86_64-debian-gcc, r-devel-linux-x86_64-fedora-clang, r-devel-linux-x86_64-fedora-gcc, r-devel-osx-x86_64-clang, r-devel-windows-ix86+x86_64, r-patched-linux-x86_64, r-patched-solaris-sparc, r-patched-solaris-x86, r-release-linux-x86_64, r-release-osx-x86_64-mavericks, r-release-windows-ix86+x86_64

Version: 1.4-9
Check: R code for possible problems
Result: NOTE
    maxmult: no visible global function definition for ‘cov’
    maxmult: no visible global function definition for ‘nlm’
    maxmult: no visible global function definition for ‘optim’
    mle: no visible global function definition for ‘optim’
    mle_restricted: no visible global function definition for ‘optim’
    rhyperdirichlet: no visible global function definition for ‘runif’
    triplot: no visible global function definition for ‘quantile’
    triplot: no visible global function definition for ‘image’
    triplot: no visible global function definition for ‘contour’
    triplot: no visible global function definition for ‘segments’
    triplot: no visible global function definition for ‘text’
    Undefined global functions or variables:
     contour cov image nlm optim quantile runif segments text
    Consider adding
     importFrom("graphics", "contour", "image", "segments", "text")
     importFrom("stats", "cov", "nlm", "optim", "quantile", "runif")
    to your NAMESPACE.
Flavors: r-devel-linux-x86_64-debian-clang, r-devel-linux-x86_64-debian-gcc, r-devel-linux-x86_64-fedora-clang, r-devel-linux-x86_64-fedora-gcc, r-devel-windows-ix86+x86_64