CRAN Package Check Results for Package hyperdirichlet

Last updated on 2015-01-26 03:52:26.

Flavor Version Tinstall Tcheck Ttotal Status Flags
r-devel-linux-x86_64-debian-clang 1.4-9 2.16 47.09 49.25 OK
r-devel-linux-x86_64-debian-gcc 1.4-9 2.11 45.35 47.46 OK
r-devel-linux-x86_64-fedora-clang 1.4-9 110.55 OK
r-devel-linux-x86_64-fedora-gcc 1.4-9 103.90 OK
r-devel-osx-x86_64-clang 1.4-9 109.70 OK
r-devel-windows-ix86+x86_64 1.4-9 12.00 81.00 93.00 OK
r-patched-linux-x86_64 1.4-9 2.70 51.48 54.17 OK
r-patched-solaris-sparc 1.4-9 671.30 OK
r-patched-solaris-x86 1.4-9 131.50 OK
r-release-linux-ix86 1.4-9 2.96 61.70 64.65 OK
r-release-linux-x86_64 1.4-9 2.68 53.00 55.68 OK
r-release-osx-x86_64-mavericks 1.4-9 OK
r-release-osx-x86_64-snowleopard 1.4-9 NOTE
r-release-windows-ix86+x86_64 1.4-9 8.00 76.00 84.00 OK
r-oldrel-windows-ix86+x86_64 1.4-9 8.00 114.00 122.00 OK

Check Details

Version: 1.4-9
Check: re-building of vignette outputs
Result: NOTE
    Error in re-building vignettes:
     ...
    Loading required package: aylmer
    Loading required package: Brobdingnag
    
    Attaching package: 'Brobdingnag'
    
    The following objects are masked from 'package:base':
    
     max, min, prod, range, sum
    
    Loading required package: hyperdirichlet
    Loading required package: abind
    Error in texi2dvi(file = file, pdf = TRUE, clean = clean, quiet = quiet, :
     Running 'texi2dvi' on 'correspondence.tex' failed.
    LaTeX errors:
    ! LaTeX Error: File `dsfont.sty' not found.
    
    Type X to quit or <RETURN> to proceed,
    or enter new name. (Default extension: sty)
    Calls: buildVignettes -> texi2pdf -> texi2dvi
    Execution halted
Flavor: r-release-osx-x86_64-snowleopard