CRAN Package Check Results for Package hyperdirichlet

Last updated on 2017-06-28 10:48:16.

Flavor Version Tinstall Tcheck Ttotal Status Flags
r-devel-linux-x86_64-debian-clang 1.5-1 1.94 41.52 43.45 OK
r-devel-linux-x86_64-debian-gcc 1.5-1 1.94 42.58 44.53 OK
r-devel-windows-ix86+x86_64 1.5-1 9.00 89.00 98.00 OK
r-patched-linux-x86_64 1.5-1 1.87 43.02 44.89 OK
r-patched-solaris-sparc 1.5-1 467.10 OK
r-release-linux-x86_64 1.5-1 1.95 41.17 43.12 OK
r-release-windows-ix86+x86_64 1.5-1 6.00 121.00 127.00 OK
r-release-osx-x86_64 1.5-1 NOTE
r-oldrel-windows-ix86+x86_64 1.5-1 8.00 108.00 116.00 OK
r-oldrel-osx-x86_64 1.5-1 OK

Check Details

Version: 1.5-1
Check: re-building of vignette outputs
Result: NOTE
    Error in re-building vignettes:
     ...
    
    Attaching package: ‘Brobdingnag’
    
    The following objects are masked from ‘package:base’:
    
     max, min, prod, range, sum
    
    Loading required package: hyperdirichlet
    Loading required package: abind
    Error in texi2dvi(file = file, pdf = TRUE, clean = clean, quiet = quiet, :
     Running 'texi2dvi' on 'correspondence.tex' failed.
    LaTeX errors:
    ! LaTeX Error: File `dsfont.sty' not found.
    
    Type X to quit or <RETURN> to proceed,
    or enter new name. (Default extension: sty)
    
    ! Emergency stop.
    <read *>
    
    l.4 \usepackage
     {bbm}^^M
    ! ==> Fatal error occurred, no output PDF file produced!
    Calls: buildVignettes -> texi2pdf -> texi2dvi
    Execution halted
Flavor: r-release-osx-x86_64