CRAN Package Check Results for Package hyperdirichlet

Last updated on 2014-09-16 14:47:32.

Flavor Version Tinstall Tcheck Ttotal Status Flags
r-devel-linux-x86_64-debian-clang 1.4-9 2.47 50.64 53.12 OK
r-devel-linux-x86_64-debian-gcc 1.4-9 2.39 49.52 51.91 OK
r-devel-linux-x86_64-fedora-clang 1.4-9 113.32 OK
r-devel-linux-x86_64-fedora-gcc 1.4-9 105.02 OK
r-devel-osx-x86_64-clang 1.4-9 103.80 OK
r-devel-windows-ix86+x86_64 1.4-9 7.00 65.00 72.00 OK
r-patched-linux-x86_64 1.4-9 2.69 50.18 52.88 OK
r-patched-solaris-sparc 1.4-9 707.70 OK
r-patched-solaris-x86 1.4-9 132.10 OK
r-release-linux-ix86 1.4-9 3.22 65.25 68.47 OK
r-release-linux-x86_64 1.4-9 2.58 53.78 56.36 OK
r-release-osx-x86_64-mavericks 1.4-9 NOTE
r-release-osx-x86_64-snowleopard 1.4-9 NOTE
r-release-windows-ix86+x86_64 1.4-9 7.00 71.00 78.00 OK
r-oldrel-windows-ix86+x86_64 1.4-9 8.00 70.00 78.00 OK

Check Details

Version: 1.4-9
Check: re-building of vignette outputs
Result: NOTE
    Error in re-building vignettes:
     ...
    Loading required package: aylmer
    Loading required package: Brobdingnag
    
    Attaching package: ‘Brobdingnag’
    
    The following objects are masked from ‘package:base’:
    
     max, min, prod, range, sum
    
    Loading required package: hyperdirichlet
    Loading required package: abind
    Error in texi2dvi(file = file, pdf = TRUE, clean = clean, quiet = quiet, :
     Running 'texi2dvi' on 'correspondence.tex' failed.
    LaTeX errors:
    ! LaTeX Error: File `dsfont.sty' not found.
    
    Type X to quit or <RETURN> to proceed,
    or enter new name. (Default extension: sty)
    
    ck/vign_test/hyperdirichlet/vignettes/correspondence.tex:4: ==> Fatal error oc
    curred, no output PDF file produced!
    Calls: buildVignettes -> texi2pdf -> texi2dvi
    Execution halted
Flavor: r-release-osx-x86_64-mavericks

Version: 1.4-9
Check: re-building of vignette outputs
Result: NOTE
    Error in re-building vignettes:
     ...
    Loading required package: aylmer
    Loading required package: Brobdingnag
    
    Attaching package: 'Brobdingnag'
    
    The following objects are masked from 'package:base':
    
     max, min, prod, range, sum
    
    Loading required package: hyperdirichlet
    Loading required package: abind
    Error in texi2dvi(file = file, pdf = TRUE, clean = clean, quiet = quiet, :
     Running 'texi2dvi' on 'correspondence.tex' failed.
    LaTeX errors:
    ! LaTeX Error: File `dsfont.sty' not found.
    
    Type X to quit or <RETURN> to proceed,
    or enter new name. (Default extension: sty)
    Calls: buildVignettes -> texi2pdf -> texi2dvi
    Execution halted
Flavor: r-release-osx-x86_64-snowleopard