CRAN Package Check Results for Package hyperdirichlet

Last updated on 2015-03-05 02:47:40.

Flavor Version Tinstall Tcheck Ttotal Status Flags
r-devel-linux-x86_64-debian-clang 1.4-9 2.02 42.68 44.70 NOTE
r-devel-linux-x86_64-debian-gcc 1.4-9 1.68 40.39 42.07 NOTE
r-devel-linux-x86_64-fedora-clang 1.4-9 89.89 NOTE
r-devel-linux-x86_64-fedora-gcc 1.4-9 86.23 NOTE
r-devel-osx-x86_64-clang 1.4-9 96.37 NOTE
r-devel-windows-ix86+x86_64 1.4-9 6.00 60.00 66.00 NOTE
r-patched-linux-x86_64 1.4-9 2.56 54.12 56.68 OK
r-patched-solaris-sparc 1.4-9 682.40 OK
r-patched-solaris-x86 1.4-9 132.90 OK
r-release-linux-ix86 1.4-9 3.38 70.42 73.80 OK
r-release-linux-x86_64 1.4-9 2.63 52.63 55.26 OK
r-release-osx-x86_64-mavericks 1.4-9 OK
r-release-osx-x86_64-snowleopard 1.4-9 NOTE
r-release-windows-ix86+x86_64 1.4-9 8.00 73.00 81.00 OK
r-oldrel-windows-ix86+x86_64 1.4-9 7.00 68.00 75.00 OK

Check Details

Version: 1.4-9
Check: DESCRIPTION meta-information
Result: NOTE
    Malformed Description field: should contain one or more complete sentences.
Flavors: r-devel-linux-x86_64-debian-clang, r-devel-linux-x86_64-debian-gcc, r-devel-linux-x86_64-fedora-clang, r-devel-linux-x86_64-fedora-gcc, r-devel-osx-x86_64-clang, r-devel-windows-ix86+x86_64

Version: 1.4-9
Check: re-building of vignette outputs
Result: NOTE
    Error in re-building vignettes:
     ...
    Loading required package: aylmer
    Loading required package: Brobdingnag
    
    Attaching package: 'Brobdingnag'
    
    The following objects are masked from 'package:base':
    
     max, min, prod, range, sum
    
    Loading required package: hyperdirichlet
    Loading required package: abind
    Error in texi2dvi(file = file, pdf = TRUE, clean = clean, quiet = quiet, :
     Running 'texi2dvi' on 'correspondence.tex' failed.
    LaTeX errors:
    ! LaTeX Error: File `dsfont.sty' not found.
    
    Type X to quit or <RETURN> to proceed,
    or enter new name. (Default extension: sty)
    Calls: buildVignettes -> texi2pdf -> texi2dvi
    Execution halted
Flavor: r-release-osx-x86_64-snowleopard