CRAN Package Check Results for Package hyperdirichlet

Last updated on 2014-04-24 03:47:46.

Flavor Version Tinstall Tcheck Ttotal Status Flags
r-devel-linux-x86_64-debian-clang 1.4-9 2.70 53.00 55.69 OK
r-devel-linux-x86_64-debian-gcc 1.4-9 2.72 54.55 57.27 OK
r-devel-linux-x86_64-fedora-clang 1.4-9 122.46 OK
r-devel-linux-x86_64-fedora-gcc 1.4-9 117.36 OK
r-devel-osx-x86_64-clang 1.4-9 102.75 OK
r-devel-osx-x86_64-gcc 1.4-9 OK
r-devel-windows-ix86+x86_64 1.4-9 6.00 70.00 76.00 OK
r-patched-linux-x86_64 1.4-9 2.73 52.90 55.63 OK
r-patched-solaris-sparc 1.4-9 667.20 OK
r-patched-solaris-x86 1.4-9 141.00 OK
r-release-linux-ix86 1.4-9 4.00 96.00 100.00 OK
r-release-linux-x86_64 1.4-9 2.68 55.63 58.31 OK
r-release-osx-x86_64-mavericks 1.4-9 NOTE
r-release-osx-x86_64-snowleopard 1.4-9 NOTE
r-release-windows-ix86+x86_64 1.4-9 8.00 70.00 78.00 OK
r-oldrel-windows-ix86+x86_64 1.4-9 9.00 68.00 77.00 OK

Check Details

Version: 1.4-9
Check: re-building of vignette outputs
Result: NOTE
    Error in re-building vignettes:
     ...
    Loading required package: aylmer
    Loading required package: Brobdingnag
    
    Attaching package: ‘Brobdingnag’
    
    The following objects are masked from ‘package:base’:
    
     max, min, prod, range, sum
    
    Loading required package: hyperdirichlet
    Loading required package: abind
    Error in texi2dvi(file = file, pdf = TRUE, clean = clean, quiet = quiet, :
     Running 'texi2dvi' on 'correspondence.tex' failed.
    LaTeX errors:
    ! LaTeX Error: File `dsfont.sty' not found.
    
    Type X to quit or <RETURN> to proceed,
    or enter new name. (Default extension: sty)
    
    ck/vign_test/hyperdirichlet/vignettes/correspondence.tex:4: ==> Fatal error oc
    curred, no output PDF file produced!
    Calls: buildVignettes -> texi2pdf -> texi2dvi
    Execution halted
Flavor: r-release-osx-x86_64-mavericks

Version: 1.4-9
Check: re-building of vignette outputs
Result: NOTE
    Error in re-building vignettes:
     ...
    Loading required package: aylmer
    Loading required package: Brobdingnag
    
    Attaching package: 'Brobdingnag'
    
    The following objects are masked from 'package:base':
    
     max, min, prod, range, sum
    
    Loading required package: hyperdirichlet
    Loading required package: abind
    Error in texi2dvi(file = file, pdf = TRUE, clean = clean, quiet = quiet, :
     Running 'texi2dvi' on 'correspondence.tex' failed.
    LaTeX errors:
    ! LaTeX Error: File `dsfont.sty' not found.
    
    Type X to quit or <RETURN> to proceed,
    or enter new name. (Default extension: sty)
    Calls: buildVignettes -> texi2pdf -> texi2dvi
    Execution halted
Flavor: r-release-osx-x86_64-snowleopard