CRAN Package Check Results for Package hyperdirichlet

Last updated on 2016-06-30 06:47:03.

Flavor Version Tinstall Tcheck Ttotal Status Flags
r-devel-linux-x86_64-debian-gcc 1.4-9 1.85 38.73 40.59 NOTE
r-devel-linux-x86_64-fedora-clang 1.4-9 73.27 NOTE
r-devel-linux-x86_64-fedora-gcc 1.4-9 69.97 NOTE
r-devel-osx-x86_64-clang 1.4-9 63.71 NOTE
r-devel-windows-ix86+x86_64 1.4-9 6.00 96.00 102.00 NOTE
r-patched-linux-x86_64 1.4-9 1.59 37.69 39.27 NOTE
r-patched-solaris-sparc 1.4-9 433.30 NOTE
r-patched-solaris-x86 1.4-9 83.90 NOTE
r-release-linux-x86_64 1.4-9 1.57 35.79 37.35 NOTE
r-release-osx-x86_64-mavericks 1.4-9 NOTE
r-release-windows-ix86+x86_64 1.4-9 10.00 109.00 119.00 NOTE
r-oldrel-windows-ix86+x86_64 1.4-9 9.00 79.00 88.00 NOTE

Check Details

Version: 1.4-9
Check: DESCRIPTION meta-information
Result: NOTE
    Malformed Description field: should contain one or more complete sentences.
Flavors: r-devel-linux-x86_64-debian-gcc, r-devel-linux-x86_64-fedora-clang, r-devel-linux-x86_64-fedora-gcc, r-devel-osx-x86_64-clang, r-devel-windows-ix86+x86_64, r-patched-linux-x86_64, r-patched-solaris-sparc, r-patched-solaris-x86, r-release-linux-x86_64, r-release-osx-x86_64-mavericks, r-release-windows-ix86+x86_64, r-oldrel-windows-ix86+x86_64

Version: 1.4-9
Check: R code for possible problems
Result: NOTE
    maxmult: no visible global function definition for ‘cov’
    maxmult: no visible global function definition for ‘nlm’
    maxmult: no visible global function definition for ‘optim’
    mle: no visible global function definition for ‘optim’
    mle_restricted: no visible global function definition for ‘optim’
    rhyperdirichlet: no visible global function definition for ‘runif’
    triplot: no visible global function definition for ‘quantile’
    triplot: no visible global function definition for ‘image’
    triplot: no visible global function definition for ‘contour’
    triplot: no visible global function definition for ‘segments’
    triplot: no visible global function definition for ‘text’
    Undefined global functions or variables:
     contour cov image nlm optim quantile runif segments text
    Consider adding
     importFrom("graphics", "contour", "image", "segments", "text")
     importFrom("stats", "cov", "nlm", "optim", "quantile", "runif")
    to your NAMESPACE file.
Flavors: r-devel-linux-x86_64-debian-gcc, r-devel-linux-x86_64-fedora-clang, r-devel-linux-x86_64-fedora-gcc, r-devel-osx-x86_64-clang, r-devel-windows-ix86+x86_64, r-patched-linux-x86_64, r-patched-solaris-sparc, r-patched-solaris-x86, r-release-linux-x86_64, r-release-osx-x86_64-mavericks, r-release-windows-ix86+x86_64