CRAN Package Check Results for Package hyperdirichlet

Last updated on 2016-08-25 15:47:24.

Flavor Version Tinstall Tcheck Ttotal Status Flags
r-devel-linux-x86_64-debian-clang 1.4-9 1.63 38.67 40.30 NOTE
r-devel-linux-x86_64-debian-gcc 1.4-9 1.82 37.83 39.65 NOTE
r-devel-linux-x86_64-fedora-clang 1.4-9 76.02 NOTE
r-devel-linux-x86_64-fedora-gcc 1.4-9 72.11 NOTE
r-devel-osx-x86_64-clang 1.4-9 64.92 NOTE
r-devel-windows-ix86+x86_64 1.4-9 7.00 72.00 79.00 NOTE
r-patched-linux-x86_64 1.4-9 1.83 36.45 38.28 NOTE
r-patched-solaris-sparc 1.4-9 433.30 NOTE
r-patched-solaris-x86 1.4-9 82.40 NOTE
r-release-linux-x86_64 1.4-9 1.76 37.14 38.90 NOTE
r-release-osx-x86_64-mavericks 1.4-9 NOTE
r-release-windows-ix86+x86_64 1.4-9 7.00 94.00 101.00 NOTE
r-oldrel-windows-ix86+x86_64 1.4-9 5.00 104.00 109.00 NOTE

Check Details

Version: 1.4-9
Check: DESCRIPTION meta-information
Result: NOTE
    Malformed Description field: should contain one or more complete sentences.
Flavors: r-devel-linux-x86_64-debian-clang, r-devel-linux-x86_64-debian-gcc, r-devel-linux-x86_64-fedora-clang, r-devel-linux-x86_64-fedora-gcc, r-devel-osx-x86_64-clang, r-devel-windows-ix86+x86_64, r-patched-linux-x86_64, r-patched-solaris-sparc, r-patched-solaris-x86, r-release-linux-x86_64, r-release-osx-x86_64-mavericks, r-release-windows-ix86+x86_64, r-oldrel-windows-ix86+x86_64

Version: 1.4-9
Check: R code for possible problems
Result: NOTE
    maxmult: no visible global function definition for ‘cov’
    maxmult: no visible global function definition for ‘nlm’
    maxmult: no visible global function definition for ‘optim’
    mle: no visible global function definition for ‘optim’
    mle_restricted: no visible global function definition for ‘optim’
    rhyperdirichlet: no visible global function definition for ‘runif’
    triplot: no visible global function definition for ‘quantile’
    triplot: no visible global function definition for ‘image’
    triplot: no visible global function definition for ‘contour’
    triplot: no visible global function definition for ‘segments’
    triplot: no visible global function definition for ‘text’
    Undefined global functions or variables:
     contour cov image nlm optim quantile runif segments text
    Consider adding
     importFrom("graphics", "contour", "image", "segments", "text")
     importFrom("stats", "cov", "nlm", "optim", "quantile", "runif")
    to your NAMESPACE file.
Flavors: r-devel-linux-x86_64-debian-clang, r-devel-linux-x86_64-debian-gcc, r-devel-linux-x86_64-fedora-clang, r-devel-linux-x86_64-fedora-gcc, r-devel-osx-x86_64-clang, r-devel-windows-ix86+x86_64, r-patched-linux-x86_64, r-patched-solaris-sparc, r-patched-solaris-x86, r-release-linux-x86_64, r-release-osx-x86_64-mavericks, r-release-windows-ix86+x86_64