CRAN Package Check Results for Package hyperdirichlet

Last updated on 2017-04-27 11:53:37.

Flavor Version Tinstall Tcheck Ttotal Status Flags
r-devel-linux-x86_64-debian-clang 1.5-0 1.76 42.54 44.29 WARN
r-devel-linux-x86_64-debian-gcc 1.5-0 1.88 42.57 44.45 WARN
r-devel-linux-x86_64-fedora-clang 1.5-0 84.47 WARN --no-stop-on-test-error
r-devel-linux-x86_64-fedora-gcc 1.5-0 96.08 WARN --no-stop-on-test-error
r-devel-windows-ix86+x86_64 1.5-0 6.00 110.00 116.00 WARN
r-patched-linux-x86_64 1.5-0 1.85 41.35 43.19 OK
r-patched-solaris-sparc 1.5-0 468.90 OK
r-patched-solaris-x86 1.5-0 94.40 OK
r-release-linux-x86_64 1.5-0 1.80 41.14 42.94 OK
r-release-windows-ix86+x86_64 1.5-0 6.00 92.00 98.00 OK
r-release-osx-x86_64 1.5-0 NOTE
r-oldrel-windows-ix86+x86_64 1.5-0 8.00 84.00 92.00 OK
r-oldrel-osx-x86_64 1.5-0 OK

Check Details

Version: 1.5-0
Check: for code/documentation mismatches
Result: WARN
    Functions or methods with usage in documentation object 'print' but not in code:
     print.hyperdirichlet
Flavors: r-devel-linux-x86_64-debian-clang, r-devel-linux-x86_64-debian-gcc, r-devel-windows-ix86+x86_64

Version: 1.5-0
Flags: --no-stop-on-test-error
Check: for code/documentation mismatches
Result: WARN
    Functions or methods with usage in documentation object 'print' but not in code:
     print.hyperdirichlet
Flavors: r-devel-linux-x86_64-fedora-clang, r-devel-linux-x86_64-fedora-gcc

Version: 1.5-0
Check: re-building of vignette outputs
Result: NOTE
    Error in re-building vignettes:
     ...
    
    Attaching package: ‘Brobdingnag’
    
    The following objects are masked from ‘package:base’:
    
     max, min, prod, range, sum
    
    Loading required package: hyperdirichlet
    Loading required package: abind
    Error in texi2dvi(file = file, pdf = TRUE, clean = clean, quiet = quiet, :
     Running 'texi2dvi' on 'correspondence.tex' failed.
    LaTeX errors:
    ! LaTeX Error: File `dsfont.sty' not found.
    
    Type X to quit or <RETURN> to proceed,
    or enter new name. (Default extension: sty)
    
    ! Emergency stop.
    <read *>
    
    l.4 \usepackage
     {bbm}^^M
    ! ==> Fatal error occurred, no output PDF file produced!
    Calls: buildVignettes -> texi2pdf -> texi2dvi
    Execution halted
Flavor: r-release-osx-x86_64