CRAN Package Check Results for Package hyperdirichlet

Last updated on 2016-05-26 21:49:29.

Flavor Version Tinstall Tcheck Ttotal Status Flags
r-devel-linux-x86_64-debian-gcc 1.4-9 1.80 36.73 38.53 NOTE
r-devel-linux-x86_64-fedora-clang 1.4-9 78.64 NOTE
r-devel-linux-x86_64-fedora-gcc 1.4-9 71.61 NOTE
r-devel-osx-x86_64-clang 1.4-9 84.28 NOTE
r-devel-windows-ix86+x86_64 1.4-9 5.00 88.00 93.00 NOTE
r-patched-linux-x86_64 1.4-9 1.62 36.72 38.33 NOTE
r-patched-solaris-sparc 1.4-9 435.60 NOTE
r-patched-solaris-x86 1.4-9 84.10 NOTE
r-release-linux-x86_64 1.4-9 1.56 36.54 38.10 NOTE
r-release-osx-x86_64-mavericks 1.4-9 NOTE
r-release-windows-ix86+x86_64 1.4-9 8.00 67.00 75.00 NOTE
r-oldrel-windows-ix86+x86_64 1.4-9 6.00 106.00 112.00 NOTE

Check Details

Version: 1.4-9
Check: DESCRIPTION meta-information
Result: NOTE
    Malformed Description field: should contain one or more complete sentences.
Flavors: r-devel-linux-x86_64-debian-gcc, r-devel-linux-x86_64-fedora-clang, r-devel-linux-x86_64-fedora-gcc, r-devel-osx-x86_64-clang, r-devel-windows-ix86+x86_64, r-patched-linux-x86_64, r-patched-solaris-sparc, r-patched-solaris-x86, r-release-linux-x86_64, r-release-osx-x86_64-mavericks, r-release-windows-ix86+x86_64, r-oldrel-windows-ix86+x86_64

Version: 1.4-9
Check: R code for possible problems
Result: NOTE
    maxmult: no visible global function definition for ‘cov’
    maxmult: no visible global function definition for ‘nlm’
    maxmult: no visible global function definition for ‘optim’
    mle: no visible global function definition for ‘optim’
    mle_restricted: no visible global function definition for ‘optim’
    rhyperdirichlet: no visible global function definition for ‘runif’
    triplot: no visible global function definition for ‘quantile’
    triplot: no visible global function definition for ‘image’
    triplot: no visible global function definition for ‘contour’
    triplot: no visible global function definition for ‘segments’
    triplot: no visible global function definition for ‘text’
    Undefined global functions or variables:
     contour cov image nlm optim quantile runif segments text
    Consider adding
     importFrom("graphics", "contour", "image", "segments", "text")
     importFrom("stats", "cov", "nlm", "optim", "quantile", "runif")
    to your NAMESPACE file.
Flavors: r-devel-linux-x86_64-debian-gcc, r-devel-linux-x86_64-fedora-clang, r-devel-linux-x86_64-fedora-gcc, r-devel-osx-x86_64-clang, r-devel-windows-ix86+x86_64, r-patched-linux-x86_64, r-patched-solaris-sparc, r-patched-solaris-x86, r-release-linux-x86_64, r-release-osx-x86_64-mavericks, r-release-windows-ix86+x86_64