CRAN Package Check Results for Package hyperdirichlet

Last updated on 2015-05-24 19:47:55.

Flavor Version Tinstall Tcheck Ttotal Status Flags
r-devel-linux-x86_64-debian-clang 1.4-9 1.84 42.30 44.14 NOTE
r-devel-linux-x86_64-debian-gcc 1.4-9 1.70 40.75 42.45 NOTE
r-devel-linux-x86_64-fedora-clang 1.4-9 92.04 NOTE
r-devel-linux-x86_64-fedora-gcc 1.4-9 85.74 NOTE
r-devel-osx-x86_64-clang 1.4-9 93.13 NOTE
r-devel-windows-ix86+x86_64 1.4-9 7.00 66.00 73.00 NOTE
r-patched-linux-x86_64 1.4-9 1.68 40.77 42.45 NOTE
r-patched-solaris-sparc 1.4-9 543.30 NOTE
r-patched-solaris-x86 1.4-9 106.30 NOTE
r-release-linux-x86_64 1.4-9 1.71 41.75 43.46 NOTE
r-release-osx-x86_64-mavericks 1.4-9 NOTE
r-release-osx-x86_64-snowleopard 1.4-9 NOTE
r-release-windows-ix86+x86_64 1.4-9 6.00 58.00 64.00 NOTE
r-oldrel-windows-ix86+x86_64 1.4-9 8.00 110.00 118.00 OK

Check Details

Version: 1.4-9
Check: DESCRIPTION meta-information
Result: NOTE
    Malformed Description field: should contain one or more complete sentences.
Flavors: r-devel-linux-x86_64-debian-clang, r-devel-linux-x86_64-debian-gcc, r-devel-linux-x86_64-fedora-clang, r-devel-linux-x86_64-fedora-gcc, r-devel-osx-x86_64-clang, r-devel-windows-ix86+x86_64, r-patched-linux-x86_64, r-patched-solaris-sparc, r-patched-solaris-x86, r-release-linux-x86_64, r-release-osx-x86_64-mavericks, r-release-osx-x86_64-snowleopard, r-release-windows-ix86+x86_64