CRAN Package Check Results for Package hyperdirichlet

Last updated on 2017-03-27 18:49:50.

Flavor Version Tinstall Tcheck Ttotal Status Flags
r-devel-linux-x86_64-debian-clang 1.4-9 1.78 42.66 44.43 NOTE
r-devel-linux-x86_64-debian-gcc 1.4-9 2.04 41.08 43.12 NOTE
r-devel-linux-x86_64-fedora-clang 1.4-9 82.77 NOTE --no-stop-on-test-error
r-devel-linux-x86_64-fedora-gcc 1.4-9 93.68 NOTE --no-stop-on-test-error
r-devel-macos-x86_64-clang 1.4-9 68.06 NOTE --no-stop-on-test-error
r-devel-windows-ix86+x86_64 1.4-9 7.00 87.00 94.00 NOTE
r-patched-linux-x86_64 1.4-9 1.82 41.26 43.09 NOTE
r-patched-solaris-sparc 1.4-9 495.50 NOTE
r-patched-solaris-x86 1.4-9 96.90 NOTE
r-release-linux-x86_64 1.4-9 1.85 39.10 40.95 NOTE
r-release-osx-x86_64-mavericks 1.4-9 NOTE
r-release-windows-ix86+x86_64 1.4-9 8.00 90.00 98.00 NOTE
r-oldrel-windows-ix86+x86_64 1.4-9 6.00 100.00 106.00 NOTE

Check Details

Version: 1.4-9
Check: DESCRIPTION meta-information
Result: NOTE
    Malformed Description field: should contain one or more complete sentences.
Flavors: r-devel-linux-x86_64-debian-clang, r-devel-linux-x86_64-debian-gcc, r-devel-windows-ix86+x86_64, r-patched-linux-x86_64, r-patched-solaris-sparc, r-patched-solaris-x86, r-release-linux-x86_64, r-release-osx-x86_64-mavericks, r-release-windows-ix86+x86_64, r-oldrel-windows-ix86+x86_64

Version: 1.4-9
Check: R code for possible problems
Result: NOTE
    maxmult: no visible global function definition for ‘cov’
    maxmult: no visible global function definition for ‘nlm’
    maxmult: no visible global function definition for ‘optim’
    mle: no visible global function definition for ‘optim’
    mle_restricted: no visible global function definition for ‘optim’
    rhyperdirichlet: no visible global function definition for ‘runif’
    triplot: no visible global function definition for ‘quantile’
    triplot: no visible global function definition for ‘image’
    triplot: no visible global function definition for ‘contour’
    triplot: no visible global function definition for ‘segments’
    triplot: no visible global function definition for ‘text’
    Undefined global functions or variables:
     contour cov image nlm optim quantile runif segments text
    Consider adding
     importFrom("graphics", "contour", "image", "segments", "text")
     importFrom("stats", "cov", "nlm", "optim", "quantile", "runif")
    to your NAMESPACE file.
Flavors: r-devel-linux-x86_64-debian-clang, r-devel-linux-x86_64-debian-gcc, r-devel-windows-ix86+x86_64, r-patched-linux-x86_64, r-patched-solaris-sparc, r-patched-solaris-x86, r-release-linux-x86_64, r-release-osx-x86_64-mavericks, r-release-windows-ix86+x86_64

Version: 1.4-9
Flags: --no-stop-on-test-error
Check: DESCRIPTION meta-information
Result: NOTE
    Malformed Description field: should contain one or more complete sentences.
Flavors: r-devel-linux-x86_64-fedora-clang, r-devel-linux-x86_64-fedora-gcc, r-devel-macos-x86_64-clang

Version: 1.4-9
Flags: --no-stop-on-test-error
Check: R code for possible problems
Result: NOTE
    maxmult: no visible global function definition for ‘cov’
    maxmult: no visible global function definition for ‘nlm’
    maxmult: no visible global function definition for ‘optim’
    mle: no visible global function definition for ‘optim’
    mle_restricted: no visible global function definition for ‘optim’
    rhyperdirichlet: no visible global function definition for ‘runif’
    triplot: no visible global function definition for ‘quantile’
    triplot: no visible global function definition for ‘image’
    triplot: no visible global function definition for ‘contour’
    triplot: no visible global function definition for ‘segments’
    triplot: no visible global function definition for ‘text’
    Undefined global functions or variables:
     contour cov image nlm optim quantile runif segments text
    Consider adding
     importFrom("graphics", "contour", "image", "segments", "text")
     importFrom("stats", "cov", "nlm", "optim", "quantile", "runif")
    to your NAMESPACE file.
Flavors: r-devel-linux-x86_64-fedora-clang, r-devel-linux-x86_64-fedora-gcc, r-devel-macos-x86_64-clang