CRAN Package Check Results for Package hyperdirichlet

Last updated on 2015-04-27 21:46:34.

Flavor Version Tinstall Tcheck Ttotal Status Flags
r-devel-linux-x86_64-debian-clang 1.4-9 1.86 43.68 45.54 NOTE
r-devel-linux-x86_64-debian-gcc 1.4-9 2.53 41.68 44.21 NOTE
r-devel-linux-x86_64-fedora-clang 1.4-9 92.83 NOTE
r-devel-linux-x86_64-fedora-gcc 1.4-9 87.43 NOTE
r-devel-osx-x86_64-clang 1.4-9 94.91 NOTE
r-devel-windows-ix86+x86_64 1.4-9 5.00 87.00 92.00 NOTE
r-patched-linux-x86_64 1.4-9 1.76 43.27 45.02 NOTE
r-patched-solaris-sparc 1.4-9 567.80 NOTE
r-patched-solaris-x86 1.4-9 106.90 NOTE
r-release-linux-x86_64 1.4-9 1.82 40.79 42.62 NOTE
r-release-osx-x86_64-mavericks 1.4-9 NOTE
r-release-osx-x86_64-snowleopard 1.4-9 NOTE
r-release-windows-ix86+x86_64 1.4-9 7.00 76.00 83.00 NOTE
r-oldrel-windows-ix86+x86_64 1.4-9 6.00 91.00 97.00 OK

Check Details

Version: 1.4-9
Check: DESCRIPTION meta-information
Result: NOTE
    Malformed Description field: should contain one or more complete sentences.
Flavors: r-devel-linux-x86_64-debian-clang, r-devel-linux-x86_64-debian-gcc, r-devel-linux-x86_64-fedora-clang, r-devel-linux-x86_64-fedora-gcc, r-devel-osx-x86_64-clang, r-devel-windows-ix86+x86_64, r-patched-solaris-sparc, r-patched-solaris-x86, r-release-linux-x86_64, r-release-osx-x86_64-mavericks, r-release-osx-x86_64-snowleopard, r-release-windows-ix86+x86_64