CRAN Package Check Results for Package hypergeo

Last updated on 2015-08-04 14:48:03.

Flavor Version Tinstall Tcheck Ttotal Status Flags
r-devel-linux-x86_64-debian-clang 1.2-9 0.76 23.14 23.89 NOTE
r-devel-linux-x86_64-debian-gcc 1.2-9 0.68 22.50 23.18 NOTE
r-devel-linux-x86_64-fedora-clang 1.2-9 44.83 NOTE
r-devel-linux-x86_64-fedora-gcc 1.2-9 43.15 NOTE
r-devel-osx-x86_64-clang 1.2-9 43.70 NOTE
r-devel-windows-ix86+x86_64 1.2-9 4.00 60.00 64.00 NOTE
r-patched-linux-x86_64 1.2-9 0.72 23.14 23.86 NOTE
r-patched-solaris-sparc 1.2-9 362.60 NOTE
r-patched-solaris-x86 1.2-9 71.80 NOTE
r-release-linux-x86_64 1.2-9 0.88 23.90 24.77 NOTE
r-release-osx-x86_64-mavericks 1.2-9 NOTE
r-release-windows-ix86+x86_64 1.2-9 5.00 65.00 70.00 NOTE
r-oldrel-windows-ix86+x86_64 1.2-9 4.00 50.00 54.00 OK

Check Details

Version: 1.2-9
Check: DESCRIPTION meta-information
Result: NOTE
    Malformed Description field: should contain one or more complete sentences.
Flavors: r-devel-linux-x86_64-debian-clang, r-devel-linux-x86_64-debian-gcc, r-devel-linux-x86_64-fedora-clang, r-devel-linux-x86_64-fedora-gcc, r-devel-osx-x86_64-clang, r-devel-windows-ix86+x86_64, r-patched-linux-x86_64, r-patched-solaris-sparc, r-patched-solaris-x86, r-release-linux-x86_64, r-release-osx-x86_64-mavericks, r-release-windows-ix86+x86_64