CRAN Package Check Results for Package hypergeo

Last updated on 2015-04-26 19:47:20.

Flavor Version Tinstall Tcheck Ttotal Status Flags
r-devel-linux-x86_64-debian-clang 1.2-9 0.73 23.80 24.52 NOTE
r-devel-linux-x86_64-debian-gcc 1.2-9 0.72 24.88 25.59 NOTE
r-devel-linux-x86_64-fedora-clang 1.2-9 47.65 NOTE
r-devel-linux-x86_64-fedora-gcc 1.2-9 46.33 NOTE
r-devel-osx-x86_64-clang 1.2-9 51.12 NOTE
r-devel-windows-ix86+x86_64 1.2-9 3.00 39.00 42.00 NOTE
r-patched-linux-x86_64 1.2-9 0.72 23.97 24.70 NOTE
r-patched-solaris-sparc 1.2-9 376.40 NOTE
r-patched-solaris-x86 1.2-9 70.80 NOTE
r-release-linux-x86_64 1.2-9 0.75 23.75 24.50 NOTE
r-release-osx-x86_64-mavericks 1.2-9 NOTE
r-release-osx-x86_64-snowleopard 1.2-9 NOTE
r-release-windows-ix86+x86_64 1.2-9 3.00 36.00 39.00 NOTE
r-oldrel-windows-ix86+x86_64 1.2-9 3.00 59.00 62.00 OK

Check Details

Version: 1.2-9
Check: DESCRIPTION meta-information
Result: NOTE
    Malformed Description field: should contain one or more complete sentences.
Flavors: r-devel-linux-x86_64-debian-clang, r-devel-linux-x86_64-fedora-clang, r-devel-linux-x86_64-fedora-gcc, r-devel-osx-x86_64-clang, r-devel-windows-ix86+x86_64, r-patched-solaris-sparc, r-patched-solaris-x86, r-release-osx-x86_64-mavericks, r-release-osx-x86_64-snowleopard, r-release-windows-ix86+x86_64