CRAN Package Check Results for Package hypergeo

Last updated on 2015-03-29 08:49:11.

Flavor Version Tinstall Tcheck Ttotal Status Flags
r-devel-linux-x86_64-debian-clang 1.2-9 0.81 23.97 24.78 NOTE
r-devel-linux-x86_64-debian-gcc 1.2-9 0.94 23.53 24.46 NOTE
r-devel-linux-x86_64-fedora-clang 1.2-9 47.42 NOTE
r-devel-linux-x86_64-fedora-gcc 1.2-9 48.27 NOTE
r-devel-osx-x86_64-clang 1.2-9 56.67 NOTE
r-prerel-windows-ix86+x86_64 1.2-9 6.00 38.00 44.00 NOTE
r-prerel-linux-x86_64 1.2-9 0.71 23.88 24.59 NOTE
r-prerel-solaris-sparc 1.2-9 376.40 NOTE
r-prerel-solaris-x86 1.2-9 70.50 NOTE
r-release-linux-x86_64 1.2-9 0.84 27.30 28.14 OK
r-release-osx-x86_64-mavericks 1.2-9 OK
r-release-osx-x86_64-snowleopard 1.2-9 OK
r-release-windows-ix86+x86_64 1.2-9 4.00 49.00 53.00 OK
r-oldrel-windows-ix86+x86_64 1.2-5 3.00 26.00 29.00 OK

Check Details

Version: 1.2-9
Check: DESCRIPTION meta-information
Result: NOTE
    Malformed Description field: should contain one or more complete sentences.
Flavors: r-devel-linux-x86_64-debian-clang, r-devel-linux-x86_64-debian-gcc, r-devel-linux-x86_64-fedora-clang, r-devel-linux-x86_64-fedora-gcc, r-devel-osx-x86_64-clang, r-prerel-windows-ix86+x86_64, r-prerel-linux-x86_64, r-prerel-solaris-sparc, r-prerel-solaris-x86