CRAN Package Check Results for Package hypergeo

Last updated on 2014-12-23 01:49:04.

Flavor Version Tinstall Tcheck Ttotal Status Flags
r-devel-linux-x86_64-debian-clang 1.2-9 0.86 26.46 27.32 OK
r-devel-linux-x86_64-debian-gcc 1.2-9 0.81 26.29 27.10 OK
r-devel-linux-x86_64-fedora-clang 1.2-9 52.83 OK
r-devel-linux-x86_64-fedora-gcc 1.2-9 52.20 OK
r-devel-osx-x86_64-clang 1.2-9 54.47 OK
r-devel-windows-ix86+x86_64 1.2-9 4.00 40.00 44.00 OK
r-patched-linux-x86_64 1.2-9 0.86 27.02 27.89 OK
r-patched-solaris-sparc 1.2-9 386.30 OK
r-patched-solaris-x86 1.2-9 79.50 OK
r-release-linux-ix86 1.2-9 1.24 38.75 39.98 OK
r-release-linux-x86_64 1.2-9 0.85 26.80 27.65 OK
r-release-osx-x86_64-mavericks 1.2-9 NOTE
r-release-osx-x86_64-snowleopard 1.2-9 OK
r-release-windows-ix86+x86_64 1.2-9 4.00 41.00 45.00 OK
r-oldrel-windows-ix86+x86_64 1.2-5 3.00 26.00 29.00 OK

Check Details

Version: 1.2-9
Check: re-building of vignette outputs
Result: NOTE
    Error in re-building vignettes:
     ...
    Loading required package: hypergeo
    Loading required package: elliptic
    
    Attaching package: ‘elliptic’
    
    The following object is masked from ‘package:stats’:
    
     sd
    
    The following object is masked from ‘package:base’:
    
     is.primitive
    
    Error in texi2dvi(file = file, pdf = TRUE, clean = clean, quiet = quiet, :
     Running 'texi2dvi' on 'hypergeometric.tex' failed.
    LaTeX errors:
    ! LaTeX Error: File `dsfont.sty' not found.
    
    Type X to quit or <RETURN> to proceed,
    or enter new name. (Default extension: sty)
    
    n_test/hypergeo/vignettes/hypergeometric.tex:4: ==> Fatal error occurred, no o
    utput PDF file produced!
    Calls: buildVignettes -> texi2pdf -> texi2dvi
    Execution halted
Flavor: r-release-osx-x86_64-mavericks