CRAN Package Check Results for Package hypergeo

Last updated on 2014-11-24 09:48:15.

Flavor Version Tinstall Tcheck Ttotal Status Flags
r-devel-linux-x86_64-debian-clang 1.2-9 0.85 26.18 27.03 OK
r-devel-linux-x86_64-debian-gcc 1.2-9 0.81 26.80 27.60 OK
r-devel-linux-x86_64-fedora-clang 1.2-9 52.89 OK
r-devel-linux-x86_64-fedora-gcc 1.2-9 51.72 OK
r-devel-osx-x86_64-clang 1.2-9 56.45 OK
r-devel-windows-ix86+x86_64 1.2-9 4.00 37.00 41.00 OK
r-patched-linux-x86_64 1.2-9 0.85 26.86 27.71 OK
r-patched-solaris-sparc 1.2-9 349.90 OK
r-patched-solaris-x86 1.2-9 77.60 OK
r-release-linux-ix86 1.2-9 1.25 38.93 40.18 OK
r-release-linux-x86_64 1.2-9 0.88 27.16 28.05 OK
r-release-osx-x86_64-mavericks 1.2-9 NOTE
r-release-osx-x86_64-snowleopard 1.2-9 OK
r-release-windows-ix86+x86_64 1.2-9 4.00 42.00 46.00 OK
r-oldrel-windows-ix86+x86_64 1.2-5 3.00 26.00 29.00 OK

Check Details

Version: 1.2-9
Check: re-building of vignette outputs
Result: NOTE
    Error in re-building vignettes:
     ...
    Loading required package: hypergeo
    Loading required package: elliptic
    
    Attaching package: ‘elliptic’
    
    The following object is masked from ‘package:stats’:
    
     sd
    
    The following object is masked from ‘package:base’:
    
     is.primitive
    
    Error in texi2dvi(file = file, pdf = TRUE, clean = clean, quiet = quiet, :
     Running 'texi2dvi' on 'hypergeometric.tex' failed.
    LaTeX errors:
    ! LaTeX Error: File `dsfont.sty' not found.
    
    Type X to quit or <RETURN> to proceed,
    or enter new name. (Default extension: sty)
    
    n_test/hypergeo/vignettes/hypergeometric.tex:4: ==> Fatal error occurred, no o
    utput PDF file produced!
    Calls: buildVignettes -> texi2pdf -> texi2dvi
    Execution halted
Flavor: r-release-osx-x86_64-mavericks