CRAN Package Check Results for Package hypergeo

Last updated on 2015-02-27 22:49:19.

Flavor Version Tinstall Tcheck Ttotal Status Flags
r-devel-linux-x86_64-debian-clang 1.2-9 0.72 24.54 25.26 NOTE
r-devel-linux-x86_64-debian-gcc 1.2-9 0.70 23.59 24.30 NOTE
r-devel-linux-x86_64-fedora-clang 1.2-9 48.38 NOTE
r-devel-linux-x86_64-fedora-gcc 1.2-9 44.79 NOTE
r-devel-osx-x86_64-clang 1.2-9 51.85 NOTE
r-devel-windows-ix86+x86_64 1.2-9 5.00 37.00 42.00 NOTE
r-patched-linux-x86_64 1.2-9 1.20 27.10 28.29 OK
r-patched-solaris-sparc 1.2-9 386.40 OK
r-release-linux-ix86 1.2-9 1.23 45.04 46.27 OK
r-release-linux-x86_64 1.2-9 0.85 26.72 27.58 OK
r-release-osx-x86_64-mavericks 1.2-9 OK
r-release-osx-x86_64-snowleopard 1.2-9 OK
r-release-windows-ix86+x86_64 1.2-9 3.00 46.00 49.00 OK
r-oldrel-windows-ix86+x86_64 1.2-5 3.00 26.00 29.00 OK

Check Details

Version: 1.2-9
Check: DESCRIPTION meta-information
Result: NOTE
    Malformed Description field: should contain one or more complete sentences.
Flavors: r-devel-linux-x86_64-debian-clang, r-devel-linux-x86_64-debian-gcc, r-devel-linux-x86_64-fedora-clang, r-devel-linux-x86_64-fedora-gcc, r-devel-osx-x86_64-clang, r-devel-windows-ix86+x86_64