CRAN Package Check Results for Package hypergeo

Last updated on 2017-10-22 22:48:49.

Flavor Version Tinstall Tcheck Ttotal Status Flags
r-devel-linux-x86_64-debian-clang 1.2-13 0.85 27.48 28.32 OK
r-devel-linux-x86_64-debian-gcc 1.2-13 1.17 27.99 29.16 OK
r-devel-linux-x86_64-fedora-clang 1.2-13 54.44 OK
r-devel-linux-x86_64-fedora-gcc 1.2-13 53.97 OK
r-devel-windows-ix86+x86_64 1.2-13 4.00 79.00 83.00 OK
r-patched-linux-x86_64 1.2-13 0.86 27.36 28.23 OK
r-patched-solaris-x86 1.2-13 71.50 OK
r-release-linux-x86_64 1.2-13 0.92 27.48 28.40 OK
r-release-windows-ix86+x86_64 1.2-13 4.00 80.00 84.00 OK
r-release-osx-x86_64 1.2-13 NOTE
r-oldrel-windows-ix86+x86_64 1.2-13 3.00 65.00 68.00 OK
r-oldrel-osx-x86_64 1.2-13 OK

Check Details

Version: 1.2-13
Check: re-building of vignette outputs
Result: NOTE
    Error in re-building vignettes:
     ...
    
    The following objects are masked from ‘package:stats’:
    
     sd, sigma
    
    The following object is masked from ‘package:base’:
    
     is.primitive
    
    Error in texi2dvi(file = file, pdf = TRUE, clean = clean, quiet = quiet, :
     Running 'texi2dvi' on 'hypergeometric.tex' failed.
    LaTeX errors:
    ! LaTeX Error: File `dsfont.sty' not found.
    
    Type X to quit or <RETURN> to proceed,
    or enter new name. (Default extension: sty)
    
    ! Emergency stop.
    <read *>
    
    l.4 \usepackage
     {bbm}^^M
    ! ==> Fatal error occurred, no output PDF file produced!
    Calls: buildVignettes -> texi2pdf -> texi2dvi
    Execution halted
Flavor: r-release-osx-x86_64