CRAN Package Check Results for Package hypergeo

Last updated on 2017-04-28 23:52:22.

Flavor Version Tinstall Tcheck Ttotal Status Flags
r-devel-linux-x86_64-debian-clang 1.2-13 0.97 27.56 28.53 OK
r-devel-linux-x86_64-debian-gcc 1.2-13 0.92 27.31 28.23 OK
r-devel-linux-x86_64-fedora-clang 1.2-13 52.05 OK --no-stop-on-test-error
r-devel-linux-x86_64-fedora-gcc 1.2-13 59.56 OK --no-stop-on-test-error
r-devel-windows-ix86+x86_64 1.2-13 2.00 76.00 78.00 OK
r-patched-linux-x86_64 1.2-13 0.89 27.70 28.59 OK
r-patched-solaris-sparc 1.2-13 343.40 OK
r-patched-solaris-x86 1.2-13 68.30 OK
r-release-linux-x86_64 1.2-13 0.93 27.26 28.18 OK
r-release-windows-ix86+x86_64 1.2-13 5.00 80.00 85.00 OK
r-release-osx-x86_64 1.2-13 NOTE
r-oldrel-windows-ix86+x86_64 1.2-13 4.00 54.00 58.00 OK
r-oldrel-osx-x86_64 1.2-13 OK

Check Details

Version: 1.2-13
Check: re-building of vignette outputs
Result: NOTE
    Error in re-building vignettes:
     ...
    
    The following objects are masked from ‘package:stats’:
    
     sd, sigma
    
    The following object is masked from ‘package:base’:
    
     is.primitive
    
    Error in texi2dvi(file = file, pdf = TRUE, clean = clean, quiet = quiet, :
     Running 'texi2dvi' on 'hypergeometric.tex' failed.
    LaTeX errors:
    ! LaTeX Error: File `dsfont.sty' not found.
    
    Type X to quit or <RETURN> to proceed,
    or enter new name. (Default extension: sty)
    
    ! Emergency stop.
    <read *>
    
    l.4 \usepackage
     {bbm}^^M
    ! ==> Fatal error occurred, no output PDF file produced!
    Calls: buildVignettes -> texi2pdf -> texi2dvi
    Execution halted
Flavor: r-release-osx-x86_64