CRAN Package Check Results for Package hypergeo

Last updated on 2015-05-27 11:49:24.

Flavor Version Tinstall Tcheck Ttotal Status Flags
r-devel-linux-x86_64-debian-clang 1.2-9 0.73 23.64 24.37 NOTE
r-devel-linux-x86_64-debian-gcc 1.2-9 0.72 23.57 24.28 NOTE
r-devel-linux-x86_64-fedora-clang 1.2-9 46.57 NOTE
r-devel-linux-x86_64-fedora-gcc 1.2-9 45.39 NOTE
r-devel-osx-x86_64-clang 1.2-9 51.32 NOTE
r-devel-windows-ix86+x86_64 1.2-9 3.00 38.00 41.00 NOTE
r-patched-linux-x86_64 1.2-9 0.70 23.37 24.08 NOTE
r-patched-solaris-sparc 1.2-9 365.60 NOTE
r-patched-solaris-x86 1.2-9 71.80 NOTE
r-release-linux-x86_64 1.2-9 0.72 23.78 24.50 NOTE
r-release-osx-x86_64-mavericks 1.2-9 NOTE
r-release-osx-x86_64-snowleopard 1.2-9 NOTE
r-release-windows-ix86+x86_64 1.2-9 3.00 37.00 40.00 NOTE
r-oldrel-windows-ix86+x86_64 1.2-9 3.00 68.00 71.00 OK

Check Details

Version: 1.2-9
Check: DESCRIPTION meta-information
Result: NOTE
    Malformed Description field: should contain one or more complete sentences.
Flavors: r-devel-linux-x86_64-debian-clang, r-devel-linux-x86_64-debian-gcc, r-devel-linux-x86_64-fedora-clang, r-devel-linux-x86_64-fedora-gcc, r-devel-osx-x86_64-clang, r-devel-windows-ix86+x86_64, r-patched-linux-x86_64, r-patched-solaris-sparc, r-patched-solaris-x86, r-release-linux-x86_64, r-release-osx-x86_64-mavericks, r-release-osx-x86_64-snowleopard, r-release-windows-ix86+x86_64