CRAN Package Check Results for Package hyperoverlap

Last updated on 2022-06-30 18:49:50 CEST.

Flavor Version Tinstall Tcheck Ttotal Status Flags
r-devel-linux-x86_64-debian-clang 1.1.1 6.10 73.68 79.78 OK
r-devel-linux-x86_64-debian-gcc 1.1.1 5.96 56.35 62.31 OK
r-devel-linux-x86_64-fedora-clang 1.1.1 106.11 NOTE
r-devel-linux-x86_64-fedora-gcc 1.1.1 103.01 OK
r-devel-windows-x86_64 1.1.1 36.00 102.00 138.00 NOTE
r-patched-linux-x86_64 1.1.1 6.52 70.95 77.47 OK
r-release-linux-x86_64 1.1.1 7.07 72.64 79.71 OK
r-release-macos-arm64 1.1.1 32.00 NOTE
r-release-macos-x86_64 1.1.1 59.00 NOTE
r-release-windows-x86_64 1.1.1 31.00 112.00 143.00 NOTE
r-oldrel-macos-arm64 1.1.1 33.00 NOTE
r-oldrel-macos-x86_64 1.1.1 40.00 NOTE
r-oldrel-windows-ix86+x86_64 1.1.1 18.00 90.00 108.00 NOTE

Check Details

Version: 1.1.1
Check: installed package size
Result: NOTE
     installed size is 6.5Mb
     sub-directories of 1Mb or more:
     doc 6.3Mb
Flavors: r-devel-linux-x86_64-fedora-clang, r-devel-windows-x86_64, r-release-macos-arm64, r-release-macos-x86_64, r-release-windows-x86_64, r-oldrel-macos-arm64, r-oldrel-macos-x86_64, r-oldrel-windows-ix86+x86_64

Version: 1.1.1
Check: package dependencies
Result: NOTE
    Package suggested but not available for checking: ‘webshot2’
Flavors: r-release-macos-arm64, r-release-macos-x86_64, r-oldrel-macos-arm64, r-oldrel-macos-x86_64