CRAN Package Check Results for Package hypervolume

Last updated on 2022-01-24 17:49:58 CET.

Flavor Version Tinstall Tcheck Ttotal Status Flags
r-devel-linux-x86_64-debian-clang 3.0.1 78.31 451.24 529.55 OK
r-devel-linux-x86_64-debian-gcc 3.0.1 59.07 332.21 391.28 OK
r-devel-linux-x86_64-fedora-clang 3.0.1 641.85 NOTE
r-devel-linux-x86_64-fedora-gcc 3.0.1 658.23 OK
r-devel-windows-x86_64-new-UL 3.0.1 202.00 488.00 690.00 OK
r-devel-windows-x86_64-new-TK 3.0.1 OK
r-patched-linux-x86_64 3.0.1 47.94 423.29 471.23 OK
r-release-linux-x86_64 3.0.1 54.63 423.93 478.56 OK
r-release-macos-arm64 3.0.1 OK
r-release-macos-x86_64 3.0.1 WARN --as-cran
r-release-windows-ix86+x86_64 3.0.1 184.00 670.00 854.00 OK
r-oldrel-macos-x86_64 3.0.0 OK
r-oldrel-windows-ix86+x86_64 3.0.1 187.00 689.00 876.00 OK

Check Details

Version: 3.0.1
Check: package dependencies
Result: NOTE
    Imports includes 22 non-default packages.
    Importing from so many packages makes the package vulnerable to any of
    them becoming unavailable. Move as many as possible to Suggests and
    use conditionally.
Flavor: r-devel-linux-x86_64-fedora-clang

Version: 3.0.1
Flags: --as-cran
Check: CRAN incoming feasibility
Result: WARN
    Maintainer: ‘Benjamin Blonder <benjamin.blonder@berkeley.edu>’
    
    Insufficient package version (submitted: 3.0.1, existing: 3.0.1)
    
    Days since last update: 1
Flavor: r-release-macos-x86_64

Version: 3.0.1
Flags: --as-cran
Check: package dependencies
Result: NOTE
    Imports includes 22 non-default packages.
    Importing from so many packages makes the package vulnerable to any of
    them becoming unavailable. Move as many as possible to Suggests and
    use conditionally.
Flavor: r-release-macos-x86_64

Version: 3.0.1
Flags: --as-cran
Check: examples
Result: NOTE
    Examples with CPU (user + system) or elapsed time > 5s
     user system elapsed
    hypervolume_segment 3.955 1.172 5.131
Flavor: r-release-macos-x86_64